{"id":31954,"date":"2023-02-02T08:49:51","date_gmt":"2023-02-02T07:49:51","guid":{"rendered":"https:\/\/hijasdejesus.org\/events\/founding-inspiration-for-the-rosarillo\/"},"modified":"2023-05-31T17:24:06","modified_gmt":"2023-05-31T15:24:06","slug":"founding-inspiration-for-the-rosarillo","status":"publish","type":"mec-events","link":"https:\/\/hijasdejesus.org\/en\/events\/founding-inspiration-for-the-rosarillo\/","title":{"rendered":"Foundational inspiration in the Rosarillo"},"content":{"rendered":"<p>Mother Candida tells us what happened on April 2, 1869.<\/p>\n<p>&#8220;That day I prayed and waited before the altar of the Holy Family in the church of Rosarillo in Valladolid, where I worked serving in the house of the Lords of Sabater. Suddenly, as if a radiant light had been kindled in my heart, I understood clearly that I had to <em>found a new Congregation with the title of Daughters of Jesus, dedicated to the salvation of souls through the education and instruction of children and youth<\/em>.<\/p>\n<p>I was as if out of my mind, not being able to understand how that could be possible, and it seemed to me that Our Lady was repeating it in my ear over and over again&#8221;.<\/p>\n<p>(From the book &#8220;Donde Dios te llame&#8221; (Where God calls you), by M\u00aa del Carmen de Fr\u00edas Tomero, FI).<\/p>\n<p>Would you like to know where the Rosarillo altar is today? Click <a href=\"https:\/\/www.youtube.com\/watch?v=Oi1lMmUeA_o\" target=\"_blank\" rel=\"noopener\">HERE.<\/a><\/p>\n<p>Publications of April 2:<\/p>\n<ul>\n<li><a href=\"https:\/\/hijasdejesus.org\/en\/april-2nd-breathe-contemplate\/\" target=\"_blank\" rel=\"noopener\">April 2: breathe, contemplate<\/a><\/li>\n<li><a href=\"https:\/\/hijasdejesus.org\/en\/april-2-thankful-memory-day\/\">Grateful memory<\/a><\/li>\n<li><a href=\"https:\/\/hijasdejesus.org\/dejarse-afectar-150-anos-del-rosarillo-en-espana-italia\/\">On the 150th anniversary of Rosarillo<\/a><\/li>\n<li><a href=\"https:\/\/hijasdejesus.org\/en\/april-2-1869-by-teresa-zugazabeitia-fi\/\" target=\"_blank\" rel=\"noopener\">God communicates<\/a><\/li>\n<li><a href=\"https:\/\/hijasdejesus.org\/en\/rosarillo-valladolid-april-2-1869-good-friday\/\" target=\"_blank\" rel=\"noopener\">&#8220;Both and at the same time.&#8221;<\/a><\/li>\n<\/ul>\n","protected":false},"excerpt":{"rendered":"<p>Mother Candida tells us what happened on April 2, 1869. &#8220;That day I prayed and waited before the altar of the Holy Family in the church of Rosarillo in Valladolid, where I worked serving in the house of the Lords of Sabater. Suddenly, as if a radiant light had been kindled in my heart, I [&hellip;]<\/p>\n","protected":false},"author":28,"featured_media":0,"comment_status":"closed","ping_status":"closed","template":"","meta":{"_et_pb_use_builder":"","_et_pb_old_content":"","_et_gb_content_width":"","_links_to":"","_links_to_target":""},"tags":[],"mec_category":[868,869],"class_list":["post-31954","mec-events","type-mec-events","status-publish","hentry","mec_category-daughters-of-jesus","mec_category-mother-candida"],"yoast_head":"<!-- This site is optimized with the Yoast SEO plugin v27.5 - https:\/\/yoast.com\/product\/yoast-seo-wordpress\/ -->\n<title>Foundational inspiration in the Rosarillo - Hijas de Jes\u00fas<\/title>\n<meta name=\"robots\" content=\"index, follow, max-snippet:-1, max-image-preview:large, max-video-preview:-1\" \/>\n<link rel=\"canonical\" href=\"https:\/\/hijasdejesus.org\/en\/events\/founding-inspiration-for-the-rosarillo\/\" \/>\n<meta property=\"og:locale\" content=\"en_US\" \/>\n<meta property=\"og:type\" content=\"article\" \/>\n<meta property=\"og:title\" content=\"Foundational inspiration in the Rosarillo - Hijas de Jes\u00fas\" \/>\n<meta property=\"og:description\" content=\"Mother Candida tells us what happened on April 2, 1869. &#8220;That day I prayed and waited before the altar of the Holy Family in the church of Rosarillo in Valladolid, where I worked serving in the house of the Lords of Sabater. Suddenly, as if a radiant light had been kindled in my heart, I [&hellip;]\" \/>\n<meta property=\"og:url\" content=\"https:\/\/hijasdejesus.org\/en\/events\/founding-inspiration-for-the-rosarillo\/\" \/>\n<meta property=\"og:site_name\" content=\"Hijas de Jes\u00fas\" \/>\n<meta property=\"article:publisher\" content=\"https:\/\/www.facebook.com\/hijasdejesusenelmundo\/\" \/>\n<meta property=\"article:modified_time\" content=\"2023-05-31T15:24:06+00:00\" \/>\n<meta name=\"twitter:card\" content=\"summary_large_image\" \/>\n<meta name=\"twitter:site\" content=\"@hijasdjesus\" \/>\n<meta name=\"twitter:label1\" content=\"Est. reading time\" \/>\n\t<meta name=\"twitter:data1\" content=\"1 minute\" \/>\n<script type=\"application\/ld+json\" class=\"yoast-schema-graph\">{\"@context\":\"https:\\\/\\\/schema.org\",\"@graph\":[{\"@type\":\"WebPage\",\"@id\":\"https:\\\/\\\/hijasdejesus.org\\\/en\\\/events\\\/founding-inspiration-for-the-rosarillo\\\/\",\"url\":\"https:\\\/\\\/hijasdejesus.org\\\/en\\\/events\\\/founding-inspiration-for-the-rosarillo\\\/\",\"name\":\"Foundational inspiration in the Rosarillo - Hijas de Jes\u00fas\",\"isPartOf\":{\"@id\":\"https:\\\/\\\/hijasdejesus.org\\\/en\\\/#website\"},\"datePublished\":\"2023-02-02T07:49:51+00:00\",\"dateModified\":\"2023-05-31T15:24:06+00:00\",\"breadcrumb\":{\"@id\":\"https:\\\/\\\/hijasdejesus.org\\\/en\\\/events\\\/founding-inspiration-for-the-rosarillo\\\/#breadcrumb\"},\"inLanguage\":\"en-US\",\"potentialAction\":[{\"@type\":\"ReadAction\",\"target\":[\"https:\\\/\\\/hijasdejesus.org\\\/en\\\/events\\\/founding-inspiration-for-the-rosarillo\\\/\"]}]},{\"@type\":\"BreadcrumbList\",\"@id\":\"https:\\\/\\\/hijasdejesus.org\\\/en\\\/events\\\/founding-inspiration-for-the-rosarillo\\\/#breadcrumb\",\"itemListElement\":[{\"@type\":\"ListItem\",\"position\":1,\"name\":\"Portada\",\"item\":\"https:\\\/\\\/hijasdejesus.org\\\/en\\\/\"},{\"@type\":\"ListItem\",\"position\":2,\"name\":\"Events\",\"item\":\"https:\\\/\\\/hijasdejesus.org\\\/en\\\/events\\\/\"},{\"@type\":\"ListItem\",\"position\":3,\"name\":\"Foundational inspiration in the Rosarillo\"}]},{\"@type\":\"WebSite\",\"@id\":\"https:\\\/\\\/hijasdejesus.org\\\/en\\\/#website\",\"url\":\"https:\\\/\\\/hijasdejesus.org\\\/en\\\/\",\"name\":\"Hijas de Jes\u00fas\",\"description\":\"Despertamos a Jes\u00fas en el coraz\u00f3n, sacando lo mejor de las personas. Somos una congregaci\u00f3n religiosa ignaciana fundada por la Madre Candida\",\"publisher\":{\"@id\":\"https:\\\/\\\/hijasdejesus.org\\\/en\\\/#organization\"},\"potentialAction\":[{\"@type\":\"SearchAction\",\"target\":{\"@type\":\"EntryPoint\",\"urlTemplate\":\"https:\\\/\\\/hijasdejesus.org\\\/en\\\/?s={search_term_string}\"},\"query-input\":{\"@type\":\"PropertyValueSpecification\",\"valueRequired\":true,\"valueName\":\"search_term_string\"}}],\"inLanguage\":\"en-US\"},{\"@type\":\"Organization\",\"@id\":\"https:\\\/\\\/hijasdejesus.org\\\/en\\\/#organization\",\"name\":\"Hijas de Jes\u00fas\",\"url\":\"https:\\\/\\\/hijasdejesus.org\\\/en\\\/\",\"logo\":{\"@type\":\"ImageObject\",\"inLanguage\":\"en-US\",\"@id\":\"https:\\\/\\\/hijasdejesus.org\\\/en\\\/#\\\/schema\\\/logo\\\/image\\\/\",\"url\":\"https:\\\/\\\/hijasdejesus.org\\\/wp-content\\\/uploads\\\/2023\\\/01\\\/Hijas-de-Jesus_hor-A7C957.png\",\"contentUrl\":\"https:\\\/\\\/hijasdejesus.org\\\/wp-content\\\/uploads\\\/2023\\\/01\\\/Hijas-de-Jesus_hor-A7C957.png\",\"width\":700,\"height\":360,\"caption\":\"Hijas de Jes\u00fas\"},\"image\":{\"@id\":\"https:\\\/\\\/hijasdejesus.org\\\/en\\\/#\\\/schema\\\/logo\\\/image\\\/\"},\"sameAs\":[\"https:\\\/\\\/www.facebook.com\\\/hijasdejesusenelmundo\\\/\",\"https:\\\/\\\/x.com\\\/hijasdjesus\"]}]}<\/script>\n<!-- \/ Yoast SEO plugin. -->","yoast_head_json":{"title":"Foundational inspiration in the Rosarillo - Hijas de Jes\u00fas","robots":{"index":"index","follow":"follow","max-snippet":"max-snippet:-1","max-image-preview":"max-image-preview:large","max-video-preview":"max-video-preview:-1"},"canonical":"https:\/\/hijasdejesus.org\/en\/events\/founding-inspiration-for-the-rosarillo\/","og_locale":"en_US","og_type":"article","og_title":"Foundational inspiration in the Rosarillo - Hijas de Jes\u00fas","og_description":"Mother Candida tells us what happened on April 2, 1869. &#8220;That day I prayed and waited before the altar of the Holy Family in the church of Rosarillo in Valladolid, where I worked serving in the house of the Lords of Sabater. Suddenly, as if a radiant light had been kindled in my heart, I [&hellip;]","og_url":"https:\/\/hijasdejesus.org\/en\/events\/founding-inspiration-for-the-rosarillo\/","og_site_name":"Hijas de Jes\u00fas","article_publisher":"https:\/\/www.facebook.com\/hijasdejesusenelmundo\/","article_modified_time":"2023-05-31T15:24:06+00:00","twitter_card":"summary_large_image","twitter_site":"@hijasdjesus","twitter_misc":{"Est. reading time":"1 minute"},"schema":{"@context":"https:\/\/schema.org","@graph":[{"@type":"WebPage","@id":"https:\/\/hijasdejesus.org\/en\/events\/founding-inspiration-for-the-rosarillo\/","url":"https:\/\/hijasdejesus.org\/en\/events\/founding-inspiration-for-the-rosarillo\/","name":"Foundational inspiration in the Rosarillo - Hijas de Jes\u00fas","isPartOf":{"@id":"https:\/\/hijasdejesus.org\/en\/#website"},"datePublished":"2023-02-02T07:49:51+00:00","dateModified":"2023-05-31T15:24:06+00:00","breadcrumb":{"@id":"https:\/\/hijasdejesus.org\/en\/events\/founding-inspiration-for-the-rosarillo\/#breadcrumb"},"inLanguage":"en-US","potentialAction":[{"@type":"ReadAction","target":["https:\/\/hijasdejesus.org\/en\/events\/founding-inspiration-for-the-rosarillo\/"]}]},{"@type":"BreadcrumbList","@id":"https:\/\/hijasdejesus.org\/en\/events\/founding-inspiration-for-the-rosarillo\/#breadcrumb","itemListElement":[{"@type":"ListItem","position":1,"name":"Portada","item":"https:\/\/hijasdejesus.org\/en\/"},{"@type":"ListItem","position":2,"name":"Events","item":"https:\/\/hijasdejesus.org\/en\/events\/"},{"@type":"ListItem","position":3,"name":"Foundational inspiration in the Rosarillo"}]},{"@type":"WebSite","@id":"https:\/\/hijasdejesus.org\/en\/#website","url":"https:\/\/hijasdejesus.org\/en\/","name":"Hijas de Jes\u00fas","description":"Despertamos a Jes\u00fas en el coraz\u00f3n, sacando lo mejor de las personas. Somos una congregaci\u00f3n religiosa ignaciana fundada por la Madre Candida","publisher":{"@id":"https:\/\/hijasdejesus.org\/en\/#organization"},"potentialAction":[{"@type":"SearchAction","target":{"@type":"EntryPoint","urlTemplate":"https:\/\/hijasdejesus.org\/en\/?s={search_term_string}"},"query-input":{"@type":"PropertyValueSpecification","valueRequired":true,"valueName":"search_term_string"}}],"inLanguage":"en-US"},{"@type":"Organization","@id":"https:\/\/hijasdejesus.org\/en\/#organization","name":"Hijas de Jes\u00fas","url":"https:\/\/hijasdejesus.org\/en\/","logo":{"@type":"ImageObject","inLanguage":"en-US","@id":"https:\/\/hijasdejesus.org\/en\/#\/schema\/logo\/image\/","url":"https:\/\/hijasdejesus.org\/wp-content\/uploads\/2023\/01\/Hijas-de-Jesus_hor-A7C957.png","contentUrl":"https:\/\/hijasdejesus.org\/wp-content\/uploads\/2023\/01\/Hijas-de-Jesus_hor-A7C957.png","width":700,"height":360,"caption":"Hijas de Jes\u00fas"},"image":{"@id":"https:\/\/hijasdejesus.org\/en\/#\/schema\/logo\/image\/"},"sameAs":["https:\/\/www.facebook.com\/hijasdejesusenelmundo\/","https:\/\/x.com\/hijasdjesus"]}]}},"_links":{"self":[{"href":"https:\/\/hijasdejesus.org\/en\/wp-json\/wp\/v2\/mec-events\/31954","targetHints":{"allow":["GET"]}}],"collection":[{"href":"https:\/\/hijasdejesus.org\/en\/wp-json\/wp\/v2\/mec-events"}],"about":[{"href":"https:\/\/hijasdejesus.org\/en\/wp-json\/wp\/v2\/types\/mec-events"}],"author":[{"embeddable":true,"href":"https:\/\/hijasdejesus.org\/en\/wp-json\/wp\/v2\/users\/28"}],"replies":[{"embeddable":true,"href":"https:\/\/hijasdejesus.org\/en\/wp-json\/wp\/v2\/comments?post=31954"}],"wp:attachment":[{"href":"https:\/\/hijasdejesus.org\/en\/wp-json\/wp\/v2\/media?parent=31954"}],"wp:term":[{"taxonomy":"post_tag","embeddable":true,"href":"https:\/\/hijasdejesus.org\/en\/wp-json\/wp\/v2\/tags?post=31954"},{"taxonomy":"mec_category","embeddable":true,"href":"https:\/\/hijasdejesus.org\/en\/wp-json\/wp\/v2\/mec_category?post=31954"}],"curies":[{"name":"wp","href":"https:\/\/api.w.org\/{rel}","templated":true}]}}

<p>Mother Candida tells us what happened on April 2, 1869.</p>
<p>&#8220;That day I prayed and waited before the altar of the Holy Family in the church of Rosarillo in Valladolid, where I worked serving in the house of the Lords of Sabater. Suddenly, as if a radiant light had been kindled in my heart, I understood clearly that I had to <em>found a new Congregation with the title of Daughters of Jesus, dedicated to the salvation of souls through the education and instruction of children and youth</em>.</p>
<p>I was as if out of my mind, not being able to understand how that could be possible, and it seemed to me that Our Lady was repeating it in my ear over and over again&#8221;.</p>
<p>(From the book &#8220;Donde Dios te llame&#8221; (Where God calls you), by Mª del Carmen de Frías Tomero, FI).</p>
<p>Would you like to know where the Rosarillo altar is today? Click <a href="https://www.youtube.com/watch?v=Oi1lMmUeA_o" target="_blank" rel="noopener">HERE.</a></p>
<p>Publications of April 2:</p>
<ul>
<li><a href="https://hijasdejesus.org/en/april-2nd-breathe-contemplate/" target="_blank" rel="noopener">April 2: breathe, contemplate</a></li>
<li><a href="https://hijasdejesus.org/en/april-2-thankful-memory-day/">Grateful memory</a></li>
<li><a href="https://hijasdejesus.org/dejarse-afectar-150-anos-del-rosarillo-en-espana-italia/">On the 150th anniversary of Rosarillo</a></li>
<li><a href="https://hijasdejesus.org/en/april-2-1869-by-teresa-zugazabeitia-fi/" target="_blank" rel="noopener">God communicates</a></li>
<li><a href="https://hijasdejesus.org/en/rosarillo-valladolid-april-2-1869-good-friday/" target="_blank" rel="noopener">&#8220;Both and at the same time.&#8221;</a></li>
</ul>

<!-- This site is optimized with the Yoast SEO plugin v27.5 - https://yoast.com/product/yoast-seo-wordpress/ -->
<title>Foundational inspiration in the Rosarillo - Hijas de Jesús</title>
<meta name="robots" content="index, follow, max-snippet:-1, max-image-preview:large, max-video-preview:-1" />
<link rel="canonical" href="https://hijasdejesus.org/en/events/founding-inspiration-for-the-rosarillo/" />
<meta property="og:locale" content="en_US" />
<meta property="og:type" content="article" />
<meta property="og:title" content="Foundational inspiration in the Rosarillo - Hijas de Jesús" />
<meta property="og:description" content="Mother Candida tells us what happened on April 2, 1869. &#8220;That day I prayed and waited before the altar of the Holy Family in the church of Rosarillo in Valladolid, where I worked serving in the house of the Lords of Sabater. Suddenly, as if a radiant light had been kindled in my heart, I [&hellip;]" />
<meta property="og:url" content="https://hijasdejesus.org/en/events/founding-inspiration-for-the-rosarillo/" />
<meta property="og:site_name" content="Hijas de Jesús" />
<meta property="article:publisher" content="https://www.facebook.com/hijasdejesusenelmundo/" />
<meta property="article:modified_time" content="2023-05-31T15:24:06+00:00" />
<meta name="twitter:card" content="summary_large_image" />
<meta name="twitter:site" content="@hijasdjesus" />
<meta name="twitter:label1" content="Est. reading time" />
	<meta name="twitter:data1" content="1 minute" />
<script type="application/ld+json" class="yoast-schema-graph">{"@context":"https:\/\/schema.org","@graph":[{"@type":"WebPage","@id":"https:\/\/hijasdejesus.org\/en\/events\/founding-inspiration-for-the-rosarillo\/","url":"https:\/\/hijasdejesus.org\/en\/events\/founding-inspiration-for-the-rosarillo\/","name":"Foundational inspiration in the Rosarillo - Hijas de Jesús","isPartOf":{"@id":"https:\/\/hijasdejesus.org\/en\/#website"},"datePublished":"2023-02-02T07:49:51+00:00","dateModified":"2023-05-31T15:24:06+00:00","breadcrumb":{"@id":"https:\/\/hijasdejesus.org\/en\/events\/founding-inspiration-for-the-rosarillo\/#breadcrumb"},"inLanguage":"en-US","potentialAction":[{"@type":"ReadAction","target":["https:\/\/hijasdejesus.org\/en\/events\/founding-inspiration-for-the-rosarillo\/"]}]},{"@type":"BreadcrumbList","@id":"https:\/\/hijasdejesus.org\/en\/events\/founding-inspiration-for-the-rosarillo\/#breadcrumb","itemListElement":[{"@type":"ListItem","position":1,"name":"Portada","item":"https:\/\/hijasdejesus.org\/en\/"},{"@type":"ListItem","position":2,"name":"Events","item":"https:\/\/hijasdejesus.org\/en\/events\/"},{"@type":"ListItem","position":3,"name":"Foundational inspiration in the Rosarillo"}]},{"@type":"WebSite","@id":"https:\/\/hijasdejesus.org\/en\/#website","url":"https:\/\/hijasdejesus.org\/en\/","name":"Hijas de Jesús","description":"Despertamos a Jesús en el corazón, sacando lo mejor de las personas. Somos una congregación religiosa ignaciana fundada por la Madre Candida","publisher":{"@id":"https:\/\/hijasdejesus.org\/en\/#organization"},"potentialAction":[{"@type":"SearchAction","target":{"@type":"EntryPoint","urlTemplate":"https:\/\/hijasdejesus.org\/en\/?s={search_term_string}"},"query-input":{"@type":"PropertyValueSpecification","valueRequired":true,"valueName":"search_term_string"}}],"inLanguage":"en-US"},{"@type":"Organization","@id":"https:\/\/hijasdejesus.org\/en\/#organization","name":"Hijas de Jesús","url":"https:\/\/hijasdejesus.org\/en\/","logo":{"@type":"ImageObject","inLanguage":"en-US","@id":"https:\/\/hijasdejesus.org\/en\/#\/schema\/logo\/image\/","url":"https:\/\/hijasdejesus.org\/wp-content\/uploads\/2023\/01\/Hijas-de-Jesus_hor-A7C957.png","contentUrl":"https:\/\/hijasdejesus.org\/wp-content\/uploads\/2023\/01\/Hijas-de-Jesus_hor-A7C957.png","width":700,"height":360,"caption":"Hijas de Jesús"},"image":{"@id":"https:\/\/hijasdejesus.org\/en\/#\/schema\/logo\/image\/"},"sameAs":["https:\/\/www.facebook.com\/hijasdejesusenelmundo\/","https:\/\/x.com\/hijasdjesus"]}]}</script>
<!-- / Yoast SEO plugin. -->

Foundational inspiration in the Rosarillo - Hijas de Jesús

Hijas de Jesús

Despertamos a Jesús en el corazón, sacando lo mejor de las personas. Somos una congregación religiosa ignaciana fundada por la Madre Candida
