{"id":36447,"date":"2023-09-23T12:19:17","date_gmt":"2023-09-23T10:19:17","guid":{"rendered":"https:\/\/hijasdejesus.org\/events\/feast-of-our-lady-of-mercy-first-perpetual-vows-in-the-congregation\/"},"modified":"2023-09-23T12:19:17","modified_gmt":"2023-09-23T10:19:17","slug":"feast-of-our-lady-of-mercy-first-perpetual-vows-in-the-congregation","status":"publish","type":"mec-events","link":"https:\/\/hijasdejesus.org\/en\/events\/feast-of-our-lady-of-mercy-first-perpetual-vows-in-the-congregation\/","title":{"rendered":"Feast of Our Lady of Mercy &#8211; First Perpetual Vows in the Congregation"},"content":{"rendered":"<h4>On September 24, 1903, Mother Candida and 43 sisters professed perpetual vows in the Congregation, after having obtained pontifical approval on July 30, 1901, and on September 18, 1903, six days before profession, the approval of the Constitutions by Leo XIII, &#8220;<em>ad experimentum<\/em>&#8221; for three years.<\/h4>\n","protected":false},"excerpt":{"rendered":"<p>On September 24, 1903, Mother Candida and 43 sisters professed perpetual vows in the Congregation, after having obtained pontifical approval on July 30, 1901, and on September 18, 1903, six days before profession, the approval of the Constitutions by Leo XIII, &#8220;ad experimentum&#8221; for three years.<\/p>\n","protected":false},"author":7,"featured_media":0,"comment_status":"closed","ping_status":"closed","template":"","meta":{"_et_pb_use_builder":"","_et_pb_old_content":"","_et_gb_content_width":"","_links_to":"","_links_to_target":""},"tags":[],"mec_category":[868],"class_list":["post-36447","mec-events","type-mec-events","status-publish","hentry","mec_category-daughters-of-jesus"],"yoast_head":"<!-- This site is optimized with the Yoast SEO plugin v27.4 - https:\/\/yoast.com\/product\/yoast-seo-wordpress\/ -->\n<title>Feast of Our Lady of Mercy - First Perpetual Vows in the Congregation - Hijas de Jes\u00fas<\/title>\n<meta name=\"robots\" content=\"index, follow, max-snippet:-1, max-image-preview:large, max-video-preview:-1\" \/>\n<link rel=\"canonical\" href=\"https:\/\/hijasdejesus.org\/en\/events\/feast-of-our-lady-of-mercy-first-perpetual-vows-in-the-congregation\/\" \/>\n<meta property=\"og:locale\" content=\"en_US\" \/>\n<meta property=\"og:type\" content=\"article\" \/>\n<meta property=\"og:title\" content=\"Feast of Our Lady of Mercy - First Perpetual Vows in the Congregation - Hijas de Jes\u00fas\" \/>\n<meta property=\"og:description\" content=\"On September 24, 1903, Mother Candida and 43 sisters professed perpetual vows in the Congregation, after having obtained pontifical approval on July 30, 1901, and on September 18, 1903, six days before profession, the approval of the Constitutions by Leo XIII, &#8220;ad experimentum&#8221; for three years.\" \/>\n<meta property=\"og:url\" content=\"https:\/\/hijasdejesus.org\/en\/events\/feast-of-our-lady-of-mercy-first-perpetual-vows-in-the-congregation\/\" \/>\n<meta property=\"og:site_name\" content=\"Hijas de Jes\u00fas\" \/>\n<meta property=\"article:publisher\" content=\"https:\/\/www.facebook.com\/hijasdejesusenelmundo\/\" \/>\n<meta name=\"twitter:card\" content=\"summary_large_image\" \/>\n<meta name=\"twitter:site\" content=\"@hijasdjesus\" \/>\n<script type=\"application\/ld+json\" class=\"yoast-schema-graph\">{\"@context\":\"https:\\\/\\\/schema.org\",\"@graph\":[{\"@type\":\"WebPage\",\"@id\":\"https:\\\/\\\/hijasdejesus.org\\\/en\\\/events\\\/feast-of-our-lady-of-mercy-first-perpetual-vows-in-the-congregation\\\/\",\"url\":\"https:\\\/\\\/hijasdejesus.org\\\/en\\\/events\\\/feast-of-our-lady-of-mercy-first-perpetual-vows-in-the-congregation\\\/\",\"name\":\"Feast of Our Lady of Mercy - First Perpetual Vows in the Congregation - Hijas de Jes\u00fas\",\"isPartOf\":{\"@id\":\"https:\\\/\\\/hijasdejesus.org\\\/en\\\/#website\"},\"datePublished\":\"2023-09-23T10:19:17+00:00\",\"breadcrumb\":{\"@id\":\"https:\\\/\\\/hijasdejesus.org\\\/en\\\/events\\\/feast-of-our-lady-of-mercy-first-perpetual-vows-in-the-congregation\\\/#breadcrumb\"},\"inLanguage\":\"en-US\",\"potentialAction\":[{\"@type\":\"ReadAction\",\"target\":[\"https:\\\/\\\/hijasdejesus.org\\\/en\\\/events\\\/feast-of-our-lady-of-mercy-first-perpetual-vows-in-the-congregation\\\/\"]}]},{\"@type\":\"BreadcrumbList\",\"@id\":\"https:\\\/\\\/hijasdejesus.org\\\/en\\\/events\\\/feast-of-our-lady-of-mercy-first-perpetual-vows-in-the-congregation\\\/#breadcrumb\",\"itemListElement\":[{\"@type\":\"ListItem\",\"position\":1,\"name\":\"Portada\",\"item\":\"https:\\\/\\\/hijasdejesus.org\\\/en\\\/\"},{\"@type\":\"ListItem\",\"position\":2,\"name\":\"Events\",\"item\":\"https:\\\/\\\/hijasdejesus.org\\\/en\\\/events\\\/\"},{\"@type\":\"ListItem\",\"position\":3,\"name\":\"Feast of Our Lady of Mercy &#8211; First Perpetual Vows in the Congregation\"}]},{\"@type\":\"WebSite\",\"@id\":\"https:\\\/\\\/hijasdejesus.org\\\/en\\\/#website\",\"url\":\"https:\\\/\\\/hijasdejesus.org\\\/en\\\/\",\"name\":\"Hijas de Jes\u00fas\",\"description\":\"Despertamos a Jes\u00fas en el coraz\u00f3n, sacando lo mejor de las personas. Somos una congregaci\u00f3n religiosa ignaciana fundada por la Madre Candida\",\"publisher\":{\"@id\":\"https:\\\/\\\/hijasdejesus.org\\\/en\\\/#organization\"},\"potentialAction\":[{\"@type\":\"SearchAction\",\"target\":{\"@type\":\"EntryPoint\",\"urlTemplate\":\"https:\\\/\\\/hijasdejesus.org\\\/en\\\/?s={search_term_string}\"},\"query-input\":{\"@type\":\"PropertyValueSpecification\",\"valueRequired\":true,\"valueName\":\"search_term_string\"}}],\"inLanguage\":\"en-US\"},{\"@type\":\"Organization\",\"@id\":\"https:\\\/\\\/hijasdejesus.org\\\/en\\\/#organization\",\"name\":\"Hijas de Jes\u00fas\",\"url\":\"https:\\\/\\\/hijasdejesus.org\\\/en\\\/\",\"logo\":{\"@type\":\"ImageObject\",\"inLanguage\":\"en-US\",\"@id\":\"https:\\\/\\\/hijasdejesus.org\\\/en\\\/#\\\/schema\\\/logo\\\/image\\\/\",\"url\":\"https:\\\/\\\/hijasdejesus.org\\\/wp-content\\\/uploads\\\/2023\\\/01\\\/Hijas-de-Jesus_hor-A7C957.png\",\"contentUrl\":\"https:\\\/\\\/hijasdejesus.org\\\/wp-content\\\/uploads\\\/2023\\\/01\\\/Hijas-de-Jesus_hor-A7C957.png\",\"width\":700,\"height\":360,\"caption\":\"Hijas de Jes\u00fas\"},\"image\":{\"@id\":\"https:\\\/\\\/hijasdejesus.org\\\/en\\\/#\\\/schema\\\/logo\\\/image\\\/\"},\"sameAs\":[\"https:\\\/\\\/www.facebook.com\\\/hijasdejesusenelmundo\\\/\",\"https:\\\/\\\/x.com\\\/hijasdjesus\"]}]}<\/script>\n<!-- \/ Yoast SEO plugin. -->","yoast_head_json":{"title":"Feast of Our Lady of Mercy - First Perpetual Vows in the Congregation - Hijas de Jes\u00fas","robots":{"index":"index","follow":"follow","max-snippet":"max-snippet:-1","max-image-preview":"max-image-preview:large","max-video-preview":"max-video-preview:-1"},"canonical":"https:\/\/hijasdejesus.org\/en\/events\/feast-of-our-lady-of-mercy-first-perpetual-vows-in-the-congregation\/","og_locale":"en_US","og_type":"article","og_title":"Feast of Our Lady of Mercy - First Perpetual Vows in the Congregation - Hijas de Jes\u00fas","og_description":"On September 24, 1903, Mother Candida and 43 sisters professed perpetual vows in the Congregation, after having obtained pontifical approval on July 30, 1901, and on September 18, 1903, six days before profession, the approval of the Constitutions by Leo XIII, &#8220;ad experimentum&#8221; for three years.","og_url":"https:\/\/hijasdejesus.org\/en\/events\/feast-of-our-lady-of-mercy-first-perpetual-vows-in-the-congregation\/","og_site_name":"Hijas de Jes\u00fas","article_publisher":"https:\/\/www.facebook.com\/hijasdejesusenelmundo\/","twitter_card":"summary_large_image","twitter_site":"@hijasdjesus","schema":{"@context":"https:\/\/schema.org","@graph":[{"@type":"WebPage","@id":"https:\/\/hijasdejesus.org\/en\/events\/feast-of-our-lady-of-mercy-first-perpetual-vows-in-the-congregation\/","url":"https:\/\/hijasdejesus.org\/en\/events\/feast-of-our-lady-of-mercy-first-perpetual-vows-in-the-congregation\/","name":"Feast of Our Lady of Mercy - First Perpetual Vows in the Congregation - Hijas de Jes\u00fas","isPartOf":{"@id":"https:\/\/hijasdejesus.org\/en\/#website"},"datePublished":"2023-09-23T10:19:17+00:00","breadcrumb":{"@id":"https:\/\/hijasdejesus.org\/en\/events\/feast-of-our-lady-of-mercy-first-perpetual-vows-in-the-congregation\/#breadcrumb"},"inLanguage":"en-US","potentialAction":[{"@type":"ReadAction","target":["https:\/\/hijasdejesus.org\/en\/events\/feast-of-our-lady-of-mercy-first-perpetual-vows-in-the-congregation\/"]}]},{"@type":"BreadcrumbList","@id":"https:\/\/hijasdejesus.org\/en\/events\/feast-of-our-lady-of-mercy-first-perpetual-vows-in-the-congregation\/#breadcrumb","itemListElement":[{"@type":"ListItem","position":1,"name":"Portada","item":"https:\/\/hijasdejesus.org\/en\/"},{"@type":"ListItem","position":2,"name":"Events","item":"https:\/\/hijasdejesus.org\/en\/events\/"},{"@type":"ListItem","position":3,"name":"Feast of Our Lady of Mercy &#8211; First Perpetual Vows in the Congregation"}]},{"@type":"WebSite","@id":"https:\/\/hijasdejesus.org\/en\/#website","url":"https:\/\/hijasdejesus.org\/en\/","name":"Hijas de Jes\u00fas","description":"Despertamos a Jes\u00fas en el coraz\u00f3n, sacando lo mejor de las personas. Somos una congregaci\u00f3n religiosa ignaciana fundada por la Madre Candida","publisher":{"@id":"https:\/\/hijasdejesus.org\/en\/#organization"},"potentialAction":[{"@type":"SearchAction","target":{"@type":"EntryPoint","urlTemplate":"https:\/\/hijasdejesus.org\/en\/?s={search_term_string}"},"query-input":{"@type":"PropertyValueSpecification","valueRequired":true,"valueName":"search_term_string"}}],"inLanguage":"en-US"},{"@type":"Organization","@id":"https:\/\/hijasdejesus.org\/en\/#organization","name":"Hijas de Jes\u00fas","url":"https:\/\/hijasdejesus.org\/en\/","logo":{"@type":"ImageObject","inLanguage":"en-US","@id":"https:\/\/hijasdejesus.org\/en\/#\/schema\/logo\/image\/","url":"https:\/\/hijasdejesus.org\/wp-content\/uploads\/2023\/01\/Hijas-de-Jesus_hor-A7C957.png","contentUrl":"https:\/\/hijasdejesus.org\/wp-content\/uploads\/2023\/01\/Hijas-de-Jesus_hor-A7C957.png","width":700,"height":360,"caption":"Hijas de Jes\u00fas"},"image":{"@id":"https:\/\/hijasdejesus.org\/en\/#\/schema\/logo\/image\/"},"sameAs":["https:\/\/www.facebook.com\/hijasdejesusenelmundo\/","https:\/\/x.com\/hijasdjesus"]}]}},"_links":{"self":[{"href":"https:\/\/hijasdejesus.org\/en\/wp-json\/wp\/v2\/mec-events\/36447","targetHints":{"allow":["GET"]}}],"collection":[{"href":"https:\/\/hijasdejesus.org\/en\/wp-json\/wp\/v2\/mec-events"}],"about":[{"href":"https:\/\/hijasdejesus.org\/en\/wp-json\/wp\/v2\/types\/mec-events"}],"author":[{"embeddable":true,"href":"https:\/\/hijasdejesus.org\/en\/wp-json\/wp\/v2\/users\/7"}],"replies":[{"embeddable":true,"href":"https:\/\/hijasdejesus.org\/en\/wp-json\/wp\/v2\/comments?post=36447"}],"wp:attachment":[{"href":"https:\/\/hijasdejesus.org\/en\/wp-json\/wp\/v2\/media?parent=36447"}],"wp:term":[{"taxonomy":"post_tag","embeddable":true,"href":"https:\/\/hijasdejesus.org\/en\/wp-json\/wp\/v2\/tags?post=36447"},{"taxonomy":"mec_category","embeddable":true,"href":"https:\/\/hijasdejesus.org\/en\/wp-json\/wp\/v2\/mec_category?post=36447"}],"curies":[{"name":"wp","href":"https:\/\/api.w.org\/{rel}","templated":true}]}}

<!-- This site is optimized with the Yoast SEO plugin v27.4 - https://yoast.com/product/yoast-seo-wordpress/ -->
<title>Feast of Our Lady of Mercy - First Perpetual Vows in the Congregation - Hijas de Jesús</title>
<meta name="robots" content="index, follow, max-snippet:-1, max-image-preview:large, max-video-preview:-1" />
<link rel="canonical" href="https://hijasdejesus.org/en/events/feast-of-our-lady-of-mercy-first-perpetual-vows-in-the-congregation/" />
<meta property="og:locale" content="en_US" />
<meta property="og:type" content="article" />
<meta property="og:title" content="Feast of Our Lady of Mercy - First Perpetual Vows in the Congregation - Hijas de Jesús" />
<meta property="og:description" content="On September 24, 1903, Mother Candida and 43 sisters professed perpetual vows in the Congregation, after having obtained pontifical approval on July 30, 1901, and on September 18, 1903, six days before profession, the approval of the Constitutions by Leo XIII, &#8220;ad experimentum&#8221; for three years." />
<meta property="og:url" content="https://hijasdejesus.org/en/events/feast-of-our-lady-of-mercy-first-perpetual-vows-in-the-congregation/" />
<meta property="og:site_name" content="Hijas de Jesús" />
<meta property="article:publisher" content="https://www.facebook.com/hijasdejesusenelmundo/" />
<meta name="twitter:card" content="summary_large_image" />
<meta name="twitter:site" content="@hijasdjesus" />
<script type="application/ld+json" class="yoast-schema-graph">{"@context":"https:\/\/schema.org","@graph":[{"@type":"WebPage","@id":"https:\/\/hijasdejesus.org\/en\/events\/feast-of-our-lady-of-mercy-first-perpetual-vows-in-the-congregation\/","url":"https:\/\/hijasdejesus.org\/en\/events\/feast-of-our-lady-of-mercy-first-perpetual-vows-in-the-congregation\/","name":"Feast of Our Lady of Mercy - First Perpetual Vows in the Congregation - Hijas de Jesús","isPartOf":{"@id":"https:\/\/hijasdejesus.org\/en\/#website"},"datePublished":"2023-09-23T10:19:17+00:00","breadcrumb":{"@id":"https:\/\/hijasdejesus.org\/en\/events\/feast-of-our-lady-of-mercy-first-perpetual-vows-in-the-congregation\/#breadcrumb"},"inLanguage":"en-US","potentialAction":[{"@type":"ReadAction","target":["https:\/\/hijasdejesus.org\/en\/events\/feast-of-our-lady-of-mercy-first-perpetual-vows-in-the-congregation\/"]}]},{"@type":"BreadcrumbList","@id":"https:\/\/hijasdejesus.org\/en\/events\/feast-of-our-lady-of-mercy-first-perpetual-vows-in-the-congregation\/#breadcrumb","itemListElement":[{"@type":"ListItem","position":1,"name":"Portada","item":"https:\/\/hijasdejesus.org\/en\/"},{"@type":"ListItem","position":2,"name":"Events","item":"https:\/\/hijasdejesus.org\/en\/events\/"},{"@type":"ListItem","position":3,"name":"Feast of Our Lady of Mercy &#8211; First Perpetual Vows in the Congregation"}]},{"@type":"WebSite","@id":"https:\/\/hijasdejesus.org\/en\/#website","url":"https:\/\/hijasdejesus.org\/en\/","name":"Hijas de Jesús","description":"Despertamos a Jesús en el corazón, sacando lo mejor de las personas. Somos una congregación religiosa ignaciana fundada por la Madre Candida","publisher":{"@id":"https:\/\/hijasdejesus.org\/en\/#organization"},"potentialAction":[{"@type":"SearchAction","target":{"@type":"EntryPoint","urlTemplate":"https:\/\/hijasdejesus.org\/en\/?s={search_term_string}"},"query-input":{"@type":"PropertyValueSpecification","valueRequired":true,"valueName":"search_term_string"}}],"inLanguage":"en-US"},{"@type":"Organization","@id":"https:\/\/hijasdejesus.org\/en\/#organization","name":"Hijas de Jesús","url":"https:\/\/hijasdejesus.org\/en\/","logo":{"@type":"ImageObject","inLanguage":"en-US","@id":"https:\/\/hijasdejesus.org\/en\/#\/schema\/logo\/image\/","url":"https:\/\/hijasdejesus.org\/wp-content\/uploads\/2023\/01\/Hijas-de-Jesus_hor-A7C957.png","contentUrl":"https:\/\/hijasdejesus.org\/wp-content\/uploads\/2023\/01\/Hijas-de-Jesus_hor-A7C957.png","width":700,"height":360,"caption":"Hijas de Jesús"},"image":{"@id":"https:\/\/hijasdejesus.org\/en\/#\/schema\/logo\/image\/"},"sameAs":["https:\/\/www.facebook.com\/hijasdejesusenelmundo\/","https:\/\/x.com\/hijasdjesus"]}]}</script>
<!-- / Yoast SEO plugin. -->

Feast of Our Lady of Mercy - First Perpetual Vows in the Congregation - Hijas de Jesús

Hijas de Jesús

Despertamos a Jesús en el corazón, sacando lo mejor de las personas. Somos una congregación religiosa ignaciana fundada por la Madre Candida
