{"id":39770,"date":"2024-06-24T11:10:19","date_gmt":"2024-06-24T09:10:19","guid":{"rendered":"https:\/\/hijasdejesus.org\/events\/first-vows-of-teresa-tian-chunjie-mary-wang-pengzhe-and-emerenciana-damur-anjie\/"},"modified":"2024-06-24T11:10:19","modified_gmt":"2024-06-24T09:10:19","slug":"first-vows-of-teresa-tian-chunjie-mary-wang-pengzhe-and-emerenciana-damur-anjie","status":"publish","type":"mec-events","link":"https:\/\/hijasdejesus.org\/en\/events\/first-vows-of-teresa-tian-chunjie-mary-wang-pengzhe-and-emerenciana-damur-anjie\/","title":{"rendered":"First Vows of Teresa Tian Chunjie, Mary Wang Pengzhe and Emerenciana Damur (Anjie)"},"content":{"rendered":"<p>The Provincial Superior of East Asia, Jocelyn Salomo, has admitted the three second year novices, Teresa Tian Chunjie, Mary Wang Pengzhe and Emerenciana Damur (Anjie), to their first vows. It will be held on June 29, 2024 at the Manresa Retreat House, Manila.<\/p>\n","protected":false},"excerpt":{"rendered":"<p>The Provincial Superior of East Asia, Jocelyn Salomo, has admitted the three second year novices, Teresa Tian Chunjie, Mary Wang Pengzhe and Emerenciana Damur (Anjie), to their first vows. It will be held on June 29, 2024 at the Manresa Retreat House, Manila.<\/p>\n","protected":false},"author":2,"featured_media":0,"comment_status":"closed","ping_status":"closed","template":"","meta":{"_et_pb_use_builder":"","_et_pb_old_content":"","_et_gb_content_width":"","_links_to":"","_links_to_target":""},"tags":[],"mec_category":[868],"class_list":["post-39770","mec-events","type-mec-events","status-publish","hentry","mec_category-daughters-of-jesus"],"yoast_head":"<!-- This site is optimized with the Yoast SEO plugin v27.5 - https:\/\/yoast.com\/product\/yoast-seo-wordpress\/ -->\n<title>First Vows of Teresa Tian Chunjie, Mary Wang Pengzhe and Emerenciana Damur (Anjie) - Hijas de Jes\u00fas<\/title>\n<meta name=\"robots\" content=\"index, follow, max-snippet:-1, max-image-preview:large, max-video-preview:-1\" \/>\n<link rel=\"canonical\" href=\"https:\/\/hijasdejesus.org\/en\/events\/first-vows-of-teresa-tian-chunjie-mary-wang-pengzhe-and-emerenciana-damur-anjie\/\" \/>\n<meta property=\"og:locale\" content=\"en_US\" \/>\n<meta property=\"og:type\" content=\"article\" \/>\n<meta property=\"og:title\" content=\"First Vows of Teresa Tian Chunjie, Mary Wang Pengzhe and Emerenciana Damur (Anjie) - Hijas de Jes\u00fas\" \/>\n<meta property=\"og:description\" content=\"The Provincial Superior of East Asia, Jocelyn Salomo, has admitted the three second year novices, Teresa Tian Chunjie, Mary Wang Pengzhe and Emerenciana Damur (Anjie), to their first vows. It will be held on June 29, 2024 at the Manresa Retreat House, Manila.\" \/>\n<meta property=\"og:url\" content=\"https:\/\/hijasdejesus.org\/en\/events\/first-vows-of-teresa-tian-chunjie-mary-wang-pengzhe-and-emerenciana-damur-anjie\/\" \/>\n<meta property=\"og:site_name\" content=\"Hijas de Jes\u00fas\" \/>\n<meta property=\"article:publisher\" content=\"https:\/\/www.facebook.com\/hijasdejesusenelmundo\/\" \/>\n<meta name=\"twitter:card\" content=\"summary_large_image\" \/>\n<meta name=\"twitter:site\" content=\"@hijasdjesus\" \/>\n<script type=\"application\/ld+json\" class=\"yoast-schema-graph\">{\"@context\":\"https:\\\/\\\/schema.org\",\"@graph\":[{\"@type\":\"WebPage\",\"@id\":\"https:\\\/\\\/hijasdejesus.org\\\/en\\\/events\\\/first-vows-of-teresa-tian-chunjie-mary-wang-pengzhe-and-emerenciana-damur-anjie\\\/\",\"url\":\"https:\\\/\\\/hijasdejesus.org\\\/en\\\/events\\\/first-vows-of-teresa-tian-chunjie-mary-wang-pengzhe-and-emerenciana-damur-anjie\\\/\",\"name\":\"First Vows of Teresa Tian Chunjie, Mary Wang Pengzhe and Emerenciana Damur (Anjie) - Hijas de Jes\u00fas\",\"isPartOf\":{\"@id\":\"https:\\\/\\\/hijasdejesus.org\\\/en\\\/#website\"},\"datePublished\":\"2024-06-24T09:10:19+00:00\",\"breadcrumb\":{\"@id\":\"https:\\\/\\\/hijasdejesus.org\\\/en\\\/events\\\/first-vows-of-teresa-tian-chunjie-mary-wang-pengzhe-and-emerenciana-damur-anjie\\\/#breadcrumb\"},\"inLanguage\":\"en-US\",\"potentialAction\":[{\"@type\":\"ReadAction\",\"target\":[\"https:\\\/\\\/hijasdejesus.org\\\/en\\\/events\\\/first-vows-of-teresa-tian-chunjie-mary-wang-pengzhe-and-emerenciana-damur-anjie\\\/\"]}]},{\"@type\":\"BreadcrumbList\",\"@id\":\"https:\\\/\\\/hijasdejesus.org\\\/en\\\/events\\\/first-vows-of-teresa-tian-chunjie-mary-wang-pengzhe-and-emerenciana-damur-anjie\\\/#breadcrumb\",\"itemListElement\":[{\"@type\":\"ListItem\",\"position\":1,\"name\":\"Portada\",\"item\":\"https:\\\/\\\/hijasdejesus.org\\\/en\\\/\"},{\"@type\":\"ListItem\",\"position\":2,\"name\":\"Events\",\"item\":\"https:\\\/\\\/hijasdejesus.org\\\/en\\\/events\\\/\"},{\"@type\":\"ListItem\",\"position\":3,\"name\":\"First Vows of Teresa Tian Chunjie, Mary Wang Pengzhe and Emerenciana Damur (Anjie)\"}]},{\"@type\":\"WebSite\",\"@id\":\"https:\\\/\\\/hijasdejesus.org\\\/en\\\/#website\",\"url\":\"https:\\\/\\\/hijasdejesus.org\\\/en\\\/\",\"name\":\"Hijas de Jes\u00fas\",\"description\":\"Despertamos a Jes\u00fas en el coraz\u00f3n, sacando lo mejor de las personas. Somos una congregaci\u00f3n religiosa ignaciana fundada por la Madre Candida\",\"publisher\":{\"@id\":\"https:\\\/\\\/hijasdejesus.org\\\/en\\\/#organization\"},\"potentialAction\":[{\"@type\":\"SearchAction\",\"target\":{\"@type\":\"EntryPoint\",\"urlTemplate\":\"https:\\\/\\\/hijasdejesus.org\\\/en\\\/?s={search_term_string}\"},\"query-input\":{\"@type\":\"PropertyValueSpecification\",\"valueRequired\":true,\"valueName\":\"search_term_string\"}}],\"inLanguage\":\"en-US\"},{\"@type\":\"Organization\",\"@id\":\"https:\\\/\\\/hijasdejesus.org\\\/en\\\/#organization\",\"name\":\"Hijas de Jes\u00fas\",\"url\":\"https:\\\/\\\/hijasdejesus.org\\\/en\\\/\",\"logo\":{\"@type\":\"ImageObject\",\"inLanguage\":\"en-US\",\"@id\":\"https:\\\/\\\/hijasdejesus.org\\\/en\\\/#\\\/schema\\\/logo\\\/image\\\/\",\"url\":\"https:\\\/\\\/hijasdejesus.org\\\/wp-content\\\/uploads\\\/2023\\\/01\\\/Hijas-de-Jesus_hor-A7C957.png\",\"contentUrl\":\"https:\\\/\\\/hijasdejesus.org\\\/wp-content\\\/uploads\\\/2023\\\/01\\\/Hijas-de-Jesus_hor-A7C957.png\",\"width\":700,\"height\":360,\"caption\":\"Hijas de Jes\u00fas\"},\"image\":{\"@id\":\"https:\\\/\\\/hijasdejesus.org\\\/en\\\/#\\\/schema\\\/logo\\\/image\\\/\"},\"sameAs\":[\"https:\\\/\\\/www.facebook.com\\\/hijasdejesusenelmundo\\\/\",\"https:\\\/\\\/x.com\\\/hijasdjesus\"]}]}<\/script>\n<!-- \/ Yoast SEO plugin. -->","yoast_head_json":{"title":"First Vows of Teresa Tian Chunjie, Mary Wang Pengzhe and Emerenciana Damur (Anjie) - Hijas de Jes\u00fas","robots":{"index":"index","follow":"follow","max-snippet":"max-snippet:-1","max-image-preview":"max-image-preview:large","max-video-preview":"max-video-preview:-1"},"canonical":"https:\/\/hijasdejesus.org\/en\/events\/first-vows-of-teresa-tian-chunjie-mary-wang-pengzhe-and-emerenciana-damur-anjie\/","og_locale":"en_US","og_type":"article","og_title":"First Vows of Teresa Tian Chunjie, Mary Wang Pengzhe and Emerenciana Damur (Anjie) - Hijas de Jes\u00fas","og_description":"The Provincial Superior of East Asia, Jocelyn Salomo, has admitted the three second year novices, Teresa Tian Chunjie, Mary Wang Pengzhe and Emerenciana Damur (Anjie), to their first vows. It will be held on June 29, 2024 at the Manresa Retreat House, Manila.","og_url":"https:\/\/hijasdejesus.org\/en\/events\/first-vows-of-teresa-tian-chunjie-mary-wang-pengzhe-and-emerenciana-damur-anjie\/","og_site_name":"Hijas de Jes\u00fas","article_publisher":"https:\/\/www.facebook.com\/hijasdejesusenelmundo\/","twitter_card":"summary_large_image","twitter_site":"@hijasdjesus","schema":{"@context":"https:\/\/schema.org","@graph":[{"@type":"WebPage","@id":"https:\/\/hijasdejesus.org\/en\/events\/first-vows-of-teresa-tian-chunjie-mary-wang-pengzhe-and-emerenciana-damur-anjie\/","url":"https:\/\/hijasdejesus.org\/en\/events\/first-vows-of-teresa-tian-chunjie-mary-wang-pengzhe-and-emerenciana-damur-anjie\/","name":"First Vows of Teresa Tian Chunjie, Mary Wang Pengzhe and Emerenciana Damur (Anjie) - Hijas de Jes\u00fas","isPartOf":{"@id":"https:\/\/hijasdejesus.org\/en\/#website"},"datePublished":"2024-06-24T09:10:19+00:00","breadcrumb":{"@id":"https:\/\/hijasdejesus.org\/en\/events\/first-vows-of-teresa-tian-chunjie-mary-wang-pengzhe-and-emerenciana-damur-anjie\/#breadcrumb"},"inLanguage":"en-US","potentialAction":[{"@type":"ReadAction","target":["https:\/\/hijasdejesus.org\/en\/events\/first-vows-of-teresa-tian-chunjie-mary-wang-pengzhe-and-emerenciana-damur-anjie\/"]}]},{"@type":"BreadcrumbList","@id":"https:\/\/hijasdejesus.org\/en\/events\/first-vows-of-teresa-tian-chunjie-mary-wang-pengzhe-and-emerenciana-damur-anjie\/#breadcrumb","itemListElement":[{"@type":"ListItem","position":1,"name":"Portada","item":"https:\/\/hijasdejesus.org\/en\/"},{"@type":"ListItem","position":2,"name":"Events","item":"https:\/\/hijasdejesus.org\/en\/events\/"},{"@type":"ListItem","position":3,"name":"First Vows of Teresa Tian Chunjie, Mary Wang Pengzhe and Emerenciana Damur (Anjie)"}]},{"@type":"WebSite","@id":"https:\/\/hijasdejesus.org\/en\/#website","url":"https:\/\/hijasdejesus.org\/en\/","name":"Hijas de Jes\u00fas","description":"Despertamos a Jes\u00fas en el coraz\u00f3n, sacando lo mejor de las personas. Somos una congregaci\u00f3n religiosa ignaciana fundada por la Madre Candida","publisher":{"@id":"https:\/\/hijasdejesus.org\/en\/#organization"},"potentialAction":[{"@type":"SearchAction","target":{"@type":"EntryPoint","urlTemplate":"https:\/\/hijasdejesus.org\/en\/?s={search_term_string}"},"query-input":{"@type":"PropertyValueSpecification","valueRequired":true,"valueName":"search_term_string"}}],"inLanguage":"en-US"},{"@type":"Organization","@id":"https:\/\/hijasdejesus.org\/en\/#organization","name":"Hijas de Jes\u00fas","url":"https:\/\/hijasdejesus.org\/en\/","logo":{"@type":"ImageObject","inLanguage":"en-US","@id":"https:\/\/hijasdejesus.org\/en\/#\/schema\/logo\/image\/","url":"https:\/\/hijasdejesus.org\/wp-content\/uploads\/2023\/01\/Hijas-de-Jesus_hor-A7C957.png","contentUrl":"https:\/\/hijasdejesus.org\/wp-content\/uploads\/2023\/01\/Hijas-de-Jesus_hor-A7C957.png","width":700,"height":360,"caption":"Hijas de Jes\u00fas"},"image":{"@id":"https:\/\/hijasdejesus.org\/en\/#\/schema\/logo\/image\/"},"sameAs":["https:\/\/www.facebook.com\/hijasdejesusenelmundo\/","https:\/\/x.com\/hijasdjesus"]}]}},"_links":{"self":[{"href":"https:\/\/hijasdejesus.org\/en\/wp-json\/wp\/v2\/mec-events\/39770","targetHints":{"allow":["GET"]}}],"collection":[{"href":"https:\/\/hijasdejesus.org\/en\/wp-json\/wp\/v2\/mec-events"}],"about":[{"href":"https:\/\/hijasdejesus.org\/en\/wp-json\/wp\/v2\/types\/mec-events"}],"author":[{"embeddable":true,"href":"https:\/\/hijasdejesus.org\/en\/wp-json\/wp\/v2\/users\/2"}],"replies":[{"embeddable":true,"href":"https:\/\/hijasdejesus.org\/en\/wp-json\/wp\/v2\/comments?post=39770"}],"wp:attachment":[{"href":"https:\/\/hijasdejesus.org\/en\/wp-json\/wp\/v2\/media?parent=39770"}],"wp:term":[{"taxonomy":"post_tag","embeddable":true,"href":"https:\/\/hijasdejesus.org\/en\/wp-json\/wp\/v2\/tags?post=39770"},{"taxonomy":"mec_category","embeddable":true,"href":"https:\/\/hijasdejesus.org\/en\/wp-json\/wp\/v2\/mec_category?post=39770"}],"curies":[{"name":"wp","href":"https:\/\/api.w.org\/{rel}","templated":true}]}}

<!-- This site is optimized with the Yoast SEO plugin v27.5 - https://yoast.com/product/yoast-seo-wordpress/ -->
<title>First Vows of Teresa Tian Chunjie, Mary Wang Pengzhe and Emerenciana Damur (Anjie) - Hijas de Jesús</title>
<meta name="robots" content="index, follow, max-snippet:-1, max-image-preview:large, max-video-preview:-1" />
<link rel="canonical" href="https://hijasdejesus.org/en/events/first-vows-of-teresa-tian-chunjie-mary-wang-pengzhe-and-emerenciana-damur-anjie/" />
<meta property="og:locale" content="en_US" />
<meta property="og:type" content="article" />
<meta property="og:title" content="First Vows of Teresa Tian Chunjie, Mary Wang Pengzhe and Emerenciana Damur (Anjie) - Hijas de Jesús" />
<meta property="og:description" content="The Provincial Superior of East Asia, Jocelyn Salomo, has admitted the three second year novices, Teresa Tian Chunjie, Mary Wang Pengzhe and Emerenciana Damur (Anjie), to their first vows. It will be held on June 29, 2024 at the Manresa Retreat House, Manila." />
<meta property="og:url" content="https://hijasdejesus.org/en/events/first-vows-of-teresa-tian-chunjie-mary-wang-pengzhe-and-emerenciana-damur-anjie/" />
<meta property="og:site_name" content="Hijas de Jesús" />
<meta property="article:publisher" content="https://www.facebook.com/hijasdejesusenelmundo/" />
<meta name="twitter:card" content="summary_large_image" />
<meta name="twitter:site" content="@hijasdjesus" />
<script type="application/ld+json" class="yoast-schema-graph">{"@context":"https:\/\/schema.org","@graph":[{"@type":"WebPage","@id":"https:\/\/hijasdejesus.org\/en\/events\/first-vows-of-teresa-tian-chunjie-mary-wang-pengzhe-and-emerenciana-damur-anjie\/","url":"https:\/\/hijasdejesus.org\/en\/events\/first-vows-of-teresa-tian-chunjie-mary-wang-pengzhe-and-emerenciana-damur-anjie\/","name":"First Vows of Teresa Tian Chunjie, Mary Wang Pengzhe and Emerenciana Damur (Anjie) - Hijas de Jesús","isPartOf":{"@id":"https:\/\/hijasdejesus.org\/en\/#website"},"datePublished":"2024-06-24T09:10:19+00:00","breadcrumb":{"@id":"https:\/\/hijasdejesus.org\/en\/events\/first-vows-of-teresa-tian-chunjie-mary-wang-pengzhe-and-emerenciana-damur-anjie\/#breadcrumb"},"inLanguage":"en-US","potentialAction":[{"@type":"ReadAction","target":["https:\/\/hijasdejesus.org\/en\/events\/first-vows-of-teresa-tian-chunjie-mary-wang-pengzhe-and-emerenciana-damur-anjie\/"]}]},{"@type":"BreadcrumbList","@id":"https:\/\/hijasdejesus.org\/en\/events\/first-vows-of-teresa-tian-chunjie-mary-wang-pengzhe-and-emerenciana-damur-anjie\/#breadcrumb","itemListElement":[{"@type":"ListItem","position":1,"name":"Portada","item":"https:\/\/hijasdejesus.org\/en\/"},{"@type":"ListItem","position":2,"name":"Events","item":"https:\/\/hijasdejesus.org\/en\/events\/"},{"@type":"ListItem","position":3,"name":"First Vows of Teresa Tian Chunjie, Mary Wang Pengzhe and Emerenciana Damur (Anjie)"}]},{"@type":"WebSite","@id":"https:\/\/hijasdejesus.org\/en\/#website","url":"https:\/\/hijasdejesus.org\/en\/","name":"Hijas de Jesús","description":"Despertamos a Jesús en el corazón, sacando lo mejor de las personas. Somos una congregación religiosa ignaciana fundada por la Madre Candida","publisher":{"@id":"https:\/\/hijasdejesus.org\/en\/#organization"},"potentialAction":[{"@type":"SearchAction","target":{"@type":"EntryPoint","urlTemplate":"https:\/\/hijasdejesus.org\/en\/?s={search_term_string}"},"query-input":{"@type":"PropertyValueSpecification","valueRequired":true,"valueName":"search_term_string"}}],"inLanguage":"en-US"},{"@type":"Organization","@id":"https:\/\/hijasdejesus.org\/en\/#organization","name":"Hijas de Jesús","url":"https:\/\/hijasdejesus.org\/en\/","logo":{"@type":"ImageObject","inLanguage":"en-US","@id":"https:\/\/hijasdejesus.org\/en\/#\/schema\/logo\/image\/","url":"https:\/\/hijasdejesus.org\/wp-content\/uploads\/2023\/01\/Hijas-de-Jesus_hor-A7C957.png","contentUrl":"https:\/\/hijasdejesus.org\/wp-content\/uploads\/2023\/01\/Hijas-de-Jesus_hor-A7C957.png","width":700,"height":360,"caption":"Hijas de Jesús"},"image":{"@id":"https:\/\/hijasdejesus.org\/en\/#\/schema\/logo\/image\/"},"sameAs":["https:\/\/www.facebook.com\/hijasdejesusenelmundo\/","https:\/\/x.com\/hijasdjesus"]}]}</script>
<!-- / Yoast SEO plugin. -->

First Vows of Teresa Tian Chunjie, Mary Wang Pengzhe and Emerenciana Damur (Anjie) - Hijas de Jesús

Hijas de Jesús

Despertamos a Jesús en el corazón, sacando lo mejor de las personas. Somos una congregación religiosa ignaciana fundada por la Madre Candida
