{"version":"1.0","provider_name":"Hijas de Jes\u00fas","provider_url":"https:\/\/hijasdejesus.org\/pt-br\/","title":"Quarta-feira de Cinzas 2022 - Hijas de Jes\u00fas","type":"rich","width":600,"height":338,"html":"<blockquote class=\"wp-embedded-content\" data-secret=\"Nq1FKzm27h\"><a href=\"https:\/\/hijasdejesus.org\/pt-br\/quarta-feira-de-cinzas-2022\/\">Quarta-feira de Cinzas 2022<\/a><\/blockquote><iframe sandbox=\"allow-scripts\" security=\"restricted\" src=\"https:\/\/hijasdejesus.org\/pt-br\/quarta-feira-de-cinzas-2022\/embed\/#?secret=Nq1FKzm27h\" width=\"600\" height=\"338\" title=\"&#8220;Quarta-feira de Cinzas 2022&#8221; &#8212; Hijas de Jes\u00fas\" data-secret=\"Nq1FKzm27h\" frameborder=\"0\" marginwidth=\"0\" marginheight=\"0\" scrolling=\"no\" class=\"wp-embedded-content\"><\/iframe><script type=\"text\/javascript\">\n\/* <![CDATA[ *\/\n\/*! This file is auto-generated *\/\n!function(d,l){\"use strict\";l.querySelector&&d.addEventListener&&\"undefined\"!=typeof URL&&(d.wp=d.wp||{},d.wp.receiveEmbedMessage||(d.wp.receiveEmbedMessage=function(e){var t=e.data;if((t||t.secret||t.message||t.value)&&!\/[^a-zA-Z0-9]\/.test(t.secret)){for(var s,r,n,a=l.querySelectorAll('iframe[data-secret=\"'+t.secret+'\"]'),o=l.querySelectorAll('blockquote[data-secret=\"'+t.secret+'\"]'),c=new RegExp(\"^https?:$\",\"i\"),i=0;i<o.length;i++)o[i].style.display=\"none\";for(i=0;i<a.length;i++)s=a[i],e.source===s.contentWindow&&(s.removeAttribute(\"style\"),\"height\"===t.message?(1e3<(r=parseInt(t.value,10))?r=1e3:~~r<200&&(r=200),s.height=r):\"link\"===t.message&&(r=new URL(s.getAttribute(\"src\")),n=new URL(t.value),c.test(n.protocol))&&n.host===r.host&&l.activeElement===s&&(d.top.location.href=t.value))}},d.addEventListener(\"message\",d.wp.receiveEmbedMessage,!1),l.addEventListener(\"DOMContentLoaded\",function(){for(var e,t,s=l.querySelectorAll(\"iframe.wp-embedded-content\"),r=0;r<s.length;r++)(t=(e=s[r]).getAttribute(\"data-secret\"))||(t=Math.random().toString(36).substring(2,12),e.src+=\"#?secret=\"+t,e.setAttribute(\"data-secret\",t)),e.contentWindow.postMessage({message:\"ready\",secret:t},\"*\")},!1)))}(window,document);\n\/\/# sourceURL=https:\/\/hijasdejesus.org\/wp-includes\/js\/wp-embed.min.js\n\/* ]]> *\/\n<\/script>\n","thumbnail_url":"https:\/\/hijasdejesus.org\/wp-content\/uploads\/2022\/03\/Carta_n23-Cabecera_PT.jpg","thumbnail_width":2000,"thumbnail_height":647,"description":"Compartimos las palabras que nos ha dirigido\u00a0nuestra Superiora General a las Hijas de Jes\u00fas hoy, Mi\u00e9rcoles de Ceniza. Basten \u00e9stas y el mensaje de Cuaresma del Papa Francisco para estar con el Se\u00f1or y\u00a0dejar que Jes\u00fas nos cambie. De la carta n\u00ba 23 de Graciela Francovig Hoy se inicia la cuaresma. Es este un tiempo [&hellip;]"}

Hijas de Jesús

Quarta-feira de Cinzas 2022 - Hijas de Jesús

<blockquote class="wp-embedded-content" data-secret="Nq1FKzm27h"><a href="https://hijasdejesus.org/pt-br/quarta-feira-de-cinzas-2022/">Quarta-feira de Cinzas 2022</a></blockquote><iframe sandbox="allow-scripts" security="restricted" src="https://hijasdejesus.org/pt-br/quarta-feira-de-cinzas-2022/embed/#?secret=Nq1FKzm27h" width="600" height="338" title="&#8220;Quarta-feira de Cinzas 2022&#8221; &#8212; Hijas de Jesús" data-secret="Nq1FKzm27h" frameborder="0" marginwidth="0" marginheight="0" scrolling="no" class="wp-embedded-content"></iframe><script type="text/javascript">
/* <![CDATA[ */
/*! This file is auto-generated */
!function(d,l){"use strict";l.querySelector&&d.addEventListener&&"undefined"!=typeof URL&&(d.wp=d.wp||{},d.wp.receiveEmbedMessage||(d.wp.receiveEmbedMessage=function(e){var t=e.data;if((t||t.secret||t.message||t.value)&&!/[^a-zA-Z0-9]/.test(t.secret)){for(var s,r,n,a=l.querySelectorAll('iframe[data-secret="'+t.secret+'"]'),o=l.querySelectorAll('blockquote[data-secret="'+t.secret+'"]'),c=new RegExp("^https?:$","i"),i=0;i<o.length;i++)o[i].style.display="none";for(i=0;i<a.length;i++)s=a[i],e.source===s.contentWindow&&(s.removeAttribute("style"),"height"===t.message?(1e3<(r=parseInt(t.value,10))?r=1e3:~~r<200&&(r=200),s.height=r):"link"===t.message&&(r=new URL(s.getAttribute("src")),n=new URL(t.value),c.test(n.protocol))&&n.host===r.host&&l.activeElement===s&&(d.top.location.href=t.value))}},d.addEventListener("message",d.wp.receiveEmbedMessage,!1),l.addEventListener("DOMContentLoaded",function(){for(var e,t,s=l.querySelectorAll("iframe.wp-embedded-content"),r=0;r<s.length;r++)(t=(e=s[r]).getAttribute("data-secret"))||(t=Math.random().toString(36).substring(2,12),e.src+="#?secret="+t,e.setAttribute("data-secret",t)),e.contentWindow.postMessage({message:"ready",secret:t},"*")},!1)))}(window,document);
//# sourceURL=https://hijasdejesus.org/wp-includes/js/wp-embed.min.js
/* ]]> */
</script>

Compartimos las palabras que nos ha dirigido nuestra Superiora General a las Hijas de Jesús hoy, Miércoles de Ceniza. Basten éstas y el mensaje de Cuaresma del Papa Francisco para estar con el Señor y dejar que Jesús nos cambie. De la carta nº 23 de Graciela Francovig Hoy se inicia la cuaresma. Es este un tiempo [&hellip;]
