{"id":36882,"date":"2023-10-26T21:14:24","date_gmt":"2023-10-26T19:14:24","guid":{"rendered":"https:\/\/hijasdejesus.org\/events\/fim-da-primeira-sessao-da-xvi-assembleia-sinodal\/"},"modified":"2023-10-26T21:14:40","modified_gmt":"2023-10-26T19:14:40","slug":"fim-da-primeira-sessao-da-xvi-assembleia-sinodal","status":"publish","type":"mec-events","link":"https:\/\/hijasdejesus.org\/pt-br\/events\/fim-da-primeira-sessao-da-xvi-assembleia-sinodal\/","title":{"rendered":"Fim da primeira sess\u00e3o da XVI Assembleia Sinodal"},"content":{"rendered":"<h4>\u00c9 um bom momento para ler a carta da XVI Assembleia Geral Ordin\u00e1ria do S\u00ednodo dos Bispos ao Povo de Deus, que diz o seguinte<\/h4>\n<h4><em>Queridas irm\u00e3s, queridos irm\u00e3os:<\/em><\/h4>\n<h4><em>&#8230; queremos, com todos v\u00f3s, agradecer a Deus pela bela e rica experi\u00eancia que acab\u00e1mos de viver. Vivemos <strong>este tempo aben\u00e7oado em profunda comunh\u00e3o com todos v\u00f3s<\/strong>. Temos sido sustentados pelas vossas ora\u00e7\u00f5es, trazendo connosco as vossas expectativas, as vossas perguntas e tamb\u00e9m os vossos receios.<\/em><\/h4>\n<h4 style=\"text-align: center;\">Continuar a ler <a href=\"https:\/\/hijasdejesus.org\/carta-de-la-xvi-asamblea-general-ordinaria-del-sinodo-de-los-obispos-al-pueblo-de-dios\/\">AQUI<\/a><\/h4>\n","protected":false},"excerpt":{"rendered":"<p>\u00c9 um bom momento para ler a carta da XVI Assembleia Geral Ordin\u00e1ria do S\u00ednodo dos Bispos ao Povo de Deus, que diz o seguinte Queridas irm\u00e3s, queridos irm\u00e3os: &#8230; queremos, com todos v\u00f3s, agradecer a Deus pela bela e rica experi\u00eancia que acab\u00e1mos de viver. Vivemos este tempo aben\u00e7oado em profunda comunh\u00e3o com todos [&hellip;]<\/p>\n","protected":false},"author":7,"featured_media":0,"comment_status":"closed","ping_status":"closed","template":"","meta":{"_et_pb_use_builder":"","_et_pb_old_content":"","_et_gb_content_width":"","_links_to":"","_links_to_target":""},"tags":[],"mec_category":[954,955],"class_list":["post-36882","mec-events","type-mec-events","status-publish","hentry","mec_category-igreja","mec_category-sinodo-pt-br"],"yoast_head":"<!-- This site is optimized with the Yoast SEO plugin v27.5 - https:\/\/yoast.com\/product\/yoast-seo-wordpress\/ -->\n<title>Fim da primeira sess\u00e3o da XVI Assembleia Sinodal - Hijas de Jes\u00fas<\/title>\n<meta name=\"robots\" content=\"index, follow, max-snippet:-1, max-image-preview:large, max-video-preview:-1\" \/>\n<link rel=\"canonical\" href=\"https:\/\/hijasdejesus.org\/pt-br\/events\/fim-da-primeira-sessao-da-xvi-assembleia-sinodal\/\" \/>\n<meta property=\"og:locale\" content=\"pt_BR\" \/>\n<meta property=\"og:type\" content=\"article\" \/>\n<meta property=\"og:title\" content=\"Fim da primeira sess\u00e3o da XVI Assembleia Sinodal - Hijas de Jes\u00fas\" \/>\n<meta property=\"og:description\" content=\"\u00c9 um bom momento para ler a carta da XVI Assembleia Geral Ordin\u00e1ria do S\u00ednodo dos Bispos ao Povo de Deus, que diz o seguinte Queridas irm\u00e3s, queridos irm\u00e3os: &#8230; queremos, com todos v\u00f3s, agradecer a Deus pela bela e rica experi\u00eancia que acab\u00e1mos de viver. Vivemos este tempo aben\u00e7oado em profunda comunh\u00e3o com todos [&hellip;]\" \/>\n<meta property=\"og:url\" content=\"https:\/\/hijasdejesus.org\/pt-br\/events\/fim-da-primeira-sessao-da-xvi-assembleia-sinodal\/\" \/>\n<meta property=\"og:site_name\" content=\"Hijas de Jes\u00fas\" \/>\n<meta property=\"article:publisher\" content=\"https:\/\/www.facebook.com\/hijasdejesusenelmundo\/\" \/>\n<meta property=\"article:modified_time\" content=\"2023-10-26T19:14:40+00:00\" \/>\n<meta name=\"twitter:card\" content=\"summary_large_image\" \/>\n<meta name=\"twitter:site\" content=\"@hijasdjesus\" \/>\n<script type=\"application\/ld+json\" class=\"yoast-schema-graph\">{\"@context\":\"https:\\\/\\\/schema.org\",\"@graph\":[{\"@type\":\"WebPage\",\"@id\":\"https:\\\/\\\/hijasdejesus.org\\\/pt-br\\\/events\\\/fim-da-primeira-sessao-da-xvi-assembleia-sinodal\\\/\",\"url\":\"https:\\\/\\\/hijasdejesus.org\\\/pt-br\\\/events\\\/fim-da-primeira-sessao-da-xvi-assembleia-sinodal\\\/\",\"name\":\"Fim da primeira sess\u00e3o da XVI Assembleia Sinodal - Hijas de Jes\u00fas\",\"isPartOf\":{\"@id\":\"https:\\\/\\\/hijasdejesus.org\\\/pt-br\\\/#website\"},\"datePublished\":\"2023-10-26T19:14:24+00:00\",\"dateModified\":\"2023-10-26T19:14:40+00:00\",\"breadcrumb\":{\"@id\":\"https:\\\/\\\/hijasdejesus.org\\\/pt-br\\\/events\\\/fim-da-primeira-sessao-da-xvi-assembleia-sinodal\\\/#breadcrumb\"},\"inLanguage\":\"pt-BR\",\"potentialAction\":[{\"@type\":\"ReadAction\",\"target\":[\"https:\\\/\\\/hijasdejesus.org\\\/pt-br\\\/events\\\/fim-da-primeira-sessao-da-xvi-assembleia-sinodal\\\/\"]}]},{\"@type\":\"BreadcrumbList\",\"@id\":\"https:\\\/\\\/hijasdejesus.org\\\/pt-br\\\/events\\\/fim-da-primeira-sessao-da-xvi-assembleia-sinodal\\\/#breadcrumb\",\"itemListElement\":[{\"@type\":\"ListItem\",\"position\":1,\"name\":\"Portada\",\"item\":\"https:\\\/\\\/hijasdejesus.org\\\/pt-br\\\/\"},{\"@type\":\"ListItem\",\"position\":2,\"name\":\"Eventos\",\"item\":\"https:\\\/\\\/hijasdejesus.org\\\/pt-br\\\/events\\\/\"},{\"@type\":\"ListItem\",\"position\":3,\"name\":\"Fim da primeira sess\u00e3o da XVI Assembleia Sinodal\"}]},{\"@type\":\"WebSite\",\"@id\":\"https:\\\/\\\/hijasdejesus.org\\\/pt-br\\\/#website\",\"url\":\"https:\\\/\\\/hijasdejesus.org\\\/pt-br\\\/\",\"name\":\"Hijas de Jes\u00fas\",\"description\":\"Despertamos a Jes\u00fas en el coraz\u00f3n, sacando lo mejor de las personas. Somos una congregaci\u00f3n religiosa ignaciana fundada por la Madre Candida\",\"publisher\":{\"@id\":\"https:\\\/\\\/hijasdejesus.org\\\/pt-br\\\/#organization\"},\"potentialAction\":[{\"@type\":\"SearchAction\",\"target\":{\"@type\":\"EntryPoint\",\"urlTemplate\":\"https:\\\/\\\/hijasdejesus.org\\\/pt-br\\\/?s={search_term_string}\"},\"query-input\":{\"@type\":\"PropertyValueSpecification\",\"valueRequired\":true,\"valueName\":\"search_term_string\"}}],\"inLanguage\":\"pt-BR\"},{\"@type\":\"Organization\",\"@id\":\"https:\\\/\\\/hijasdejesus.org\\\/pt-br\\\/#organization\",\"name\":\"Hijas de Jes\u00fas\",\"url\":\"https:\\\/\\\/hijasdejesus.org\\\/pt-br\\\/\",\"logo\":{\"@type\":\"ImageObject\",\"inLanguage\":\"pt-BR\",\"@id\":\"https:\\\/\\\/hijasdejesus.org\\\/pt-br\\\/#\\\/schema\\\/logo\\\/image\\\/\",\"url\":\"https:\\\/\\\/hijasdejesus.org\\\/wp-content\\\/uploads\\\/2023\\\/01\\\/Hijas-de-Jesus_hor-A7C957.png\",\"contentUrl\":\"https:\\\/\\\/hijasdejesus.org\\\/wp-content\\\/uploads\\\/2023\\\/01\\\/Hijas-de-Jesus_hor-A7C957.png\",\"width\":700,\"height\":360,\"caption\":\"Hijas de Jes\u00fas\"},\"image\":{\"@id\":\"https:\\\/\\\/hijasdejesus.org\\\/pt-br\\\/#\\\/schema\\\/logo\\\/image\\\/\"},\"sameAs\":[\"https:\\\/\\\/www.facebook.com\\\/hijasdejesusenelmundo\\\/\",\"https:\\\/\\\/x.com\\\/hijasdjesus\"]}]}<\/script>\n<!-- \/ Yoast SEO plugin. -->","yoast_head_json":{"title":"Fim da primeira sess\u00e3o da XVI Assembleia Sinodal - Hijas de Jes\u00fas","robots":{"index":"index","follow":"follow","max-snippet":"max-snippet:-1","max-image-preview":"max-image-preview:large","max-video-preview":"max-video-preview:-1"},"canonical":"https:\/\/hijasdejesus.org\/pt-br\/events\/fim-da-primeira-sessao-da-xvi-assembleia-sinodal\/","og_locale":"pt_BR","og_type":"article","og_title":"Fim da primeira sess\u00e3o da XVI Assembleia Sinodal - Hijas de Jes\u00fas","og_description":"\u00c9 um bom momento para ler a carta da XVI Assembleia Geral Ordin\u00e1ria do S\u00ednodo dos Bispos ao Povo de Deus, que diz o seguinte Queridas irm\u00e3s, queridos irm\u00e3os: &#8230; queremos, com todos v\u00f3s, agradecer a Deus pela bela e rica experi\u00eancia que acab\u00e1mos de viver. Vivemos este tempo aben\u00e7oado em profunda comunh\u00e3o com todos [&hellip;]","og_url":"https:\/\/hijasdejesus.org\/pt-br\/events\/fim-da-primeira-sessao-da-xvi-assembleia-sinodal\/","og_site_name":"Hijas de Jes\u00fas","article_publisher":"https:\/\/www.facebook.com\/hijasdejesusenelmundo\/","article_modified_time":"2023-10-26T19:14:40+00:00","twitter_card":"summary_large_image","twitter_site":"@hijasdjesus","schema":{"@context":"https:\/\/schema.org","@graph":[{"@type":"WebPage","@id":"https:\/\/hijasdejesus.org\/pt-br\/events\/fim-da-primeira-sessao-da-xvi-assembleia-sinodal\/","url":"https:\/\/hijasdejesus.org\/pt-br\/events\/fim-da-primeira-sessao-da-xvi-assembleia-sinodal\/","name":"Fim da primeira sess\u00e3o da XVI Assembleia Sinodal - Hijas de Jes\u00fas","isPartOf":{"@id":"https:\/\/hijasdejesus.org\/pt-br\/#website"},"datePublished":"2023-10-26T19:14:24+00:00","dateModified":"2023-10-26T19:14:40+00:00","breadcrumb":{"@id":"https:\/\/hijasdejesus.org\/pt-br\/events\/fim-da-primeira-sessao-da-xvi-assembleia-sinodal\/#breadcrumb"},"inLanguage":"pt-BR","potentialAction":[{"@type":"ReadAction","target":["https:\/\/hijasdejesus.org\/pt-br\/events\/fim-da-primeira-sessao-da-xvi-assembleia-sinodal\/"]}]},{"@type":"BreadcrumbList","@id":"https:\/\/hijasdejesus.org\/pt-br\/events\/fim-da-primeira-sessao-da-xvi-assembleia-sinodal\/#breadcrumb","itemListElement":[{"@type":"ListItem","position":1,"name":"Portada","item":"https:\/\/hijasdejesus.org\/pt-br\/"},{"@type":"ListItem","position":2,"name":"Eventos","item":"https:\/\/hijasdejesus.org\/pt-br\/events\/"},{"@type":"ListItem","position":3,"name":"Fim da primeira sess\u00e3o da XVI Assembleia Sinodal"}]},{"@type":"WebSite","@id":"https:\/\/hijasdejesus.org\/pt-br\/#website","url":"https:\/\/hijasdejesus.org\/pt-br\/","name":"Hijas de Jes\u00fas","description":"Despertamos a Jes\u00fas en el coraz\u00f3n, sacando lo mejor de las personas. Somos una congregaci\u00f3n religiosa ignaciana fundada por la Madre Candida","publisher":{"@id":"https:\/\/hijasdejesus.org\/pt-br\/#organization"},"potentialAction":[{"@type":"SearchAction","target":{"@type":"EntryPoint","urlTemplate":"https:\/\/hijasdejesus.org\/pt-br\/?s={search_term_string}"},"query-input":{"@type":"PropertyValueSpecification","valueRequired":true,"valueName":"search_term_string"}}],"inLanguage":"pt-BR"},{"@type":"Organization","@id":"https:\/\/hijasdejesus.org\/pt-br\/#organization","name":"Hijas de Jes\u00fas","url":"https:\/\/hijasdejesus.org\/pt-br\/","logo":{"@type":"ImageObject","inLanguage":"pt-BR","@id":"https:\/\/hijasdejesus.org\/pt-br\/#\/schema\/logo\/image\/","url":"https:\/\/hijasdejesus.org\/wp-content\/uploads\/2023\/01\/Hijas-de-Jesus_hor-A7C957.png","contentUrl":"https:\/\/hijasdejesus.org\/wp-content\/uploads\/2023\/01\/Hijas-de-Jesus_hor-A7C957.png","width":700,"height":360,"caption":"Hijas de Jes\u00fas"},"image":{"@id":"https:\/\/hijasdejesus.org\/pt-br\/#\/schema\/logo\/image\/"},"sameAs":["https:\/\/www.facebook.com\/hijasdejesusenelmundo\/","https:\/\/x.com\/hijasdjesus"]}]}},"_links":{"self":[{"href":"https:\/\/hijasdejesus.org\/pt-br\/wp-json\/wp\/v2\/mec-events\/36882","targetHints":{"allow":["GET"]}}],"collection":[{"href":"https:\/\/hijasdejesus.org\/pt-br\/wp-json\/wp\/v2\/mec-events"}],"about":[{"href":"https:\/\/hijasdejesus.org\/pt-br\/wp-json\/wp\/v2\/types\/mec-events"}],"author":[{"embeddable":true,"href":"https:\/\/hijasdejesus.org\/pt-br\/wp-json\/wp\/v2\/users\/7"}],"replies":[{"embeddable":true,"href":"https:\/\/hijasdejesus.org\/pt-br\/wp-json\/wp\/v2\/comments?post=36882"}],"wp:attachment":[{"href":"https:\/\/hijasdejesus.org\/pt-br\/wp-json\/wp\/v2\/media?parent=36882"}],"wp:term":[{"taxonomy":"post_tag","embeddable":true,"href":"https:\/\/hijasdejesus.org\/pt-br\/wp-json\/wp\/v2\/tags?post=36882"},{"taxonomy":"mec_category","embeddable":true,"href":"https:\/\/hijasdejesus.org\/pt-br\/wp-json\/wp\/v2\/mec_category?post=36882"}],"curies":[{"name":"wp","href":"https:\/\/api.w.org\/{rel}","templated":true}]}}

Fim da primeira sessão da XVI Assembleia Sinodal

<h4>É um bom momento para ler a carta da XVI Assembleia Geral Ordinária do Sínodo dos Bispos ao Povo de Deus, que diz o seguinte</h4>
<h4><em>Queridas irmãs, queridos irmãos:</em></h4>
<h4><em>&#8230; queremos, com todos vós, agradecer a Deus pela bela e rica experiência que acabámos de viver. Vivemos <strong>este tempo abençoado em profunda comunhão com todos vós</strong>. Temos sido sustentados pelas vossas orações, trazendo connosco as vossas expectativas, as vossas perguntas e também os vossos receios.</em></h4>
<h4 style="text-align: center;">Continuar a ler <a href="https://hijasdejesus.org/carta-de-la-xvi-asamblea-general-ordinaria-del-sinodo-de-los-obispos-al-pueblo-de-dios/">AQUI</a></h4>

<p>É um bom momento para ler a carta da XVI Assembleia Geral Ordinária do Sínodo dos Bispos ao Povo de Deus, que diz o seguinte Queridas irmãs, queridos irmãos: &#8230; queremos, com todos vós, agradecer a Deus pela bela e rica experiência que acabámos de viver. Vivemos este tempo abençoado em profunda comunhão com todos [&hellip;]</p>

<!-- This site is optimized with the Yoast SEO plugin v27.5 - https://yoast.com/product/yoast-seo-wordpress/ -->
<title>Fim da primeira sessão da XVI Assembleia Sinodal - Hijas de Jesús</title>
<meta name="robots" content="index, follow, max-snippet:-1, max-image-preview:large, max-video-preview:-1" />
<link rel="canonical" href="https://hijasdejesus.org/pt-br/events/fim-da-primeira-sessao-da-xvi-assembleia-sinodal/" />
<meta property="og:locale" content="pt_BR" />
<meta property="og:type" content="article" />
<meta property="og:title" content="Fim da primeira sessão da XVI Assembleia Sinodal - Hijas de Jesús" />
<meta property="og:description" content="É um bom momento para ler a carta da XVI Assembleia Geral Ordinária do Sínodo dos Bispos ao Povo de Deus, que diz o seguinte Queridas irmãs, queridos irmãos: &#8230; queremos, com todos vós, agradecer a Deus pela bela e rica experiência que acabámos de viver. Vivemos este tempo abençoado em profunda comunhão com todos [&hellip;]" />
<meta property="og:url" content="https://hijasdejesus.org/pt-br/events/fim-da-primeira-sessao-da-xvi-assembleia-sinodal/" />
<meta property="og:site_name" content="Hijas de Jesús" />
<meta property="article:publisher" content="https://www.facebook.com/hijasdejesusenelmundo/" />
<meta property="article:modified_time" content="2023-10-26T19:14:40+00:00" />
<meta name="twitter:card" content="summary_large_image" />
<meta name="twitter:site" content="@hijasdjesus" />
<script type="application/ld+json" class="yoast-schema-graph">{"@context":"https:\/\/schema.org","@graph":[{"@type":"WebPage","@id":"https:\/\/hijasdejesus.org\/pt-br\/events\/fim-da-primeira-sessao-da-xvi-assembleia-sinodal\/","url":"https:\/\/hijasdejesus.org\/pt-br\/events\/fim-da-primeira-sessao-da-xvi-assembleia-sinodal\/","name":"Fim da primeira sessão da XVI Assembleia Sinodal - Hijas de Jesús","isPartOf":{"@id":"https:\/\/hijasdejesus.org\/pt-br\/#website"},"datePublished":"2023-10-26T19:14:24+00:00","dateModified":"2023-10-26T19:14:40+00:00","breadcrumb":{"@id":"https:\/\/hijasdejesus.org\/pt-br\/events\/fim-da-primeira-sessao-da-xvi-assembleia-sinodal\/#breadcrumb"},"inLanguage":"pt-BR","potentialAction":[{"@type":"ReadAction","target":["https:\/\/hijasdejesus.org\/pt-br\/events\/fim-da-primeira-sessao-da-xvi-assembleia-sinodal\/"]}]},{"@type":"BreadcrumbList","@id":"https:\/\/hijasdejesus.org\/pt-br\/events\/fim-da-primeira-sessao-da-xvi-assembleia-sinodal\/#breadcrumb","itemListElement":[{"@type":"ListItem","position":1,"name":"Portada","item":"https:\/\/hijasdejesus.org\/pt-br\/"},{"@type":"ListItem","position":2,"name":"Eventos","item":"https:\/\/hijasdejesus.org\/pt-br\/events\/"},{"@type":"ListItem","position":3,"name":"Fim da primeira sessão da XVI Assembleia Sinodal"}]},{"@type":"WebSite","@id":"https:\/\/hijasdejesus.org\/pt-br\/#website","url":"https:\/\/hijasdejesus.org\/pt-br\/","name":"Hijas de Jesús","description":"Despertamos a Jesús en el corazón, sacando lo mejor de las personas. Somos una congregación religiosa ignaciana fundada por la Madre Candida","publisher":{"@id":"https:\/\/hijasdejesus.org\/pt-br\/#organization"},"potentialAction":[{"@type":"SearchAction","target":{"@type":"EntryPoint","urlTemplate":"https:\/\/hijasdejesus.org\/pt-br\/?s={search_term_string}"},"query-input":{"@type":"PropertyValueSpecification","valueRequired":true,"valueName":"search_term_string"}}],"inLanguage":"pt-BR"},{"@type":"Organization","@id":"https:\/\/hijasdejesus.org\/pt-br\/#organization","name":"Hijas de Jesús","url":"https:\/\/hijasdejesus.org\/pt-br\/","logo":{"@type":"ImageObject","inLanguage":"pt-BR","@id":"https:\/\/hijasdejesus.org\/pt-br\/#\/schema\/logo\/image\/","url":"https:\/\/hijasdejesus.org\/wp-content\/uploads\/2023\/01\/Hijas-de-Jesus_hor-A7C957.png","contentUrl":"https:\/\/hijasdejesus.org\/wp-content\/uploads\/2023\/01\/Hijas-de-Jesus_hor-A7C957.png","width":700,"height":360,"caption":"Hijas de Jesús"},"image":{"@id":"https:\/\/hijasdejesus.org\/pt-br\/#\/schema\/logo\/image\/"},"sameAs":["https:\/\/www.facebook.com\/hijasdejesusenelmundo\/","https:\/\/x.com\/hijasdjesus"]}]}</script>
<!-- / Yoast SEO plugin. -->

Fim da primeira sessão da XVI Assembleia Sinodal - Hijas de Jesús

É um bom momento para ler a carta da XVI Assembleia Geral Ordinária do Sínodo dos Bispos ao Povo de Deus, que diz o seguinte Queridas irmãs, queridos irmãos: &#8230; queremos, com todos vós, agradecer a Deus pela bela e rica experiência que acabámos de viver. Vivemos este tempo abençoado em profunda comunhão com todos [&hellip;]

Hijas de Jesús

Despertamos a Jesús en el corazón, sacando lo mejor de las personas. Somos una congregación religiosa ignaciana fundada por la Madre Candida
