{"id":38969,"date":"2024-03-29T08:51:52","date_gmt":"2024-03-29T07:51:52","guid":{"rendered":"https:\/\/hijasdejesus.org\/events\/convocacao-da-xix-congregacao-geral\/"},"modified":"2024-03-30T17:13:01","modified_gmt":"2024-03-30T16:13:01","slug":"convocacao-da-xix-congregacao-geral","status":"publish","type":"mec-events","link":"https:\/\/hijasdejesus.org\/pt-br\/events\/convocacao-da-xix-congregacao-geral\/","title":{"rendered":"Convoca\u00e7\u00e3o da XIX Congrega\u00e7\u00e3o Geral"},"content":{"rendered":"<h4>Em 2 de abril, o Superior Geral convocar\u00e1 a Congrega\u00e7\u00e3o Geral XIX (#CG19), que ocorrer\u00e1 em Roma em 2025. A partir desse momento, todas as Filhas de Jesus estar\u00e3o na Congrega\u00e7\u00e3o Geral. Os momentos mais importantes ser\u00e3o:<\/h4>\n<ul>\n<li>\n<h4>Reflex\u00e3o pessoal e comunit\u00e1ria para apresentar os postulados \u00e0 reuni\u00e3o das Filhas de Jesus em Roma.<\/h4>\n<\/li>\n<li>\n<h4>Celebra\u00e7\u00e3o das Congrega\u00e7\u00f5es Provinciais e elei\u00e7\u00e3o das Filhas de Jesus que ir\u00e3o a Roma.<\/h4>\n<\/li>\n<li>\n<h4>Celebra\u00e7\u00e3o da XIX Congrega\u00e7\u00e3o Geral.<\/h4>\n<\/li>\n<\/ul>\n<h4>N\u00f3s o manteremos informado e explicaremos tudo em nosso site.<\/h4>\n","protected":false},"excerpt":{"rendered":"<p>Em 2 de abril, o Superior Geral convocar\u00e1 a Congrega\u00e7\u00e3o Geral XIX (#CG19), que ocorrer\u00e1 em Roma em 2025. A partir desse momento, todas as Filhas de Jesus estar\u00e3o na Congrega\u00e7\u00e3o Geral. Os momentos mais importantes ser\u00e3o: Reflex\u00e3o pessoal e comunit\u00e1ria para apresentar os postulados \u00e0 reuni\u00e3o das Filhas de Jesus em Roma. Celebra\u00e7\u00e3o das [&hellip;]<\/p>\n","protected":false},"author":7,"featured_media":0,"comment_status":"closed","ping_status":"closed","template":"","meta":{"_et_pb_use_builder":"","_et_pb_old_content":"","_et_gb_content_width":"","_links_to":"","_links_to_target":""},"tags":[1000],"mec_category":[871],"class_list":["post-38969","mec-events","type-mec-events","status-publish","hentry","tag-cg-xix-pt-br","mec_category-filhas-de-jesus"],"yoast_head":"<!-- This site is optimized with the Yoast SEO plugin v27.5 - https:\/\/yoast.com\/product\/yoast-seo-wordpress\/ -->\n<title>Convoca\u00e7\u00e3o da XIX Congrega\u00e7\u00e3o Geral - Hijas de Jes\u00fas<\/title>\n<meta name=\"robots\" content=\"index, follow, max-snippet:-1, max-image-preview:large, max-video-preview:-1\" \/>\n<link rel=\"canonical\" href=\"https:\/\/hijasdejesus.org\/pt-br\/events\/convocacao-da-xix-congregacao-geral\/\" \/>\n<meta property=\"og:locale\" content=\"pt_BR\" \/>\n<meta property=\"og:type\" content=\"article\" \/>\n<meta property=\"og:title\" content=\"Convoca\u00e7\u00e3o da XIX Congrega\u00e7\u00e3o Geral - Hijas de Jes\u00fas\" \/>\n<meta property=\"og:description\" content=\"Em 2 de abril, o Superior Geral convocar\u00e1 a Congrega\u00e7\u00e3o Geral XIX (#CG19), que ocorrer\u00e1 em Roma em 2025. A partir desse momento, todas as Filhas de Jesus estar\u00e3o na Congrega\u00e7\u00e3o Geral. Os momentos mais importantes ser\u00e3o: Reflex\u00e3o pessoal e comunit\u00e1ria para apresentar os postulados \u00e0 reuni\u00e3o das Filhas de Jesus em Roma. Celebra\u00e7\u00e3o das [&hellip;]\" \/>\n<meta property=\"og:url\" content=\"https:\/\/hijasdejesus.org\/pt-br\/events\/convocacao-da-xix-congregacao-geral\/\" \/>\n<meta property=\"og:site_name\" content=\"Hijas de Jes\u00fas\" \/>\n<meta property=\"article:publisher\" content=\"https:\/\/www.facebook.com\/hijasdejesusenelmundo\/\" \/>\n<meta property=\"article:modified_time\" content=\"2024-03-30T16:13:01+00:00\" \/>\n<meta name=\"twitter:card\" content=\"summary_large_image\" \/>\n<meta name=\"twitter:site\" content=\"@hijasdjesus\" \/>\n<script type=\"application\/ld+json\" class=\"yoast-schema-graph\">{\"@context\":\"https:\\\/\\\/schema.org\",\"@graph\":[{\"@type\":\"WebPage\",\"@id\":\"https:\\\/\\\/hijasdejesus.org\\\/pt-br\\\/events\\\/convocacao-da-xix-congregacao-geral\\\/\",\"url\":\"https:\\\/\\\/hijasdejesus.org\\\/pt-br\\\/events\\\/convocacao-da-xix-congregacao-geral\\\/\",\"name\":\"Convoca\u00e7\u00e3o da XIX Congrega\u00e7\u00e3o Geral - Hijas de Jes\u00fas\",\"isPartOf\":{\"@id\":\"https:\\\/\\\/hijasdejesus.org\\\/pt-br\\\/#website\"},\"datePublished\":\"2024-03-29T07:51:52+00:00\",\"dateModified\":\"2024-03-30T16:13:01+00:00\",\"breadcrumb\":{\"@id\":\"https:\\\/\\\/hijasdejesus.org\\\/pt-br\\\/events\\\/convocacao-da-xix-congregacao-geral\\\/#breadcrumb\"},\"inLanguage\":\"pt-BR\",\"potentialAction\":[{\"@type\":\"ReadAction\",\"target\":[\"https:\\\/\\\/hijasdejesus.org\\\/pt-br\\\/events\\\/convocacao-da-xix-congregacao-geral\\\/\"]}]},{\"@type\":\"BreadcrumbList\",\"@id\":\"https:\\\/\\\/hijasdejesus.org\\\/pt-br\\\/events\\\/convocacao-da-xix-congregacao-geral\\\/#breadcrumb\",\"itemListElement\":[{\"@type\":\"ListItem\",\"position\":1,\"name\":\"Portada\",\"item\":\"https:\\\/\\\/hijasdejesus.org\\\/pt-br\\\/\"},{\"@type\":\"ListItem\",\"position\":2,\"name\":\"Eventos\",\"item\":\"https:\\\/\\\/hijasdejesus.org\\\/pt-br\\\/events\\\/\"},{\"@type\":\"ListItem\",\"position\":3,\"name\":\"Convoca\u00e7\u00e3o da XIX Congrega\u00e7\u00e3o Geral\"}]},{\"@type\":\"WebSite\",\"@id\":\"https:\\\/\\\/hijasdejesus.org\\\/pt-br\\\/#website\",\"url\":\"https:\\\/\\\/hijasdejesus.org\\\/pt-br\\\/\",\"name\":\"Hijas de Jes\u00fas\",\"description\":\"Despertamos a Jes\u00fas en el coraz\u00f3n, sacando lo mejor de las personas. Somos una congregaci\u00f3n religiosa ignaciana fundada por la Madre Candida\",\"publisher\":{\"@id\":\"https:\\\/\\\/hijasdejesus.org\\\/pt-br\\\/#organization\"},\"potentialAction\":[{\"@type\":\"SearchAction\",\"target\":{\"@type\":\"EntryPoint\",\"urlTemplate\":\"https:\\\/\\\/hijasdejesus.org\\\/pt-br\\\/?s={search_term_string}\"},\"query-input\":{\"@type\":\"PropertyValueSpecification\",\"valueRequired\":true,\"valueName\":\"search_term_string\"}}],\"inLanguage\":\"pt-BR\"},{\"@type\":\"Organization\",\"@id\":\"https:\\\/\\\/hijasdejesus.org\\\/pt-br\\\/#organization\",\"name\":\"Hijas de Jes\u00fas\",\"url\":\"https:\\\/\\\/hijasdejesus.org\\\/pt-br\\\/\",\"logo\":{\"@type\":\"ImageObject\",\"inLanguage\":\"pt-BR\",\"@id\":\"https:\\\/\\\/hijasdejesus.org\\\/pt-br\\\/#\\\/schema\\\/logo\\\/image\\\/\",\"url\":\"https:\\\/\\\/hijasdejesus.org\\\/wp-content\\\/uploads\\\/2023\\\/01\\\/Hijas-de-Jesus_hor-A7C957.png\",\"contentUrl\":\"https:\\\/\\\/hijasdejesus.org\\\/wp-content\\\/uploads\\\/2023\\\/01\\\/Hijas-de-Jesus_hor-A7C957.png\",\"width\":700,\"height\":360,\"caption\":\"Hijas de Jes\u00fas\"},\"image\":{\"@id\":\"https:\\\/\\\/hijasdejesus.org\\\/pt-br\\\/#\\\/schema\\\/logo\\\/image\\\/\"},\"sameAs\":[\"https:\\\/\\\/www.facebook.com\\\/hijasdejesusenelmundo\\\/\",\"https:\\\/\\\/x.com\\\/hijasdjesus\"]}]}<\/script>\n<!-- \/ Yoast SEO plugin. -->","yoast_head_json":{"title":"Convoca\u00e7\u00e3o da XIX Congrega\u00e7\u00e3o Geral - Hijas de Jes\u00fas","robots":{"index":"index","follow":"follow","max-snippet":"max-snippet:-1","max-image-preview":"max-image-preview:large","max-video-preview":"max-video-preview:-1"},"canonical":"https:\/\/hijasdejesus.org\/pt-br\/events\/convocacao-da-xix-congregacao-geral\/","og_locale":"pt_BR","og_type":"article","og_title":"Convoca\u00e7\u00e3o da XIX Congrega\u00e7\u00e3o Geral - Hijas de Jes\u00fas","og_description":"Em 2 de abril, o Superior Geral convocar\u00e1 a Congrega\u00e7\u00e3o Geral XIX (#CG19), que ocorrer\u00e1 em Roma em 2025. A partir desse momento, todas as Filhas de Jesus estar\u00e3o na Congrega\u00e7\u00e3o Geral. Os momentos mais importantes ser\u00e3o: Reflex\u00e3o pessoal e comunit\u00e1ria para apresentar os postulados \u00e0 reuni\u00e3o das Filhas de Jesus em Roma. Celebra\u00e7\u00e3o das [&hellip;]","og_url":"https:\/\/hijasdejesus.org\/pt-br\/events\/convocacao-da-xix-congregacao-geral\/","og_site_name":"Hijas de Jes\u00fas","article_publisher":"https:\/\/www.facebook.com\/hijasdejesusenelmundo\/","article_modified_time":"2024-03-30T16:13:01+00:00","twitter_card":"summary_large_image","twitter_site":"@hijasdjesus","schema":{"@context":"https:\/\/schema.org","@graph":[{"@type":"WebPage","@id":"https:\/\/hijasdejesus.org\/pt-br\/events\/convocacao-da-xix-congregacao-geral\/","url":"https:\/\/hijasdejesus.org\/pt-br\/events\/convocacao-da-xix-congregacao-geral\/","name":"Convoca\u00e7\u00e3o da XIX Congrega\u00e7\u00e3o Geral - Hijas de Jes\u00fas","isPartOf":{"@id":"https:\/\/hijasdejesus.org\/pt-br\/#website"},"datePublished":"2024-03-29T07:51:52+00:00","dateModified":"2024-03-30T16:13:01+00:00","breadcrumb":{"@id":"https:\/\/hijasdejesus.org\/pt-br\/events\/convocacao-da-xix-congregacao-geral\/#breadcrumb"},"inLanguage":"pt-BR","potentialAction":[{"@type":"ReadAction","target":["https:\/\/hijasdejesus.org\/pt-br\/events\/convocacao-da-xix-congregacao-geral\/"]}]},{"@type":"BreadcrumbList","@id":"https:\/\/hijasdejesus.org\/pt-br\/events\/convocacao-da-xix-congregacao-geral\/#breadcrumb","itemListElement":[{"@type":"ListItem","position":1,"name":"Portada","item":"https:\/\/hijasdejesus.org\/pt-br\/"},{"@type":"ListItem","position":2,"name":"Eventos","item":"https:\/\/hijasdejesus.org\/pt-br\/events\/"},{"@type":"ListItem","position":3,"name":"Convoca\u00e7\u00e3o da XIX Congrega\u00e7\u00e3o Geral"}]},{"@type":"WebSite","@id":"https:\/\/hijasdejesus.org\/pt-br\/#website","url":"https:\/\/hijasdejesus.org\/pt-br\/","name":"Hijas de Jes\u00fas","description":"Despertamos a Jes\u00fas en el coraz\u00f3n, sacando lo mejor de las personas. Somos una congregaci\u00f3n religiosa ignaciana fundada por la Madre Candida","publisher":{"@id":"https:\/\/hijasdejesus.org\/pt-br\/#organization"},"potentialAction":[{"@type":"SearchAction","target":{"@type":"EntryPoint","urlTemplate":"https:\/\/hijasdejesus.org\/pt-br\/?s={search_term_string}"},"query-input":{"@type":"PropertyValueSpecification","valueRequired":true,"valueName":"search_term_string"}}],"inLanguage":"pt-BR"},{"@type":"Organization","@id":"https:\/\/hijasdejesus.org\/pt-br\/#organization","name":"Hijas de Jes\u00fas","url":"https:\/\/hijasdejesus.org\/pt-br\/","logo":{"@type":"ImageObject","inLanguage":"pt-BR","@id":"https:\/\/hijasdejesus.org\/pt-br\/#\/schema\/logo\/image\/","url":"https:\/\/hijasdejesus.org\/wp-content\/uploads\/2023\/01\/Hijas-de-Jesus_hor-A7C957.png","contentUrl":"https:\/\/hijasdejesus.org\/wp-content\/uploads\/2023\/01\/Hijas-de-Jesus_hor-A7C957.png","width":700,"height":360,"caption":"Hijas de Jes\u00fas"},"image":{"@id":"https:\/\/hijasdejesus.org\/pt-br\/#\/schema\/logo\/image\/"},"sameAs":["https:\/\/www.facebook.com\/hijasdejesusenelmundo\/","https:\/\/x.com\/hijasdjesus"]}]}},"_links":{"self":[{"href":"https:\/\/hijasdejesus.org\/pt-br\/wp-json\/wp\/v2\/mec-events\/38969","targetHints":{"allow":["GET"]}}],"collection":[{"href":"https:\/\/hijasdejesus.org\/pt-br\/wp-json\/wp\/v2\/mec-events"}],"about":[{"href":"https:\/\/hijasdejesus.org\/pt-br\/wp-json\/wp\/v2\/types\/mec-events"}],"author":[{"embeddable":true,"href":"https:\/\/hijasdejesus.org\/pt-br\/wp-json\/wp\/v2\/users\/7"}],"replies":[{"embeddable":true,"href":"https:\/\/hijasdejesus.org\/pt-br\/wp-json\/wp\/v2\/comments?post=38969"}],"wp:attachment":[{"href":"https:\/\/hijasdejesus.org\/pt-br\/wp-json\/wp\/v2\/media?parent=38969"}],"wp:term":[{"taxonomy":"post_tag","embeddable":true,"href":"https:\/\/hijasdejesus.org\/pt-br\/wp-json\/wp\/v2\/tags?post=38969"},{"taxonomy":"mec_category","embeddable":true,"href":"https:\/\/hijasdejesus.org\/pt-br\/wp-json\/wp\/v2\/mec_category?post=38969"}],"curies":[{"name":"wp","href":"https:\/\/api.w.org\/{rel}","templated":true}]}}

Convocação da XIX Congregação Geral

<h4>Em 2 de abril, o Superior Geral convocará a Congregação Geral XIX (#CG19), que ocorrerá em Roma em 2025. A partir desse momento, todas as Filhas de Jesus estarão na Congregação Geral. Os momentos mais importantes serão:</h4>
<ul>
<li>
<h4>Reflexão pessoal e comunitária para apresentar os postulados à reunião das Filhas de Jesus em Roma.</h4>
</li>
<li>
<h4>Celebração das Congregações Provinciais e eleição das Filhas de Jesus que irão a Roma.</h4>
</li>
<li>
<h4>Celebração da XIX Congregação Geral.</h4>
</li>
</ul>
<h4>Nós o manteremos informado e explicaremos tudo em nosso site.</h4>

<p>Em 2 de abril, o Superior Geral convocará a Congregação Geral XIX (#CG19), que ocorrerá em Roma em 2025. A partir desse momento, todas as Filhas de Jesus estarão na Congregação Geral. Os momentos mais importantes serão: Reflexão pessoal e comunitária para apresentar os postulados à reunião das Filhas de Jesus em Roma. Celebração das [&hellip;]</p>

<!-- This site is optimized with the Yoast SEO plugin v27.5 - https://yoast.com/product/yoast-seo-wordpress/ -->
<title>Convocação da XIX Congregação Geral - Hijas de Jesús</title>
<meta name="robots" content="index, follow, max-snippet:-1, max-image-preview:large, max-video-preview:-1" />
<link rel="canonical" href="https://hijasdejesus.org/pt-br/events/convocacao-da-xix-congregacao-geral/" />
<meta property="og:locale" content="pt_BR" />
<meta property="og:type" content="article" />
<meta property="og:title" content="Convocação da XIX Congregação Geral - Hijas de Jesús" />
<meta property="og:description" content="Em 2 de abril, o Superior Geral convocará a Congregação Geral XIX (#CG19), que ocorrerá em Roma em 2025. A partir desse momento, todas as Filhas de Jesus estarão na Congregação Geral. Os momentos mais importantes serão: Reflexão pessoal e comunitária para apresentar os postulados à reunião das Filhas de Jesus em Roma. Celebração das [&hellip;]" />
<meta property="og:url" content="https://hijasdejesus.org/pt-br/events/convocacao-da-xix-congregacao-geral/" />
<meta property="og:site_name" content="Hijas de Jesús" />
<meta property="article:publisher" content="https://www.facebook.com/hijasdejesusenelmundo/" />
<meta property="article:modified_time" content="2024-03-30T16:13:01+00:00" />
<meta name="twitter:card" content="summary_large_image" />
<meta name="twitter:site" content="@hijasdjesus" />
<script type="application/ld+json" class="yoast-schema-graph">{"@context":"https:\/\/schema.org","@graph":[{"@type":"WebPage","@id":"https:\/\/hijasdejesus.org\/pt-br\/events\/convocacao-da-xix-congregacao-geral\/","url":"https:\/\/hijasdejesus.org\/pt-br\/events\/convocacao-da-xix-congregacao-geral\/","name":"Convocação da XIX Congregação Geral - Hijas de Jesús","isPartOf":{"@id":"https:\/\/hijasdejesus.org\/pt-br\/#website"},"datePublished":"2024-03-29T07:51:52+00:00","dateModified":"2024-03-30T16:13:01+00:00","breadcrumb":{"@id":"https:\/\/hijasdejesus.org\/pt-br\/events\/convocacao-da-xix-congregacao-geral\/#breadcrumb"},"inLanguage":"pt-BR","potentialAction":[{"@type":"ReadAction","target":["https:\/\/hijasdejesus.org\/pt-br\/events\/convocacao-da-xix-congregacao-geral\/"]}]},{"@type":"BreadcrumbList","@id":"https:\/\/hijasdejesus.org\/pt-br\/events\/convocacao-da-xix-congregacao-geral\/#breadcrumb","itemListElement":[{"@type":"ListItem","position":1,"name":"Portada","item":"https:\/\/hijasdejesus.org\/pt-br\/"},{"@type":"ListItem","position":2,"name":"Eventos","item":"https:\/\/hijasdejesus.org\/pt-br\/events\/"},{"@type":"ListItem","position":3,"name":"Convocação da XIX Congregação Geral"}]},{"@type":"WebSite","@id":"https:\/\/hijasdejesus.org\/pt-br\/#website","url":"https:\/\/hijasdejesus.org\/pt-br\/","name":"Hijas de Jesús","description":"Despertamos a Jesús en el corazón, sacando lo mejor de las personas. Somos una congregación religiosa ignaciana fundada por la Madre Candida","publisher":{"@id":"https:\/\/hijasdejesus.org\/pt-br\/#organization"},"potentialAction":[{"@type":"SearchAction","target":{"@type":"EntryPoint","urlTemplate":"https:\/\/hijasdejesus.org\/pt-br\/?s={search_term_string}"},"query-input":{"@type":"PropertyValueSpecification","valueRequired":true,"valueName":"search_term_string"}}],"inLanguage":"pt-BR"},{"@type":"Organization","@id":"https:\/\/hijasdejesus.org\/pt-br\/#organization","name":"Hijas de Jesús","url":"https:\/\/hijasdejesus.org\/pt-br\/","logo":{"@type":"ImageObject","inLanguage":"pt-BR","@id":"https:\/\/hijasdejesus.org\/pt-br\/#\/schema\/logo\/image\/","url":"https:\/\/hijasdejesus.org\/wp-content\/uploads\/2023\/01\/Hijas-de-Jesus_hor-A7C957.png","contentUrl":"https:\/\/hijasdejesus.org\/wp-content\/uploads\/2023\/01\/Hijas-de-Jesus_hor-A7C957.png","width":700,"height":360,"caption":"Hijas de Jesús"},"image":{"@id":"https:\/\/hijasdejesus.org\/pt-br\/#\/schema\/logo\/image\/"},"sameAs":["https:\/\/www.facebook.com\/hijasdejesusenelmundo\/","https:\/\/x.com\/hijasdjesus"]}]}</script>
<!-- / Yoast SEO plugin. -->

Convocação da XIX Congregação Geral - Hijas de Jesús

Em 2 de abril, o Superior Geral convocará a Congregação Geral XIX (#CG19), que ocorrerá em Roma em 2025. A partir desse momento, todas as Filhas de Jesus estarão na Congregação Geral. Os momentos mais importantes serão: Reflexão pessoal e comunitária para apresentar os postulados à reunião das Filhas de Jesus em Roma. Celebração das [&hellip;]

Hijas de Jesús

Despertamos a Jesús en el corazón, sacando lo mejor de las personas. Somos una congregación religiosa ignaciana fundada por la Madre Candida
