{"id":45966,"date":"2022-05-30T14:52:33","date_gmt":"2022-05-30T12:52:33","guid":{"rendered":"https:\/\/hijasdejesus.org\/vidas\/mae-candida\/"},"modified":"2025-03-05T08:35:18","modified_gmt":"2025-03-05T07:35:18","slug":"mae-candida","status":"publish","type":"vidas","link":"https:\/\/hijasdejesus.org\/pt-br\/vidas\/mae-candida\/","title":{"rendered":"M\u00e3e C\u00e2ndida"},"content":{"rendered":"\n<p>Ela se sente profundamente<strong> amada por Jesus<\/strong>, Deus feito homem, a quem ela vive como Pai, cujo Esp\u00edrito ela deseja. Sens\u00edvel a tudo o que acontece, ela <strong>quer ser somente para Deus<\/strong>, para fazer a vontade Dele em tudo. Cada passo que deu, cada decis\u00e3o que tomou at\u00e9 a idade de 24 anos (quando ouviu claramente o chamado para fundar a Congrega\u00e7\u00e3o) foi impulsionado por esse desejo: &#8220;Fazer o que Deus quis e somente o que Deus quis&#8221;.  <\/p>\n\n<p><strong>Maria<\/strong>, sob o t\u00edtulo de Imaculada Concei\u00e7\u00e3o, era M\u00e3e e Conselheira, Estrela e Confidente, a &#8220;verdadeira fundadora da Congrega\u00e7\u00e3o&#8221;, como ela dizia. Ela tinha um amor filial por ela. <strong>Ela consultava Nossa Senhora para cada decis\u00e3o importante<\/strong>. <\/p>\n\n<p>Ela amava <strong>a Igreja<\/strong>, <strong>os pobres<\/strong>, <strong>as Filhas de Jesus <\/strong>e <strong>seus alunos<\/strong>. Amava as pessoas com as quais se relacionava; <strong>a fam\u00edlia Sabater<\/strong>, com quem trabalhou como empregada desde jovem; <strong>o Pe. Herranz<\/strong>, seu confessor e uma grande ajuda no in\u00edcio da Congrega\u00e7\u00e3o.   <\/p>\n\n<p>Ele amava o cotidiano e as coisas simples. Ele amava <strong>tudo em Cristo<\/strong>. <\/p>\n\n<p>Madre C\u00e2ndida amava tanto a Deus <strong>em palavras e a\u00e7\u00f5es<\/strong> que morreu &#8220;muito tranquilamente&#8221; porque n\u00e3o conseguia se lembrar de um momento de sua vida que n\u00e3o tivesse sido para Ele.  <\/p>\n","protected":false},"excerpt":{"rendered":"<p>Juana Josefa, Juanitatxo, amava sua fam\u00edlia, falava com carinho de seus pais, irm\u00e3s e av\u00f3s; amava sua terra, as altas montanhas verdes de Andoain, sua cidade natal, seus rios de \u00e1gua fresca e limpa, as flores silvestres que cresciam em suas margens.<\/p>\n","protected":false},"featured_media":36620,"template":"","meta":{"_et_pb_use_builder":"","_et_pb_old_content":"","_et_gb_content_width":"","_links_to":"","_links_to_target":""},"categories":[],"tags":[],"class_list":["post-45966","vidas","type-vidas","status-publish","has-post-thumbnail","hentry"],"yoast_head":"<!-- This site is optimized with the Yoast SEO plugin v27.5 - https:\/\/yoast.com\/product\/yoast-seo-wordpress\/ -->\n<title>M\u00e3e C\u00e2ndida - Hijas de Jes\u00fas<\/title>\n<meta name=\"robots\" content=\"index, follow, max-snippet:-1, max-image-preview:large, max-video-preview:-1\" \/>\n<link rel=\"canonical\" href=\"https:\/\/hijasdejesus.org\/pt-br\/vidas\/mae-candida\/\" \/>\n<meta property=\"og:locale\" content=\"pt_BR\" \/>\n<meta property=\"og:type\" content=\"article\" \/>\n<meta property=\"og:title\" content=\"M\u00e3e C\u00e2ndida - Hijas de Jes\u00fas\" \/>\n<meta property=\"og:description\" content=\"Juana Josefa, Juanitatxo, amava sua fam\u00edlia, falava com carinho de seus pais, irm\u00e3s e av\u00f3s; amava sua terra, as altas montanhas verdes de Andoain, sua cidade natal, seus rios de \u00e1gua fresca e limpa, as flores silvestres que cresciam em suas margens.\" \/>\n<meta property=\"og:url\" content=\"https:\/\/hijasdejesus.org\/pt-br\/vidas\/mae-candida\/\" \/>\n<meta property=\"og:site_name\" content=\"Hijas de Jes\u00fas\" \/>\n<meta property=\"article:publisher\" content=\"https:\/\/www.facebook.com\/hijasdejesusenelmundo\/\" \/>\n<meta property=\"article:modified_time\" content=\"2025-03-05T07:35:18+00:00\" \/>\n<meta property=\"og:image\" content=\"https:\/\/hijasdejesus.org\/wp-content\/uploads\/2023\/05\/MADRE_CANDIDA_AZUL-scaled.jpg\" \/>\n\t<meta property=\"og:image:width\" content=\"2560\" \/>\n\t<meta property=\"og:image:height\" content=\"2060\" \/>\n\t<meta property=\"og:image:type\" content=\"image\/jpeg\" \/>\n<meta name=\"twitter:card\" content=\"summary_large_image\" \/>\n<meta name=\"twitter:site\" content=\"@hijasdjesus\" \/>\n<meta name=\"twitter:label1\" content=\"Est. tempo de leitura\" \/>\n\t<meta name=\"twitter:data1\" content=\"1 minuto\" \/>\n<script type=\"application\/ld+json\" class=\"yoast-schema-graph\">{\"@context\":\"https:\\\/\\\/schema.org\",\"@graph\":[{\"@type\":\"WebPage\",\"@id\":\"https:\\\/\\\/hijasdejesus.org\\\/pt-br\\\/vidas\\\/mae-candida\\\/\",\"url\":\"https:\\\/\\\/hijasdejesus.org\\\/pt-br\\\/vidas\\\/mae-candida\\\/\",\"name\":\"M\u00e3e C\u00e2ndida - Hijas de Jes\u00fas\",\"isPartOf\":{\"@id\":\"https:\\\/\\\/hijasdejesus.org\\\/pt-br\\\/#website\"},\"primaryImageOfPage\":{\"@id\":\"https:\\\/\\\/hijasdejesus.org\\\/pt-br\\\/vidas\\\/mae-candida\\\/#primaryimage\"},\"image\":{\"@id\":\"https:\\\/\\\/hijasdejesus.org\\\/pt-br\\\/vidas\\\/mae-candida\\\/#primaryimage\"},\"thumbnailUrl\":\"https:\\\/\\\/hijasdejesus.org\\\/wp-content\\\/uploads\\\/2023\\\/05\\\/MADRE_CANDIDA_AZUL-scaled.jpg\",\"datePublished\":\"2022-05-30T12:52:33+00:00\",\"dateModified\":\"2025-03-05T07:35:18+00:00\",\"breadcrumb\":{\"@id\":\"https:\\\/\\\/hijasdejesus.org\\\/pt-br\\\/vidas\\\/mae-candida\\\/#breadcrumb\"},\"inLanguage\":\"pt-BR\",\"potentialAction\":[{\"@type\":\"ReadAction\",\"target\":[\"https:\\\/\\\/hijasdejesus.org\\\/pt-br\\\/vidas\\\/mae-candida\\\/\"]}]},{\"@type\":\"ImageObject\",\"inLanguage\":\"pt-BR\",\"@id\":\"https:\\\/\\\/hijasdejesus.org\\\/pt-br\\\/vidas\\\/mae-candida\\\/#primaryimage\",\"url\":\"https:\\\/\\\/hijasdejesus.org\\\/wp-content\\\/uploads\\\/2023\\\/05\\\/MADRE_CANDIDA_AZUL-scaled.jpg\",\"contentUrl\":\"https:\\\/\\\/hijasdejesus.org\\\/wp-content\\\/uploads\\\/2023\\\/05\\\/MADRE_CANDIDA_AZUL-scaled.jpg\",\"width\":2560,\"height\":2060},{\"@type\":\"BreadcrumbList\",\"@id\":\"https:\\\/\\\/hijasdejesus.org\\\/pt-br\\\/vidas\\\/mae-candida\\\/#breadcrumb\",\"itemListElement\":[{\"@type\":\"ListItem\",\"position\":1,\"name\":\"Portada\",\"item\":\"https:\\\/\\\/hijasdejesus.org\\\/pt-br\\\/\"},{\"@type\":\"ListItem\",\"position\":2,\"name\":\"Vida\",\"item\":\"https:\\\/\\\/hijasdejesus.org\\\/pt-br\\\/vidas\\\/\"},{\"@type\":\"ListItem\",\"position\":3,\"name\":\"M\u00e3e C\u00e2ndida\"}]},{\"@type\":\"WebSite\",\"@id\":\"https:\\\/\\\/hijasdejesus.org\\\/pt-br\\\/#website\",\"url\":\"https:\\\/\\\/hijasdejesus.org\\\/pt-br\\\/\",\"name\":\"Hijas de Jes\u00fas\",\"description\":\"Despertamos a Jes\u00fas en el coraz\u00f3n, sacando lo mejor de las personas. Somos una congregaci\u00f3n religiosa ignaciana fundada por la Madre Candida\",\"publisher\":{\"@id\":\"https:\\\/\\\/hijasdejesus.org\\\/pt-br\\\/#organization\"},\"potentialAction\":[{\"@type\":\"SearchAction\",\"target\":{\"@type\":\"EntryPoint\",\"urlTemplate\":\"https:\\\/\\\/hijasdejesus.org\\\/pt-br\\\/?s={search_term_string}\"},\"query-input\":{\"@type\":\"PropertyValueSpecification\",\"valueRequired\":true,\"valueName\":\"search_term_string\"}}],\"inLanguage\":\"pt-BR\"},{\"@type\":\"Organization\",\"@id\":\"https:\\\/\\\/hijasdejesus.org\\\/pt-br\\\/#organization\",\"name\":\"Hijas de Jes\u00fas\",\"url\":\"https:\\\/\\\/hijasdejesus.org\\\/pt-br\\\/\",\"logo\":{\"@type\":\"ImageObject\",\"inLanguage\":\"pt-BR\",\"@id\":\"https:\\\/\\\/hijasdejesus.org\\\/pt-br\\\/#\\\/schema\\\/logo\\\/image\\\/\",\"url\":\"https:\\\/\\\/hijasdejesus.org\\\/wp-content\\\/uploads\\\/2023\\\/01\\\/Hijas-de-Jesus_hor-A7C957.png\",\"contentUrl\":\"https:\\\/\\\/hijasdejesus.org\\\/wp-content\\\/uploads\\\/2023\\\/01\\\/Hijas-de-Jesus_hor-A7C957.png\",\"width\":700,\"height\":360,\"caption\":\"Hijas de Jes\u00fas\"},\"image\":{\"@id\":\"https:\\\/\\\/hijasdejesus.org\\\/pt-br\\\/#\\\/schema\\\/logo\\\/image\\\/\"},\"sameAs\":[\"https:\\\/\\\/www.facebook.com\\\/hijasdejesusenelmundo\\\/\",\"https:\\\/\\\/x.com\\\/hijasdjesus\"]}]}<\/script>\n<!-- \/ Yoast SEO plugin. -->","yoast_head_json":{"title":"M\u00e3e C\u00e2ndida - Hijas de Jes\u00fas","robots":{"index":"index","follow":"follow","max-snippet":"max-snippet:-1","max-image-preview":"max-image-preview:large","max-video-preview":"max-video-preview:-1"},"canonical":"https:\/\/hijasdejesus.org\/pt-br\/vidas\/mae-candida\/","og_locale":"pt_BR","og_type":"article","og_title":"M\u00e3e C\u00e2ndida - Hijas de Jes\u00fas","og_description":"Juana Josefa, Juanitatxo, amava sua fam\u00edlia, falava com carinho de seus pais, irm\u00e3s e av\u00f3s; amava sua terra, as altas montanhas verdes de Andoain, sua cidade natal, seus rios de \u00e1gua fresca e limpa, as flores silvestres que cresciam em suas margens.","og_url":"https:\/\/hijasdejesus.org\/pt-br\/vidas\/mae-candida\/","og_site_name":"Hijas de Jes\u00fas","article_publisher":"https:\/\/www.facebook.com\/hijasdejesusenelmundo\/","article_modified_time":"2025-03-05T07:35:18+00:00","og_image":[{"width":2560,"height":2060,"url":"https:\/\/hijasdejesus.org\/wp-content\/uploads\/2023\/05\/MADRE_CANDIDA_AZUL-scaled.jpg","type":"image\/jpeg"}],"twitter_card":"summary_large_image","twitter_site":"@hijasdjesus","twitter_misc":{"Est. tempo de leitura":"1 minuto"},"schema":{"@context":"https:\/\/schema.org","@graph":[{"@type":"WebPage","@id":"https:\/\/hijasdejesus.org\/pt-br\/vidas\/mae-candida\/","url":"https:\/\/hijasdejesus.org\/pt-br\/vidas\/mae-candida\/","name":"M\u00e3e C\u00e2ndida - Hijas de Jes\u00fas","isPartOf":{"@id":"https:\/\/hijasdejesus.org\/pt-br\/#website"},"primaryImageOfPage":{"@id":"https:\/\/hijasdejesus.org\/pt-br\/vidas\/mae-candida\/#primaryimage"},"image":{"@id":"https:\/\/hijasdejesus.org\/pt-br\/vidas\/mae-candida\/#primaryimage"},"thumbnailUrl":"https:\/\/hijasdejesus.org\/wp-content\/uploads\/2023\/05\/MADRE_CANDIDA_AZUL-scaled.jpg","datePublished":"2022-05-30T12:52:33+00:00","dateModified":"2025-03-05T07:35:18+00:00","breadcrumb":{"@id":"https:\/\/hijasdejesus.org\/pt-br\/vidas\/mae-candida\/#breadcrumb"},"inLanguage":"pt-BR","potentialAction":[{"@type":"ReadAction","target":["https:\/\/hijasdejesus.org\/pt-br\/vidas\/mae-candida\/"]}]},{"@type":"ImageObject","inLanguage":"pt-BR","@id":"https:\/\/hijasdejesus.org\/pt-br\/vidas\/mae-candida\/#primaryimage","url":"https:\/\/hijasdejesus.org\/wp-content\/uploads\/2023\/05\/MADRE_CANDIDA_AZUL-scaled.jpg","contentUrl":"https:\/\/hijasdejesus.org\/wp-content\/uploads\/2023\/05\/MADRE_CANDIDA_AZUL-scaled.jpg","width":2560,"height":2060},{"@type":"BreadcrumbList","@id":"https:\/\/hijasdejesus.org\/pt-br\/vidas\/mae-candida\/#breadcrumb","itemListElement":[{"@type":"ListItem","position":1,"name":"Portada","item":"https:\/\/hijasdejesus.org\/pt-br\/"},{"@type":"ListItem","position":2,"name":"Vida","item":"https:\/\/hijasdejesus.org\/pt-br\/vidas\/"},{"@type":"ListItem","position":3,"name":"M\u00e3e C\u00e2ndida"}]},{"@type":"WebSite","@id":"https:\/\/hijasdejesus.org\/pt-br\/#website","url":"https:\/\/hijasdejesus.org\/pt-br\/","name":"Hijas de Jes\u00fas","description":"Despertamos a Jes\u00fas en el coraz\u00f3n, sacando lo mejor de las personas. Somos una congregaci\u00f3n religiosa ignaciana fundada por la Madre Candida","publisher":{"@id":"https:\/\/hijasdejesus.org\/pt-br\/#organization"},"potentialAction":[{"@type":"SearchAction","target":{"@type":"EntryPoint","urlTemplate":"https:\/\/hijasdejesus.org\/pt-br\/?s={search_term_string}"},"query-input":{"@type":"PropertyValueSpecification","valueRequired":true,"valueName":"search_term_string"}}],"inLanguage":"pt-BR"},{"@type":"Organization","@id":"https:\/\/hijasdejesus.org\/pt-br\/#organization","name":"Hijas de Jes\u00fas","url":"https:\/\/hijasdejesus.org\/pt-br\/","logo":{"@type":"ImageObject","inLanguage":"pt-BR","@id":"https:\/\/hijasdejesus.org\/pt-br\/#\/schema\/logo\/image\/","url":"https:\/\/hijasdejesus.org\/wp-content\/uploads\/2023\/01\/Hijas-de-Jesus_hor-A7C957.png","contentUrl":"https:\/\/hijasdejesus.org\/wp-content\/uploads\/2023\/01\/Hijas-de-Jesus_hor-A7C957.png","width":700,"height":360,"caption":"Hijas de Jes\u00fas"},"image":{"@id":"https:\/\/hijasdejesus.org\/pt-br\/#\/schema\/logo\/image\/"},"sameAs":["https:\/\/www.facebook.com\/hijasdejesusenelmundo\/","https:\/\/x.com\/hijasdjesus"]}]}},"_links":{"self":[{"href":"https:\/\/hijasdejesus.org\/pt-br\/wp-json\/wp\/v2\/vidas\/45966","targetHints":{"allow":["GET"]}}],"collection":[{"href":"https:\/\/hijasdejesus.org\/pt-br\/wp-json\/wp\/v2\/vidas"}],"about":[{"href":"https:\/\/hijasdejesus.org\/pt-br\/wp-json\/wp\/v2\/types\/vidas"}],"wp:featuredmedia":[{"embeddable":true,"href":"https:\/\/hijasdejesus.org\/pt-br\/wp-json\/wp\/v2\/media\/36620"}],"wp:attachment":[{"href":"https:\/\/hijasdejesus.org\/pt-br\/wp-json\/wp\/v2\/media?parent=45966"}],"wp:term":[{"taxonomy":"category","embeddable":true,"href":"https:\/\/hijasdejesus.org\/pt-br\/wp-json\/wp\/v2\/categories?post=45966"},{"taxonomy":"post_tag","embeddable":true,"href":"https:\/\/hijasdejesus.org\/pt-br\/wp-json\/wp\/v2\/tags?post=45966"}],"curies":[{"name":"wp","href":"https:\/\/api.w.org\/{rel}","templated":true}]}}

Mãe Cândida

<p>Ela se sente profundamente<strong> amada por Jesus</strong>, Deus feito homem, a quem ela vive como Pai, cujo Espírito ela deseja. Sensível a tudo o que acontece, ela <strong>quer ser somente para Deus</strong>, para fazer a vontade Dele em tudo. Cada passo que deu, cada decisão que tomou até a idade de 24 anos (quando ouviu claramente o chamado para fundar a Congregação) foi impulsionado por esse desejo: &#8220;Fazer o que Deus quis e somente o que Deus quis&#8221;.  </p>

<p><strong>Maria</strong>, sob o título de Imaculada Conceição, era Mãe e Conselheira, Estrela e Confidente, a &#8220;verdadeira fundadora da Congregação&#8221;, como ela dizia. Ela tinha um amor filial por ela. <strong>Ela consultava Nossa Senhora para cada decisão importante</strong>. </p>

<p>Ela amava <strong>a Igreja</strong>, <strong>os pobres</strong>, <strong>as Filhas de Jesus </strong>e <strong>seus alunos</strong>. Amava as pessoas com as quais se relacionava; <strong>a família Sabater</strong>, com quem trabalhou como empregada desde jovem; <strong>o Pe. Herranz</strong>, seu confessor e uma grande ajuda no início da Congregação.   </p>

<p>Ele amava o cotidiano e as coisas simples. Ele amava <strong>tudo em Cristo</strong>. </p>

<p>Madre Cândida amava tanto a Deus <strong>em palavras e ações</strong> que morreu &#8220;muito tranquilamente&#8221; porque não conseguia se lembrar de um momento de sua vida que não tivesse sido para Ele.  </p>

<p>Juana Josefa, Juanitatxo, amava sua família, falava com carinho de seus pais, irmãs e avós; amava sua terra, as altas montanhas verdes de Andoain, sua cidade natal, seus rios de água fresca e limpa, as flores silvestres que cresciam em suas margens.</p>

<!-- This site is optimized with the Yoast SEO plugin v27.5 - https://yoast.com/product/yoast-seo-wordpress/ -->
<title>Mãe Cândida - Hijas de Jesús</title>
<meta name="robots" content="index, follow, max-snippet:-1, max-image-preview:large, max-video-preview:-1" />
<link rel="canonical" href="https://hijasdejesus.org/pt-br/vidas/mae-candida/" />
<meta property="og:locale" content="pt_BR" />
<meta property="og:type" content="article" />
<meta property="og:title" content="Mãe Cândida - Hijas de Jesús" />
<meta property="og:description" content="Juana Josefa, Juanitatxo, amava sua família, falava com carinho de seus pais, irmãs e avós; amava sua terra, as altas montanhas verdes de Andoain, sua cidade natal, seus rios de água fresca e limpa, as flores silvestres que cresciam em suas margens." />
<meta property="og:url" content="https://hijasdejesus.org/pt-br/vidas/mae-candida/" />
<meta property="og:site_name" content="Hijas de Jesús" />
<meta property="article:publisher" content="https://www.facebook.com/hijasdejesusenelmundo/" />
<meta property="article:modified_time" content="2025-03-05T07:35:18+00:00" />
<meta property="og:image" content="https://hijasdejesus.org/wp-content/uploads/2023/05/MADRE_CANDIDA_AZUL-scaled.jpg" />
	<meta property="og:image:width" content="2560" />
	<meta property="og:image:height" content="2060" />
	<meta property="og:image:type" content="image/jpeg" />
<meta name="twitter:card" content="summary_large_image" />
<meta name="twitter:site" content="@hijasdjesus" />
<meta name="twitter:label1" content="Est. tempo de leitura" />
	<meta name="twitter:data1" content="1 minuto" />
<script type="application/ld+json" class="yoast-schema-graph">{"@context":"https:\/\/schema.org","@graph":[{"@type":"WebPage","@id":"https:\/\/hijasdejesus.org\/pt-br\/vidas\/mae-candida\/","url":"https:\/\/hijasdejesus.org\/pt-br\/vidas\/mae-candida\/","name":"Mãe Cândida - Hijas de Jesús","isPartOf":{"@id":"https:\/\/hijasdejesus.org\/pt-br\/#website"},"primaryImageOfPage":{"@id":"https:\/\/hijasdejesus.org\/pt-br\/vidas\/mae-candida\/#primaryimage"},"image":{"@id":"https:\/\/hijasdejesus.org\/pt-br\/vidas\/mae-candida\/#primaryimage"},"thumbnailUrl":"https:\/\/hijasdejesus.org\/wp-content\/uploads\/2023\/05\/MADRE_CANDIDA_AZUL-scaled.jpg","datePublished":"2022-05-30T12:52:33+00:00","dateModified":"2025-03-05T07:35:18+00:00","breadcrumb":{"@id":"https:\/\/hijasdejesus.org\/pt-br\/vidas\/mae-candida\/#breadcrumb"},"inLanguage":"pt-BR","potentialAction":[{"@type":"ReadAction","target":["https:\/\/hijasdejesus.org\/pt-br\/vidas\/mae-candida\/"]}]},{"@type":"ImageObject","inLanguage":"pt-BR","@id":"https:\/\/hijasdejesus.org\/pt-br\/vidas\/mae-candida\/#primaryimage","url":"https:\/\/hijasdejesus.org\/wp-content\/uploads\/2023\/05\/MADRE_CANDIDA_AZUL-scaled.jpg","contentUrl":"https:\/\/hijasdejesus.org\/wp-content\/uploads\/2023\/05\/MADRE_CANDIDA_AZUL-scaled.jpg","width":2560,"height":2060},{"@type":"BreadcrumbList","@id":"https:\/\/hijasdejesus.org\/pt-br\/vidas\/mae-candida\/#breadcrumb","itemListElement":[{"@type":"ListItem","position":1,"name":"Portada","item":"https:\/\/hijasdejesus.org\/pt-br\/"},{"@type":"ListItem","position":2,"name":"Vida","item":"https:\/\/hijasdejesus.org\/pt-br\/vidas\/"},{"@type":"ListItem","position":3,"name":"Mãe Cândida"}]},{"@type":"WebSite","@id":"https:\/\/hijasdejesus.org\/pt-br\/#website","url":"https:\/\/hijasdejesus.org\/pt-br\/","name":"Hijas de Jesús","description":"Despertamos a Jesús en el corazón, sacando lo mejor de las personas. Somos una congregación religiosa ignaciana fundada por la Madre Candida","publisher":{"@id":"https:\/\/hijasdejesus.org\/pt-br\/#organization"},"potentialAction":[{"@type":"SearchAction","target":{"@type":"EntryPoint","urlTemplate":"https:\/\/hijasdejesus.org\/pt-br\/?s={search_term_string}"},"query-input":{"@type":"PropertyValueSpecification","valueRequired":true,"valueName":"search_term_string"}}],"inLanguage":"pt-BR"},{"@type":"Organization","@id":"https:\/\/hijasdejesus.org\/pt-br\/#organization","name":"Hijas de Jesús","url":"https:\/\/hijasdejesus.org\/pt-br\/","logo":{"@type":"ImageObject","inLanguage":"pt-BR","@id":"https:\/\/hijasdejesus.org\/pt-br\/#\/schema\/logo\/image\/","url":"https:\/\/hijasdejesus.org\/wp-content\/uploads\/2023\/01\/Hijas-de-Jesus_hor-A7C957.png","contentUrl":"https:\/\/hijasdejesus.org\/wp-content\/uploads\/2023\/01\/Hijas-de-Jesus_hor-A7C957.png","width":700,"height":360,"caption":"Hijas de Jesús"},"image":{"@id":"https:\/\/hijasdejesus.org\/pt-br\/#\/schema\/logo\/image\/"},"sameAs":["https:\/\/www.facebook.com\/hijasdejesusenelmundo\/","https:\/\/x.com\/hijasdjesus"]}]}</script>
<!-- / Yoast SEO plugin. -->

Mãe Cândida - Hijas de Jesús

Juana Josefa, Juanitatxo, amava sua família, falava com carinho de seus pais, irmãs e avós; amava sua terra, as altas montanhas verdes de Andoain, sua cidade natal, seus rios de água fresca e limpa, as flores silvestres que cresciam em suas margens.

Hijas de Jesús

Despertamos a Jesús en el corazón, sacando lo mejor de las personas. Somos una congregación religiosa ignaciana fundada por la Madre Candida
