{"id":46044,"date":"2024-03-01T12:05:33","date_gmt":"2024-03-01T11:05:33","guid":{"rendered":"https:\/\/hijasdejesus.org\/vidas\/teresa-garcia-roman\/"},"modified":"2025-03-05T08:40:26","modified_gmt":"2025-03-05T07:40:26","slug":"teresa-garcia-roman","status":"publish","type":"vidas","link":"https:\/\/hijasdejesus.org\/pt-br\/vidas\/teresa-garcia-roman\/","title":{"rendered":"Teresa Garc\u00eda Rom\u00e1n"},"content":{"rendered":"\n<p>Amo a vida, em suas muitas facetas, recebida do Senhor at\u00e9 este momento, e apoiada pela Congrega\u00e7\u00e3o, minha fam\u00edlia, os companheiros e as fam\u00edlias das diferentes comunidades educativas, catequistas e volunt\u00e1rios que encontrei ao longo do caminho que percorri. Amo minha voca\u00e7\u00e3o de educadora Filha de Jesus, que me ajudou a ampliar meus horizontes e a crescer como mulher e Filha de Jesus. Amo minha colabora\u00e7\u00e3o com a FASFI e a CARITAS, acolhendo, ouvindo e me comprometendo com as maiores necessidades no campo da pobreza hoje.  <\/p>\n","protected":false},"excerpt":{"rendered":"<p>Amo a vida, em suas muitas facetas, que recebi do Senhor at\u00e9 este momento.<\/p>\n","protected":false},"featured_media":38570,"template":"","meta":{"_et_pb_use_builder":"","_et_pb_old_content":"","_et_gb_content_width":"","_links_to":"","_links_to_target":""},"categories":[521],"tags":[],"class_list":["post-46044","vidas","type-vidas","status-publish","has-post-thumbnail","hentry","category-espanha-italia"],"yoast_head":"<!-- This site is optimized with the Yoast SEO plugin v27.5 - https:\/\/yoast.com\/product\/yoast-seo-wordpress\/ -->\n<title>Teresa Garc\u00eda Rom\u00e1n - Hijas de Jes\u00fas<\/title>\n<meta name=\"robots\" content=\"index, follow, max-snippet:-1, max-image-preview:large, max-video-preview:-1\" \/>\n<link rel=\"canonical\" href=\"https:\/\/hijasdejesus.org\/pt-br\/vidas\/teresa-garcia-roman\/\" \/>\n<meta property=\"og:locale\" content=\"pt_BR\" \/>\n<meta property=\"og:type\" content=\"article\" \/>\n<meta property=\"og:title\" content=\"Teresa Garc\u00eda Rom\u00e1n - Hijas de Jes\u00fas\" \/>\n<meta property=\"og:description\" content=\"Amo a vida, em suas muitas facetas, que recebi do Senhor at\u00e9 este momento.\" \/>\n<meta property=\"og:url\" content=\"https:\/\/hijasdejesus.org\/pt-br\/vidas\/teresa-garcia-roman\/\" \/>\n<meta property=\"og:site_name\" content=\"Hijas de Jes\u00fas\" \/>\n<meta property=\"article:publisher\" content=\"https:\/\/www.facebook.com\/hijasdejesusenelmundo\/\" \/>\n<meta property=\"article:modified_time\" content=\"2025-03-05T07:40:26+00:00\" \/>\n<meta property=\"og:image\" content=\"https:\/\/hijasdejesus.org\/wp-content\/uploads\/2024\/03\/Teresa-Garcia-Roman-20221110.jpg\" \/>\n\t<meta property=\"og:image:width\" content=\"1512\" \/>\n\t<meta property=\"og:image:height\" content=\"2016\" \/>\n\t<meta property=\"og:image:type\" content=\"image\/jpeg\" \/>\n<meta name=\"twitter:card\" content=\"summary_large_image\" \/>\n<meta name=\"twitter:site\" content=\"@hijasdjesus\" \/>\n<script type=\"application\/ld+json\" class=\"yoast-schema-graph\">{\"@context\":\"https:\\\/\\\/schema.org\",\"@graph\":[{\"@type\":\"WebPage\",\"@id\":\"https:\\\/\\\/hijasdejesus.org\\\/pt-br\\\/vidas\\\/teresa-garcia-roman\\\/\",\"url\":\"https:\\\/\\\/hijasdejesus.org\\\/pt-br\\\/vidas\\\/teresa-garcia-roman\\\/\",\"name\":\"Teresa Garc\u00eda Rom\u00e1n - Hijas de Jes\u00fas\",\"isPartOf\":{\"@id\":\"https:\\\/\\\/hijasdejesus.org\\\/pt-br\\\/#website\"},\"primaryImageOfPage\":{\"@id\":\"https:\\\/\\\/hijasdejesus.org\\\/pt-br\\\/vidas\\\/teresa-garcia-roman\\\/#primaryimage\"},\"image\":{\"@id\":\"https:\\\/\\\/hijasdejesus.org\\\/pt-br\\\/vidas\\\/teresa-garcia-roman\\\/#primaryimage\"},\"thumbnailUrl\":\"https:\\\/\\\/hijasdejesus.org\\\/wp-content\\\/uploads\\\/2024\\\/03\\\/Teresa-Garcia-Roman-20221110.jpg\",\"datePublished\":\"2024-03-01T11:05:33+00:00\",\"dateModified\":\"2025-03-05T07:40:26+00:00\",\"breadcrumb\":{\"@id\":\"https:\\\/\\\/hijasdejesus.org\\\/pt-br\\\/vidas\\\/teresa-garcia-roman\\\/#breadcrumb\"},\"inLanguage\":\"pt-BR\",\"potentialAction\":[{\"@type\":\"ReadAction\",\"target\":[\"https:\\\/\\\/hijasdejesus.org\\\/pt-br\\\/vidas\\\/teresa-garcia-roman\\\/\"]}]},{\"@type\":\"ImageObject\",\"inLanguage\":\"pt-BR\",\"@id\":\"https:\\\/\\\/hijasdejesus.org\\\/pt-br\\\/vidas\\\/teresa-garcia-roman\\\/#primaryimage\",\"url\":\"https:\\\/\\\/hijasdejesus.org\\\/wp-content\\\/uploads\\\/2024\\\/03\\\/Teresa-Garcia-Roman-20221110.jpg\",\"contentUrl\":\"https:\\\/\\\/hijasdejesus.org\\\/wp-content\\\/uploads\\\/2024\\\/03\\\/Teresa-Garcia-Roman-20221110.jpg\",\"width\":1512,\"height\":2016},{\"@type\":\"BreadcrumbList\",\"@id\":\"https:\\\/\\\/hijasdejesus.org\\\/pt-br\\\/vidas\\\/teresa-garcia-roman\\\/#breadcrumb\",\"itemListElement\":[{\"@type\":\"ListItem\",\"position\":1,\"name\":\"Portada\",\"item\":\"https:\\\/\\\/hijasdejesus.org\\\/pt-br\\\/\"},{\"@type\":\"ListItem\",\"position\":2,\"name\":\"Vida\",\"item\":\"https:\\\/\\\/hijasdejesus.org\\\/pt-br\\\/vidas\\\/\"},{\"@type\":\"ListItem\",\"position\":3,\"name\":\"Teresa Garc\u00eda Rom\u00e1n\"}]},{\"@type\":\"WebSite\",\"@id\":\"https:\\\/\\\/hijasdejesus.org\\\/pt-br\\\/#website\",\"url\":\"https:\\\/\\\/hijasdejesus.org\\\/pt-br\\\/\",\"name\":\"Hijas de Jes\u00fas\",\"description\":\"Despertamos a Jes\u00fas en el coraz\u00f3n, sacando lo mejor de las personas. Somos una congregaci\u00f3n religiosa ignaciana fundada por la Madre Candida\",\"publisher\":{\"@id\":\"https:\\\/\\\/hijasdejesus.org\\\/pt-br\\\/#organization\"},\"potentialAction\":[{\"@type\":\"SearchAction\",\"target\":{\"@type\":\"EntryPoint\",\"urlTemplate\":\"https:\\\/\\\/hijasdejesus.org\\\/pt-br\\\/?s={search_term_string}\"},\"query-input\":{\"@type\":\"PropertyValueSpecification\",\"valueRequired\":true,\"valueName\":\"search_term_string\"}}],\"inLanguage\":\"pt-BR\"},{\"@type\":\"Organization\",\"@id\":\"https:\\\/\\\/hijasdejesus.org\\\/pt-br\\\/#organization\",\"name\":\"Hijas de Jes\u00fas\",\"url\":\"https:\\\/\\\/hijasdejesus.org\\\/pt-br\\\/\",\"logo\":{\"@type\":\"ImageObject\",\"inLanguage\":\"pt-BR\",\"@id\":\"https:\\\/\\\/hijasdejesus.org\\\/pt-br\\\/#\\\/schema\\\/logo\\\/image\\\/\",\"url\":\"https:\\\/\\\/hijasdejesus.org\\\/wp-content\\\/uploads\\\/2023\\\/01\\\/Hijas-de-Jesus_hor-A7C957.png\",\"contentUrl\":\"https:\\\/\\\/hijasdejesus.org\\\/wp-content\\\/uploads\\\/2023\\\/01\\\/Hijas-de-Jesus_hor-A7C957.png\",\"width\":700,\"height\":360,\"caption\":\"Hijas de Jes\u00fas\"},\"image\":{\"@id\":\"https:\\\/\\\/hijasdejesus.org\\\/pt-br\\\/#\\\/schema\\\/logo\\\/image\\\/\"},\"sameAs\":[\"https:\\\/\\\/www.facebook.com\\\/hijasdejesusenelmundo\\\/\",\"https:\\\/\\\/x.com\\\/hijasdjesus\"]}]}<\/script>\n<!-- \/ Yoast SEO plugin. -->","yoast_head_json":{"title":"Teresa Garc\u00eda Rom\u00e1n - Hijas de Jes\u00fas","robots":{"index":"index","follow":"follow","max-snippet":"max-snippet:-1","max-image-preview":"max-image-preview:large","max-video-preview":"max-video-preview:-1"},"canonical":"https:\/\/hijasdejesus.org\/pt-br\/vidas\/teresa-garcia-roman\/","og_locale":"pt_BR","og_type":"article","og_title":"Teresa Garc\u00eda Rom\u00e1n - Hijas de Jes\u00fas","og_description":"Amo a vida, em suas muitas facetas, que recebi do Senhor at\u00e9 este momento.","og_url":"https:\/\/hijasdejesus.org\/pt-br\/vidas\/teresa-garcia-roman\/","og_site_name":"Hijas de Jes\u00fas","article_publisher":"https:\/\/www.facebook.com\/hijasdejesusenelmundo\/","article_modified_time":"2025-03-05T07:40:26+00:00","og_image":[{"width":1512,"height":2016,"url":"https:\/\/hijasdejesus.org\/wp-content\/uploads\/2024\/03\/Teresa-Garcia-Roman-20221110.jpg","type":"image\/jpeg"}],"twitter_card":"summary_large_image","twitter_site":"@hijasdjesus","schema":{"@context":"https:\/\/schema.org","@graph":[{"@type":"WebPage","@id":"https:\/\/hijasdejesus.org\/pt-br\/vidas\/teresa-garcia-roman\/","url":"https:\/\/hijasdejesus.org\/pt-br\/vidas\/teresa-garcia-roman\/","name":"Teresa Garc\u00eda Rom\u00e1n - Hijas de Jes\u00fas","isPartOf":{"@id":"https:\/\/hijasdejesus.org\/pt-br\/#website"},"primaryImageOfPage":{"@id":"https:\/\/hijasdejesus.org\/pt-br\/vidas\/teresa-garcia-roman\/#primaryimage"},"image":{"@id":"https:\/\/hijasdejesus.org\/pt-br\/vidas\/teresa-garcia-roman\/#primaryimage"},"thumbnailUrl":"https:\/\/hijasdejesus.org\/wp-content\/uploads\/2024\/03\/Teresa-Garcia-Roman-20221110.jpg","datePublished":"2024-03-01T11:05:33+00:00","dateModified":"2025-03-05T07:40:26+00:00","breadcrumb":{"@id":"https:\/\/hijasdejesus.org\/pt-br\/vidas\/teresa-garcia-roman\/#breadcrumb"},"inLanguage":"pt-BR","potentialAction":[{"@type":"ReadAction","target":["https:\/\/hijasdejesus.org\/pt-br\/vidas\/teresa-garcia-roman\/"]}]},{"@type":"ImageObject","inLanguage":"pt-BR","@id":"https:\/\/hijasdejesus.org\/pt-br\/vidas\/teresa-garcia-roman\/#primaryimage","url":"https:\/\/hijasdejesus.org\/wp-content\/uploads\/2024\/03\/Teresa-Garcia-Roman-20221110.jpg","contentUrl":"https:\/\/hijasdejesus.org\/wp-content\/uploads\/2024\/03\/Teresa-Garcia-Roman-20221110.jpg","width":1512,"height":2016},{"@type":"BreadcrumbList","@id":"https:\/\/hijasdejesus.org\/pt-br\/vidas\/teresa-garcia-roman\/#breadcrumb","itemListElement":[{"@type":"ListItem","position":1,"name":"Portada","item":"https:\/\/hijasdejesus.org\/pt-br\/"},{"@type":"ListItem","position":2,"name":"Vida","item":"https:\/\/hijasdejesus.org\/pt-br\/vidas\/"},{"@type":"ListItem","position":3,"name":"Teresa Garc\u00eda Rom\u00e1n"}]},{"@type":"WebSite","@id":"https:\/\/hijasdejesus.org\/pt-br\/#website","url":"https:\/\/hijasdejesus.org\/pt-br\/","name":"Hijas de Jes\u00fas","description":"Despertamos a Jes\u00fas en el coraz\u00f3n, sacando lo mejor de las personas. Somos una congregaci\u00f3n religiosa ignaciana fundada por la Madre Candida","publisher":{"@id":"https:\/\/hijasdejesus.org\/pt-br\/#organization"},"potentialAction":[{"@type":"SearchAction","target":{"@type":"EntryPoint","urlTemplate":"https:\/\/hijasdejesus.org\/pt-br\/?s={search_term_string}"},"query-input":{"@type":"PropertyValueSpecification","valueRequired":true,"valueName":"search_term_string"}}],"inLanguage":"pt-BR"},{"@type":"Organization","@id":"https:\/\/hijasdejesus.org\/pt-br\/#organization","name":"Hijas de Jes\u00fas","url":"https:\/\/hijasdejesus.org\/pt-br\/","logo":{"@type":"ImageObject","inLanguage":"pt-BR","@id":"https:\/\/hijasdejesus.org\/pt-br\/#\/schema\/logo\/image\/","url":"https:\/\/hijasdejesus.org\/wp-content\/uploads\/2023\/01\/Hijas-de-Jesus_hor-A7C957.png","contentUrl":"https:\/\/hijasdejesus.org\/wp-content\/uploads\/2023\/01\/Hijas-de-Jesus_hor-A7C957.png","width":700,"height":360,"caption":"Hijas de Jes\u00fas"},"image":{"@id":"https:\/\/hijasdejesus.org\/pt-br\/#\/schema\/logo\/image\/"},"sameAs":["https:\/\/www.facebook.com\/hijasdejesusenelmundo\/","https:\/\/x.com\/hijasdjesus"]}]}},"_links":{"self":[{"href":"https:\/\/hijasdejesus.org\/pt-br\/wp-json\/wp\/v2\/vidas\/46044","targetHints":{"allow":["GET"]}}],"collection":[{"href":"https:\/\/hijasdejesus.org\/pt-br\/wp-json\/wp\/v2\/vidas"}],"about":[{"href":"https:\/\/hijasdejesus.org\/pt-br\/wp-json\/wp\/v2\/types\/vidas"}],"wp:featuredmedia":[{"embeddable":true,"href":"https:\/\/hijasdejesus.org\/pt-br\/wp-json\/wp\/v2\/media\/38570"}],"wp:attachment":[{"href":"https:\/\/hijasdejesus.org\/pt-br\/wp-json\/wp\/v2\/media?parent=46044"}],"wp:term":[{"taxonomy":"category","embeddable":true,"href":"https:\/\/hijasdejesus.org\/pt-br\/wp-json\/wp\/v2\/categories?post=46044"},{"taxonomy":"post_tag","embeddable":true,"href":"https:\/\/hijasdejesus.org\/pt-br\/wp-json\/wp\/v2\/tags?post=46044"}],"curies":[{"name":"wp","href":"https:\/\/api.w.org\/{rel}","templated":true}]}}

Teresa García Román

<p>Amo a vida, em suas muitas facetas, recebida do Senhor até este momento, e apoiada pela Congregação, minha família, os companheiros e as famílias das diferentes comunidades educativas, catequistas e voluntários que encontrei ao longo do caminho que percorri. Amo minha vocação de educadora Filha de Jesus, que me ajudou a ampliar meus horizontes e a crescer como mulher e Filha de Jesus. Amo minha colaboração com a FASFI e a CARITAS, acolhendo, ouvindo e me comprometendo com as maiores necessidades no campo da pobreza hoje.  </p>

<p>Amo a vida, em suas muitas facetas, que recebi do Senhor até este momento.</p>

<!-- This site is optimized with the Yoast SEO plugin v27.5 - https://yoast.com/product/yoast-seo-wordpress/ -->
<title>Teresa García Román - Hijas de Jesús</title>
<meta name="robots" content="index, follow, max-snippet:-1, max-image-preview:large, max-video-preview:-1" />
<link rel="canonical" href="https://hijasdejesus.org/pt-br/vidas/teresa-garcia-roman/" />
<meta property="og:locale" content="pt_BR" />
<meta property="og:type" content="article" />
<meta property="og:title" content="Teresa García Román - Hijas de Jesús" />
<meta property="og:description" content="Amo a vida, em suas muitas facetas, que recebi do Senhor até este momento." />
<meta property="og:url" content="https://hijasdejesus.org/pt-br/vidas/teresa-garcia-roman/" />
<meta property="og:site_name" content="Hijas de Jesús" />
<meta property="article:publisher" content="https://www.facebook.com/hijasdejesusenelmundo/" />
<meta property="article:modified_time" content="2025-03-05T07:40:26+00:00" />
<meta property="og:image" content="https://hijasdejesus.org/wp-content/uploads/2024/03/Teresa-Garcia-Roman-20221110.jpg" />
	<meta property="og:image:width" content="1512" />
	<meta property="og:image:height" content="2016" />
	<meta property="og:image:type" content="image/jpeg" />
<meta name="twitter:card" content="summary_large_image" />
<meta name="twitter:site" content="@hijasdjesus" />
<script type="application/ld+json" class="yoast-schema-graph">{"@context":"https:\/\/schema.org","@graph":[{"@type":"WebPage","@id":"https:\/\/hijasdejesus.org\/pt-br\/vidas\/teresa-garcia-roman\/","url":"https:\/\/hijasdejesus.org\/pt-br\/vidas\/teresa-garcia-roman\/","name":"Teresa García Román - Hijas de Jesús","isPartOf":{"@id":"https:\/\/hijasdejesus.org\/pt-br\/#website"},"primaryImageOfPage":{"@id":"https:\/\/hijasdejesus.org\/pt-br\/vidas\/teresa-garcia-roman\/#primaryimage"},"image":{"@id":"https:\/\/hijasdejesus.org\/pt-br\/vidas\/teresa-garcia-roman\/#primaryimage"},"thumbnailUrl":"https:\/\/hijasdejesus.org\/wp-content\/uploads\/2024\/03\/Teresa-Garcia-Roman-20221110.jpg","datePublished":"2024-03-01T11:05:33+00:00","dateModified":"2025-03-05T07:40:26+00:00","breadcrumb":{"@id":"https:\/\/hijasdejesus.org\/pt-br\/vidas\/teresa-garcia-roman\/#breadcrumb"},"inLanguage":"pt-BR","potentialAction":[{"@type":"ReadAction","target":["https:\/\/hijasdejesus.org\/pt-br\/vidas\/teresa-garcia-roman\/"]}]},{"@type":"ImageObject","inLanguage":"pt-BR","@id":"https:\/\/hijasdejesus.org\/pt-br\/vidas\/teresa-garcia-roman\/#primaryimage","url":"https:\/\/hijasdejesus.org\/wp-content\/uploads\/2024\/03\/Teresa-Garcia-Roman-20221110.jpg","contentUrl":"https:\/\/hijasdejesus.org\/wp-content\/uploads\/2024\/03\/Teresa-Garcia-Roman-20221110.jpg","width":1512,"height":2016},{"@type":"BreadcrumbList","@id":"https:\/\/hijasdejesus.org\/pt-br\/vidas\/teresa-garcia-roman\/#breadcrumb","itemListElement":[{"@type":"ListItem","position":1,"name":"Portada","item":"https:\/\/hijasdejesus.org\/pt-br\/"},{"@type":"ListItem","position":2,"name":"Vida","item":"https:\/\/hijasdejesus.org\/pt-br\/vidas\/"},{"@type":"ListItem","position":3,"name":"Teresa García Román"}]},{"@type":"WebSite","@id":"https:\/\/hijasdejesus.org\/pt-br\/#website","url":"https:\/\/hijasdejesus.org\/pt-br\/","name":"Hijas de Jesús","description":"Despertamos a Jesús en el corazón, sacando lo mejor de las personas. Somos una congregación religiosa ignaciana fundada por la Madre Candida","publisher":{"@id":"https:\/\/hijasdejesus.org\/pt-br\/#organization"},"potentialAction":[{"@type":"SearchAction","target":{"@type":"EntryPoint","urlTemplate":"https:\/\/hijasdejesus.org\/pt-br\/?s={search_term_string}"},"query-input":{"@type":"PropertyValueSpecification","valueRequired":true,"valueName":"search_term_string"}}],"inLanguage":"pt-BR"},{"@type":"Organization","@id":"https:\/\/hijasdejesus.org\/pt-br\/#organization","name":"Hijas de Jesús","url":"https:\/\/hijasdejesus.org\/pt-br\/","logo":{"@type":"ImageObject","inLanguage":"pt-BR","@id":"https:\/\/hijasdejesus.org\/pt-br\/#\/schema\/logo\/image\/","url":"https:\/\/hijasdejesus.org\/wp-content\/uploads\/2023\/01\/Hijas-de-Jesus_hor-A7C957.png","contentUrl":"https:\/\/hijasdejesus.org\/wp-content\/uploads\/2023\/01\/Hijas-de-Jesus_hor-A7C957.png","width":700,"height":360,"caption":"Hijas de Jesús"},"image":{"@id":"https:\/\/hijasdejesus.org\/pt-br\/#\/schema\/logo\/image\/"},"sameAs":["https:\/\/www.facebook.com\/hijasdejesusenelmundo\/","https:\/\/x.com\/hijasdjesus"]}]}</script>
<!-- / Yoast SEO plugin. -->

Teresa García Román - Hijas de Jesús

Amo a vida, em suas muitas facetas, que recebi do Senhor até este momento.

Hijas de Jesús

Despertamos a Jesús en el corazón, sacando lo mejor de las personas. Somos una congregación religiosa ignaciana fundada por la Madre Candida
