{"id":46056,"date":"2024-02-16T14:35:06","date_gmt":"2024-02-16T13:35:06","guid":{"rendered":"https:\/\/hijasdejesus.org\/vidas\/giselia-maria-de-sousa\/"},"modified":"2025-03-05T08:41:04","modified_gmt":"2025-03-05T07:41:04","slug":"giselia-maria-de-sousa","status":"publish","type":"vidas","link":"https:\/\/hijasdejesus.org\/pt-br\/vidas\/giselia-maria-de-sousa\/","title":{"rendered":"Gis\u00e9lia Maria de Sousa"},"content":{"rendered":"\n<p>Eu amo esta vida, t\u00e3o simples, t\u00e3o fr\u00e1gil, t\u00e3o forte, mas t\u00e3o misteriosa, t\u00e3o simples, t\u00e3o complicada, enfim, &#8220;quando voc\u00ea ama, voc\u00ea simplesmente ama&#8221;.<br\/>E \u00e9 por amor a essa mesma vida que continuo amando e doando minha vida \u00e0queles que ele coloca em meu caminho, a todo momento, com rostos, hist\u00f3rias e contextos sociais diferentes. \u00c9 por isso que \u00e9 por amor \u00e0 vida que continuo a me importar, a valorizar, a lutar e a acreditar que o Reino se faz caminhando com a hist\u00f3ria. <\/p>\n","protected":false},"excerpt":{"rendered":"<p>Eu amo livremente aquele que primeiro me amou, que me trouxe \u00e0 exist\u00eancia por amor \u00e0 vida.<\/p>\n","protected":false},"featured_media":38312,"template":"","meta":{"_et_pb_use_builder":"","_et_pb_old_content":"","_et_gb_content_width":"","_links_to":"","_links_to_target":""},"categories":[507],"tags":[],"class_list":["post-46056","vidas","type-vidas","status-publish","has-post-thumbnail","hentry","category-brasil-caribe-pt-br"],"yoast_head":"<!-- This site is optimized with the Yoast SEO plugin v27.5 - https:\/\/yoast.com\/product\/yoast-seo-wordpress\/ -->\n<title>Gis\u00e9lia Maria de Sousa - Hijas de Jes\u00fas<\/title>\n<meta name=\"robots\" content=\"index, follow, max-snippet:-1, max-image-preview:large, max-video-preview:-1\" \/>\n<link rel=\"canonical\" href=\"https:\/\/hijasdejesus.org\/pt-br\/vidas\/giselia-maria-de-sousa\/\" \/>\n<meta property=\"og:locale\" content=\"pt_BR\" \/>\n<meta property=\"og:type\" content=\"article\" \/>\n<meta property=\"og:title\" content=\"Gis\u00e9lia Maria de Sousa - Hijas de Jes\u00fas\" \/>\n<meta property=\"og:description\" content=\"Eu amo livremente aquele que primeiro me amou, que me trouxe \u00e0 exist\u00eancia por amor \u00e0 vida.\" \/>\n<meta property=\"og:url\" content=\"https:\/\/hijasdejesus.org\/pt-br\/vidas\/giselia-maria-de-sousa\/\" \/>\n<meta property=\"og:site_name\" content=\"Hijas de Jes\u00fas\" \/>\n<meta property=\"article:publisher\" content=\"https:\/\/www.facebook.com\/hijasdejesusenelmundo\/\" \/>\n<meta property=\"article:modified_time\" content=\"2025-03-05T07:41:04+00:00\" \/>\n<meta property=\"og:image\" content=\"https:\/\/hijasdejesus.org\/wp-content\/uploads\/2024\/02\/Giselia-Maria-de-Souza-2.jpg\" \/>\n\t<meta property=\"og:image:width\" content=\"563\" \/>\n\t<meta property=\"og:image:height\" content=\"727\" \/>\n\t<meta property=\"og:image:type\" content=\"image\/jpeg\" \/>\n<meta name=\"twitter:card\" content=\"summary_large_image\" \/>\n<meta name=\"twitter:site\" content=\"@hijasdjesus\" \/>\n<script type=\"application\/ld+json\" class=\"yoast-schema-graph\">{\"@context\":\"https:\\\/\\\/schema.org\",\"@graph\":[{\"@type\":\"WebPage\",\"@id\":\"https:\\\/\\\/hijasdejesus.org\\\/pt-br\\\/vidas\\\/giselia-maria-de-sousa\\\/\",\"url\":\"https:\\\/\\\/hijasdejesus.org\\\/pt-br\\\/vidas\\\/giselia-maria-de-sousa\\\/\",\"name\":\"Gis\u00e9lia Maria de Sousa - Hijas de Jes\u00fas\",\"isPartOf\":{\"@id\":\"https:\\\/\\\/hijasdejesus.org\\\/pt-br\\\/#website\"},\"primaryImageOfPage\":{\"@id\":\"https:\\\/\\\/hijasdejesus.org\\\/pt-br\\\/vidas\\\/giselia-maria-de-sousa\\\/#primaryimage\"},\"image\":{\"@id\":\"https:\\\/\\\/hijasdejesus.org\\\/pt-br\\\/vidas\\\/giselia-maria-de-sousa\\\/#primaryimage\"},\"thumbnailUrl\":\"https:\\\/\\\/hijasdejesus.org\\\/wp-content\\\/uploads\\\/2024\\\/02\\\/Giselia-Maria-de-Souza-2.jpg\",\"datePublished\":\"2024-02-16T13:35:06+00:00\",\"dateModified\":\"2025-03-05T07:41:04+00:00\",\"breadcrumb\":{\"@id\":\"https:\\\/\\\/hijasdejesus.org\\\/pt-br\\\/vidas\\\/giselia-maria-de-sousa\\\/#breadcrumb\"},\"inLanguage\":\"pt-BR\",\"potentialAction\":[{\"@type\":\"ReadAction\",\"target\":[\"https:\\\/\\\/hijasdejesus.org\\\/pt-br\\\/vidas\\\/giselia-maria-de-sousa\\\/\"]}]},{\"@type\":\"ImageObject\",\"inLanguage\":\"pt-BR\",\"@id\":\"https:\\\/\\\/hijasdejesus.org\\\/pt-br\\\/vidas\\\/giselia-maria-de-sousa\\\/#primaryimage\",\"url\":\"https:\\\/\\\/hijasdejesus.org\\\/wp-content\\\/uploads\\\/2024\\\/02\\\/Giselia-Maria-de-Souza-2.jpg\",\"contentUrl\":\"https:\\\/\\\/hijasdejesus.org\\\/wp-content\\\/uploads\\\/2024\\\/02\\\/Giselia-Maria-de-Souza-2.jpg\",\"width\":563,\"height\":727},{\"@type\":\"BreadcrumbList\",\"@id\":\"https:\\\/\\\/hijasdejesus.org\\\/pt-br\\\/vidas\\\/giselia-maria-de-sousa\\\/#breadcrumb\",\"itemListElement\":[{\"@type\":\"ListItem\",\"position\":1,\"name\":\"Portada\",\"item\":\"https:\\\/\\\/hijasdejesus.org\\\/pt-br\\\/\"},{\"@type\":\"ListItem\",\"position\":2,\"name\":\"Vida\",\"item\":\"https:\\\/\\\/hijasdejesus.org\\\/pt-br\\\/vidas\\\/\"},{\"@type\":\"ListItem\",\"position\":3,\"name\":\"Gis\u00e9lia Maria de Sousa\"}]},{\"@type\":\"WebSite\",\"@id\":\"https:\\\/\\\/hijasdejesus.org\\\/pt-br\\\/#website\",\"url\":\"https:\\\/\\\/hijasdejesus.org\\\/pt-br\\\/\",\"name\":\"Hijas de Jes\u00fas\",\"description\":\"Despertamos a Jes\u00fas en el coraz\u00f3n, sacando lo mejor de las personas. Somos una congregaci\u00f3n religiosa ignaciana fundada por la Madre Candida\",\"publisher\":{\"@id\":\"https:\\\/\\\/hijasdejesus.org\\\/pt-br\\\/#organization\"},\"potentialAction\":[{\"@type\":\"SearchAction\",\"target\":{\"@type\":\"EntryPoint\",\"urlTemplate\":\"https:\\\/\\\/hijasdejesus.org\\\/pt-br\\\/?s={search_term_string}\"},\"query-input\":{\"@type\":\"PropertyValueSpecification\",\"valueRequired\":true,\"valueName\":\"search_term_string\"}}],\"inLanguage\":\"pt-BR\"},{\"@type\":\"Organization\",\"@id\":\"https:\\\/\\\/hijasdejesus.org\\\/pt-br\\\/#organization\",\"name\":\"Hijas de Jes\u00fas\",\"url\":\"https:\\\/\\\/hijasdejesus.org\\\/pt-br\\\/\",\"logo\":{\"@type\":\"ImageObject\",\"inLanguage\":\"pt-BR\",\"@id\":\"https:\\\/\\\/hijasdejesus.org\\\/pt-br\\\/#\\\/schema\\\/logo\\\/image\\\/\",\"url\":\"https:\\\/\\\/hijasdejesus.org\\\/wp-content\\\/uploads\\\/2023\\\/01\\\/Hijas-de-Jesus_hor-A7C957.png\",\"contentUrl\":\"https:\\\/\\\/hijasdejesus.org\\\/wp-content\\\/uploads\\\/2023\\\/01\\\/Hijas-de-Jesus_hor-A7C957.png\",\"width\":700,\"height\":360,\"caption\":\"Hijas de Jes\u00fas\"},\"image\":{\"@id\":\"https:\\\/\\\/hijasdejesus.org\\\/pt-br\\\/#\\\/schema\\\/logo\\\/image\\\/\"},\"sameAs\":[\"https:\\\/\\\/www.facebook.com\\\/hijasdejesusenelmundo\\\/\",\"https:\\\/\\\/x.com\\\/hijasdjesus\"]}]}<\/script>\n<!-- \/ Yoast SEO plugin. -->","yoast_head_json":{"title":"Gis\u00e9lia Maria de Sousa - Hijas de Jes\u00fas","robots":{"index":"index","follow":"follow","max-snippet":"max-snippet:-1","max-image-preview":"max-image-preview:large","max-video-preview":"max-video-preview:-1"},"canonical":"https:\/\/hijasdejesus.org\/pt-br\/vidas\/giselia-maria-de-sousa\/","og_locale":"pt_BR","og_type":"article","og_title":"Gis\u00e9lia Maria de Sousa - Hijas de Jes\u00fas","og_description":"Eu amo livremente aquele que primeiro me amou, que me trouxe \u00e0 exist\u00eancia por amor \u00e0 vida.","og_url":"https:\/\/hijasdejesus.org\/pt-br\/vidas\/giselia-maria-de-sousa\/","og_site_name":"Hijas de Jes\u00fas","article_publisher":"https:\/\/www.facebook.com\/hijasdejesusenelmundo\/","article_modified_time":"2025-03-05T07:41:04+00:00","og_image":[{"width":563,"height":727,"url":"https:\/\/hijasdejesus.org\/wp-content\/uploads\/2024\/02\/Giselia-Maria-de-Souza-2.jpg","type":"image\/jpeg"}],"twitter_card":"summary_large_image","twitter_site":"@hijasdjesus","schema":{"@context":"https:\/\/schema.org","@graph":[{"@type":"WebPage","@id":"https:\/\/hijasdejesus.org\/pt-br\/vidas\/giselia-maria-de-sousa\/","url":"https:\/\/hijasdejesus.org\/pt-br\/vidas\/giselia-maria-de-sousa\/","name":"Gis\u00e9lia Maria de Sousa - Hijas de Jes\u00fas","isPartOf":{"@id":"https:\/\/hijasdejesus.org\/pt-br\/#website"},"primaryImageOfPage":{"@id":"https:\/\/hijasdejesus.org\/pt-br\/vidas\/giselia-maria-de-sousa\/#primaryimage"},"image":{"@id":"https:\/\/hijasdejesus.org\/pt-br\/vidas\/giselia-maria-de-sousa\/#primaryimage"},"thumbnailUrl":"https:\/\/hijasdejesus.org\/wp-content\/uploads\/2024\/02\/Giselia-Maria-de-Souza-2.jpg","datePublished":"2024-02-16T13:35:06+00:00","dateModified":"2025-03-05T07:41:04+00:00","breadcrumb":{"@id":"https:\/\/hijasdejesus.org\/pt-br\/vidas\/giselia-maria-de-sousa\/#breadcrumb"},"inLanguage":"pt-BR","potentialAction":[{"@type":"ReadAction","target":["https:\/\/hijasdejesus.org\/pt-br\/vidas\/giselia-maria-de-sousa\/"]}]},{"@type":"ImageObject","inLanguage":"pt-BR","@id":"https:\/\/hijasdejesus.org\/pt-br\/vidas\/giselia-maria-de-sousa\/#primaryimage","url":"https:\/\/hijasdejesus.org\/wp-content\/uploads\/2024\/02\/Giselia-Maria-de-Souza-2.jpg","contentUrl":"https:\/\/hijasdejesus.org\/wp-content\/uploads\/2024\/02\/Giselia-Maria-de-Souza-2.jpg","width":563,"height":727},{"@type":"BreadcrumbList","@id":"https:\/\/hijasdejesus.org\/pt-br\/vidas\/giselia-maria-de-sousa\/#breadcrumb","itemListElement":[{"@type":"ListItem","position":1,"name":"Portada","item":"https:\/\/hijasdejesus.org\/pt-br\/"},{"@type":"ListItem","position":2,"name":"Vida","item":"https:\/\/hijasdejesus.org\/pt-br\/vidas\/"},{"@type":"ListItem","position":3,"name":"Gis\u00e9lia Maria de Sousa"}]},{"@type":"WebSite","@id":"https:\/\/hijasdejesus.org\/pt-br\/#website","url":"https:\/\/hijasdejesus.org\/pt-br\/","name":"Hijas de Jes\u00fas","description":"Despertamos a Jes\u00fas en el coraz\u00f3n, sacando lo mejor de las personas. Somos una congregaci\u00f3n religiosa ignaciana fundada por la Madre Candida","publisher":{"@id":"https:\/\/hijasdejesus.org\/pt-br\/#organization"},"potentialAction":[{"@type":"SearchAction","target":{"@type":"EntryPoint","urlTemplate":"https:\/\/hijasdejesus.org\/pt-br\/?s={search_term_string}"},"query-input":{"@type":"PropertyValueSpecification","valueRequired":true,"valueName":"search_term_string"}}],"inLanguage":"pt-BR"},{"@type":"Organization","@id":"https:\/\/hijasdejesus.org\/pt-br\/#organization","name":"Hijas de Jes\u00fas","url":"https:\/\/hijasdejesus.org\/pt-br\/","logo":{"@type":"ImageObject","inLanguage":"pt-BR","@id":"https:\/\/hijasdejesus.org\/pt-br\/#\/schema\/logo\/image\/","url":"https:\/\/hijasdejesus.org\/wp-content\/uploads\/2023\/01\/Hijas-de-Jesus_hor-A7C957.png","contentUrl":"https:\/\/hijasdejesus.org\/wp-content\/uploads\/2023\/01\/Hijas-de-Jesus_hor-A7C957.png","width":700,"height":360,"caption":"Hijas de Jes\u00fas"},"image":{"@id":"https:\/\/hijasdejesus.org\/pt-br\/#\/schema\/logo\/image\/"},"sameAs":["https:\/\/www.facebook.com\/hijasdejesusenelmundo\/","https:\/\/x.com\/hijasdjesus"]}]}},"_links":{"self":[{"href":"https:\/\/hijasdejesus.org\/pt-br\/wp-json\/wp\/v2\/vidas\/46056","targetHints":{"allow":["GET"]}}],"collection":[{"href":"https:\/\/hijasdejesus.org\/pt-br\/wp-json\/wp\/v2\/vidas"}],"about":[{"href":"https:\/\/hijasdejesus.org\/pt-br\/wp-json\/wp\/v2\/types\/vidas"}],"wp:featuredmedia":[{"embeddable":true,"href":"https:\/\/hijasdejesus.org\/pt-br\/wp-json\/wp\/v2\/media\/38312"}],"wp:attachment":[{"href":"https:\/\/hijasdejesus.org\/pt-br\/wp-json\/wp\/v2\/media?parent=46056"}],"wp:term":[{"taxonomy":"category","embeddable":true,"href":"https:\/\/hijasdejesus.org\/pt-br\/wp-json\/wp\/v2\/categories?post=46056"},{"taxonomy":"post_tag","embeddable":true,"href":"https:\/\/hijasdejesus.org\/pt-br\/wp-json\/wp\/v2\/tags?post=46056"}],"curies":[{"name":"wp","href":"https:\/\/api.w.org\/{rel}","templated":true}]}}

Gisélia Maria de Sousa

<p>Eu amo esta vida, tão simples, tão frágil, tão forte, mas tão misteriosa, tão simples, tão complicada, enfim, &#8220;quando você ama, você simplesmente ama&#8221;.<br/>E é por amor a essa mesma vida que continuo amando e doando minha vida àqueles que ele coloca em meu caminho, a todo momento, com rostos, histórias e contextos sociais diferentes. É por isso que é por amor à vida que continuo a me importar, a valorizar, a lutar e a acreditar que o Reino se faz caminhando com a história. </p>

<p>Eu amo livremente aquele que primeiro me amou, que me trouxe à existência por amor à vida.</p>

<!-- This site is optimized with the Yoast SEO plugin v27.5 - https://yoast.com/product/yoast-seo-wordpress/ -->
<title>Gisélia Maria de Sousa - Hijas de Jesús</title>
<meta name="robots" content="index, follow, max-snippet:-1, max-image-preview:large, max-video-preview:-1" />
<link rel="canonical" href="https://hijasdejesus.org/pt-br/vidas/giselia-maria-de-sousa/" />
<meta property="og:locale" content="pt_BR" />
<meta property="og:type" content="article" />
<meta property="og:title" content="Gisélia Maria de Sousa - Hijas de Jesús" />
<meta property="og:description" content="Eu amo livremente aquele que primeiro me amou, que me trouxe à existência por amor à vida." />
<meta property="og:url" content="https://hijasdejesus.org/pt-br/vidas/giselia-maria-de-sousa/" />
<meta property="og:site_name" content="Hijas de Jesús" />
<meta property="article:publisher" content="https://www.facebook.com/hijasdejesusenelmundo/" />
<meta property="article:modified_time" content="2025-03-05T07:41:04+00:00" />
<meta property="og:image" content="https://hijasdejesus.org/wp-content/uploads/2024/02/Giselia-Maria-de-Souza-2.jpg" />
	<meta property="og:image:width" content="563" />
	<meta property="og:image:height" content="727" />
	<meta property="og:image:type" content="image/jpeg" />
<meta name="twitter:card" content="summary_large_image" />
<meta name="twitter:site" content="@hijasdjesus" />
<script type="application/ld+json" class="yoast-schema-graph">{"@context":"https:\/\/schema.org","@graph":[{"@type":"WebPage","@id":"https:\/\/hijasdejesus.org\/pt-br\/vidas\/giselia-maria-de-sousa\/","url":"https:\/\/hijasdejesus.org\/pt-br\/vidas\/giselia-maria-de-sousa\/","name":"Gisélia Maria de Sousa - Hijas de Jesús","isPartOf":{"@id":"https:\/\/hijasdejesus.org\/pt-br\/#website"},"primaryImageOfPage":{"@id":"https:\/\/hijasdejesus.org\/pt-br\/vidas\/giselia-maria-de-sousa\/#primaryimage"},"image":{"@id":"https:\/\/hijasdejesus.org\/pt-br\/vidas\/giselia-maria-de-sousa\/#primaryimage"},"thumbnailUrl":"https:\/\/hijasdejesus.org\/wp-content\/uploads\/2024\/02\/Giselia-Maria-de-Souza-2.jpg","datePublished":"2024-02-16T13:35:06+00:00","dateModified":"2025-03-05T07:41:04+00:00","breadcrumb":{"@id":"https:\/\/hijasdejesus.org\/pt-br\/vidas\/giselia-maria-de-sousa\/#breadcrumb"},"inLanguage":"pt-BR","potentialAction":[{"@type":"ReadAction","target":["https:\/\/hijasdejesus.org\/pt-br\/vidas\/giselia-maria-de-sousa\/"]}]},{"@type":"ImageObject","inLanguage":"pt-BR","@id":"https:\/\/hijasdejesus.org\/pt-br\/vidas\/giselia-maria-de-sousa\/#primaryimage","url":"https:\/\/hijasdejesus.org\/wp-content\/uploads\/2024\/02\/Giselia-Maria-de-Souza-2.jpg","contentUrl":"https:\/\/hijasdejesus.org\/wp-content\/uploads\/2024\/02\/Giselia-Maria-de-Souza-2.jpg","width":563,"height":727},{"@type":"BreadcrumbList","@id":"https:\/\/hijasdejesus.org\/pt-br\/vidas\/giselia-maria-de-sousa\/#breadcrumb","itemListElement":[{"@type":"ListItem","position":1,"name":"Portada","item":"https:\/\/hijasdejesus.org\/pt-br\/"},{"@type":"ListItem","position":2,"name":"Vida","item":"https:\/\/hijasdejesus.org\/pt-br\/vidas\/"},{"@type":"ListItem","position":3,"name":"Gisélia Maria de Sousa"}]},{"@type":"WebSite","@id":"https:\/\/hijasdejesus.org\/pt-br\/#website","url":"https:\/\/hijasdejesus.org\/pt-br\/","name":"Hijas de Jesús","description":"Despertamos a Jesús en el corazón, sacando lo mejor de las personas. Somos una congregación religiosa ignaciana fundada por la Madre Candida","publisher":{"@id":"https:\/\/hijasdejesus.org\/pt-br\/#organization"},"potentialAction":[{"@type":"SearchAction","target":{"@type":"EntryPoint","urlTemplate":"https:\/\/hijasdejesus.org\/pt-br\/?s={search_term_string}"},"query-input":{"@type":"PropertyValueSpecification","valueRequired":true,"valueName":"search_term_string"}}],"inLanguage":"pt-BR"},{"@type":"Organization","@id":"https:\/\/hijasdejesus.org\/pt-br\/#organization","name":"Hijas de Jesús","url":"https:\/\/hijasdejesus.org\/pt-br\/","logo":{"@type":"ImageObject","inLanguage":"pt-BR","@id":"https:\/\/hijasdejesus.org\/pt-br\/#\/schema\/logo\/image\/","url":"https:\/\/hijasdejesus.org\/wp-content\/uploads\/2023\/01\/Hijas-de-Jesus_hor-A7C957.png","contentUrl":"https:\/\/hijasdejesus.org\/wp-content\/uploads\/2023\/01\/Hijas-de-Jesus_hor-A7C957.png","width":700,"height":360,"caption":"Hijas de Jesús"},"image":{"@id":"https:\/\/hijasdejesus.org\/pt-br\/#\/schema\/logo\/image\/"},"sameAs":["https:\/\/www.facebook.com\/hijasdejesusenelmundo\/","https:\/\/x.com\/hijasdjesus"]}]}</script>
<!-- / Yoast SEO plugin. -->

Gisélia Maria de Sousa - Hijas de Jesús

Eu amo livremente aquele que primeiro me amou, que me trouxe à existência por amor à vida.

Hijas de Jesús

Despertamos a Jesús en el corazón, sacando lo mejor de las personas. Somos una congregación religiosa ignaciana fundada por la Madre Candida
