{"id":47205,"date":"2025-04-10T23:11:07","date_gmt":"2025-04-10T21:11:07","guid":{"rendered":"https:\/\/hijasdejesus.org\/congregada\/ma-del-mar-dominguez\/"},"modified":"2025-04-10T23:11:18","modified_gmt":"2025-04-10T21:11:18","slug":"ma-del-mar-dominguez","status":"publish","type":"congregada","link":"https:\/\/hijasdejesus.org\/zh-hant\/congregada\/ma-del-mar-dominguez\/","title":{"rendered":"M\u00aa del Mar Dom\u00ednguez"},"content":{"rendered":"\n<p>Mar\u00eda del Mar Dom\u00ednguez\uff0c50 \u6b72\uff0c\u51fa\u751f\u65bc\u897f\u73ed\u7259\u3002\u4ed6\u65bc 1993 \u5e74 9 \u6708 24 \u65e5\u52a0\u5165\u8056\u90e8\uff0c1996 \u5e74 9 \u6708 15 \u65e5\u9996\u6b21\u767c\u8a93\uff0c2005 \u5e74 9 \u6708 10 \u65e5\u6c38\u4e45\u5ba3\u8a93\u3002\u76ee\u524d\uff0c\u5979\u81ea 2023 \u5e74 9 \u6708 1 \u65e5\u8d77\u64d4\u4efb Orcasur \u793e\u5340\u7684\u9662\u9577\u548c\u7b2c\u4e00\u4efb\u7701\u8b70\u54e1\u3002\u6b64\u5916\uff0c\u5979\u9084\u662f\u5c0f\u5b78\u7684\u5b97\u6559\u6559\u5e2b\uff0c\u4e5f\u662fMater Purissima-Jesuitinas \u5b78\u6821\u798f\u50b3\u884c\u52d5\u5718\u968a\u7684\u6210\u54e1\u3002\u4ed6\u662f\u7701\u7d1a\u8077\u696d\u9752\u5e74\u4e8b\u5de5\u5718\u968a \uff08YVM\uff09 \u548c\u64f4\u5c55\u7684 CONFER YVM \u53cd\u601d\u5718\u968a\u7684\u4e00\u54e1\u3002    <\/p>\n","protected":false},"excerpt":{"rendered":"<p>Mar\u00eda del Mar Dom\u00ednguez\uff0c50 \u6b72\uff0c\u51fa\u751f\u65bc\u897f\u73ed\u7259\u3002\u4ed6\u65bc 1993 \u5e74 9 \u6708 24 \u65e5\u52a0 [&hellip;]<\/p>\n","protected":false},"featured_media":47202,"template":"","meta":{"_et_pb_use_builder":"","_et_pb_old_content":"","_et_gb_content_width":"","_links_to":"","_links_to_target":""},"region_congregadas":[1342],"class_list":["post-47205","congregada","type-congregada","status-publish","has-post-thumbnail","hentry","region_congregadas-1342"],"yoast_head":"<!-- This site is optimized with the Yoast SEO plugin v27.5 - https:\/\/yoast.com\/product\/yoast-seo-wordpress\/ -->\n<title>M\u00aa del Mar Dom\u00ednguez - Hijas de Jes\u00fas<\/title>\n<meta name=\"robots\" content=\"index, follow, max-snippet:-1, max-image-preview:large, max-video-preview:-1\" \/>\n<link rel=\"canonical\" href=\"https:\/\/hijasdejesus.org\/zh-hant\/congregada\/ma-del-mar-dominguez\/\" \/>\n<meta property=\"og:locale\" content=\"zh_TW\" \/>\n<meta property=\"og:type\" content=\"article\" \/>\n<meta property=\"og:title\" content=\"M\u00aa del Mar Dom\u00ednguez - Hijas de Jes\u00fas\" \/>\n<meta property=\"og:description\" content=\"Mar\u00eda del Mar Dom\u00ednguez\uff0c50 \u6b72\uff0c\u51fa\u751f\u65bc\u897f\u73ed\u7259\u3002\u4ed6\u65bc 1993 \u5e74 9 \u6708 24 \u65e5\u52a0 [&hellip;]\" \/>\n<meta property=\"og:url\" content=\"https:\/\/hijasdejesus.org\/zh-hant\/congregada\/ma-del-mar-dominguez\/\" \/>\n<meta property=\"og:site_name\" content=\"Hijas de Jes\u00fas\" \/>\n<meta property=\"article:publisher\" content=\"https:\/\/www.facebook.com\/hijasdejesusenelmundo\/\" \/>\n<meta property=\"article:modified_time\" content=\"2025-04-10T21:11:18+00:00\" \/>\n<meta property=\"og:image\" content=\"https:\/\/hijasdejesus.org\/wp-content\/uploads\/2025\/04\/Ma-del-Mar-Dominguez-1024x576.png\" \/>\n\t<meta property=\"og:image:width\" content=\"1024\" \/>\n\t<meta property=\"og:image:height\" content=\"576\" \/>\n\t<meta property=\"og:image:type\" content=\"image\/png\" \/>\n<meta name=\"twitter:card\" content=\"summary_large_image\" \/>\n<meta name=\"twitter:site\" content=\"@hijasdjesus\" \/>\n<script type=\"application\/ld+json\" class=\"yoast-schema-graph\">{\"@context\":\"https:\\\/\\\/schema.org\",\"@graph\":[{\"@type\":\"WebPage\",\"@id\":\"https:\\\/\\\/hijasdejesus.org\\\/zh-hant\\\/congregada\\\/ma-del-mar-dominguez\\\/\",\"url\":\"https:\\\/\\\/hijasdejesus.org\\\/zh-hant\\\/congregada\\\/ma-del-mar-dominguez\\\/\",\"name\":\"M\u00aa del Mar Dom\u00ednguez - Hijas de Jes\u00fas\",\"isPartOf\":{\"@id\":\"https:\\\/\\\/hijasdejesus.org\\\/zh-hant\\\/#website\"},\"primaryImageOfPage\":{\"@id\":\"https:\\\/\\\/hijasdejesus.org\\\/zh-hant\\\/congregada\\\/ma-del-mar-dominguez\\\/#primaryimage\"},\"image\":{\"@id\":\"https:\\\/\\\/hijasdejesus.org\\\/zh-hant\\\/congregada\\\/ma-del-mar-dominguez\\\/#primaryimage\"},\"thumbnailUrl\":\"https:\\\/\\\/hijasdejesus.org\\\/wp-content\\\/uploads\\\/2025\\\/04\\\/Ma-del-Mar-Dominguez.png\",\"datePublished\":\"2025-04-10T21:11:07+00:00\",\"dateModified\":\"2025-04-10T21:11:18+00:00\",\"breadcrumb\":{\"@id\":\"https:\\\/\\\/hijasdejesus.org\\\/zh-hant\\\/congregada\\\/ma-del-mar-dominguez\\\/#breadcrumb\"},\"inLanguage\":\"zh-TW\",\"potentialAction\":[{\"@type\":\"ReadAction\",\"target\":[\"https:\\\/\\\/hijasdejesus.org\\\/zh-hant\\\/congregada\\\/ma-del-mar-dominguez\\\/\"]}]},{\"@type\":\"ImageObject\",\"inLanguage\":\"zh-TW\",\"@id\":\"https:\\\/\\\/hijasdejesus.org\\\/zh-hant\\\/congregada\\\/ma-del-mar-dominguez\\\/#primaryimage\",\"url\":\"https:\\\/\\\/hijasdejesus.org\\\/wp-content\\\/uploads\\\/2025\\\/04\\\/Ma-del-Mar-Dominguez.png\",\"contentUrl\":\"https:\\\/\\\/hijasdejesus.org\\\/wp-content\\\/uploads\\\/2025\\\/04\\\/Ma-del-Mar-Dominguez.png\",\"width\":2176,\"height\":1224},{\"@type\":\"BreadcrumbList\",\"@id\":\"https:\\\/\\\/hijasdejesus.org\\\/zh-hant\\\/congregada\\\/ma-del-mar-dominguez\\\/#breadcrumb\",\"itemListElement\":[{\"@type\":\"ListItem\",\"position\":1,\"name\":\"Portada\",\"item\":\"https:\\\/\\\/hijasdejesus.org\\\/zh-hant\\\/%e8%80%b6%e7%a9%8c%e7%9a%84%e5%a5%b3%e5%85%92%e5%80%91\\\/\"},{\"@type\":\"ListItem\",\"position\":2,\"name\":\"Congregadas\",\"item\":\"https:\\\/\\\/hijasdejesus.org\\\/zh-hant\\\/congregadas\\\/\"},{\"@type\":\"ListItem\",\"position\":3,\"name\":\"M\u00aa del Mar Dom\u00ednguez\"}]},{\"@type\":\"WebSite\",\"@id\":\"https:\\\/\\\/hijasdejesus.org\\\/zh-hant\\\/#website\",\"url\":\"https:\\\/\\\/hijasdejesus.org\\\/zh-hant\\\/\",\"name\":\"Hijas de Jes\u00fas\",\"description\":\"Despertamos a Jes\u00fas en el coraz\u00f3n, sacando lo mejor de las personas. Somos una congregaci\u00f3n religiosa ignaciana fundada por la Madre Candida\",\"publisher\":{\"@id\":\"https:\\\/\\\/hijasdejesus.org\\\/zh-hant\\\/#organization\"},\"potentialAction\":[{\"@type\":\"SearchAction\",\"target\":{\"@type\":\"EntryPoint\",\"urlTemplate\":\"https:\\\/\\\/hijasdejesus.org\\\/zh-hant\\\/?s={search_term_string}\"},\"query-input\":{\"@type\":\"PropertyValueSpecification\",\"valueRequired\":true,\"valueName\":\"search_term_string\"}}],\"inLanguage\":\"zh-TW\"},{\"@type\":\"Organization\",\"@id\":\"https:\\\/\\\/hijasdejesus.org\\\/zh-hant\\\/#organization\",\"name\":\"Hijas de Jes\u00fas\",\"url\":\"https:\\\/\\\/hijasdejesus.org\\\/zh-hant\\\/\",\"logo\":{\"@type\":\"ImageObject\",\"inLanguage\":\"zh-TW\",\"@id\":\"https:\\\/\\\/hijasdejesus.org\\\/zh-hant\\\/#\\\/schema\\\/logo\\\/image\\\/\",\"url\":\"https:\\\/\\\/hijasdejesus.org\\\/wp-content\\\/uploads\\\/2023\\\/01\\\/Hijas-de-Jesus_hor-A7C957.png\",\"contentUrl\":\"https:\\\/\\\/hijasdejesus.org\\\/wp-content\\\/uploads\\\/2023\\\/01\\\/Hijas-de-Jesus_hor-A7C957.png\",\"width\":700,\"height\":360,\"caption\":\"Hijas de Jes\u00fas\"},\"image\":{\"@id\":\"https:\\\/\\\/hijasdejesus.org\\\/zh-hant\\\/#\\\/schema\\\/logo\\\/image\\\/\"},\"sameAs\":[\"https:\\\/\\\/www.facebook.com\\\/hijasdejesusenelmundo\\\/\",\"https:\\\/\\\/x.com\\\/hijasdjesus\"]}]}<\/script>\n<!-- \/ Yoast SEO plugin. -->","yoast_head_json":{"title":"M\u00aa del Mar Dom\u00ednguez - Hijas de Jes\u00fas","robots":{"index":"index","follow":"follow","max-snippet":"max-snippet:-1","max-image-preview":"max-image-preview:large","max-video-preview":"max-video-preview:-1"},"canonical":"https:\/\/hijasdejesus.org\/zh-hant\/congregada\/ma-del-mar-dominguez\/","og_locale":"zh_TW","og_type":"article","og_title":"M\u00aa del Mar Dom\u00ednguez - Hijas de Jes\u00fas","og_description":"Mar\u00eda del Mar Dom\u00ednguez\uff0c50 \u6b72\uff0c\u51fa\u751f\u65bc\u897f\u73ed\u7259\u3002\u4ed6\u65bc 1993 \u5e74 9 \u6708 24 \u65e5\u52a0 [&hellip;]","og_url":"https:\/\/hijasdejesus.org\/zh-hant\/congregada\/ma-del-mar-dominguez\/","og_site_name":"Hijas de Jes\u00fas","article_publisher":"https:\/\/www.facebook.com\/hijasdejesusenelmundo\/","article_modified_time":"2025-04-10T21:11:18+00:00","og_image":[{"width":1024,"height":576,"url":"https:\/\/hijasdejesus.org\/wp-content\/uploads\/2025\/04\/Ma-del-Mar-Dominguez-1024x576.png","type":"image\/png"}],"twitter_card":"summary_large_image","twitter_site":"@hijasdjesus","schema":{"@context":"https:\/\/schema.org","@graph":[{"@type":"WebPage","@id":"https:\/\/hijasdejesus.org\/zh-hant\/congregada\/ma-del-mar-dominguez\/","url":"https:\/\/hijasdejesus.org\/zh-hant\/congregada\/ma-del-mar-dominguez\/","name":"M\u00aa del Mar Dom\u00ednguez - Hijas de Jes\u00fas","isPartOf":{"@id":"https:\/\/hijasdejesus.org\/zh-hant\/#website"},"primaryImageOfPage":{"@id":"https:\/\/hijasdejesus.org\/zh-hant\/congregada\/ma-del-mar-dominguez\/#primaryimage"},"image":{"@id":"https:\/\/hijasdejesus.org\/zh-hant\/congregada\/ma-del-mar-dominguez\/#primaryimage"},"thumbnailUrl":"https:\/\/hijasdejesus.org\/wp-content\/uploads\/2025\/04\/Ma-del-Mar-Dominguez.png","datePublished":"2025-04-10T21:11:07+00:00","dateModified":"2025-04-10T21:11:18+00:00","breadcrumb":{"@id":"https:\/\/hijasdejesus.org\/zh-hant\/congregada\/ma-del-mar-dominguez\/#breadcrumb"},"inLanguage":"zh-TW","potentialAction":[{"@type":"ReadAction","target":["https:\/\/hijasdejesus.org\/zh-hant\/congregada\/ma-del-mar-dominguez\/"]}]},{"@type":"ImageObject","inLanguage":"zh-TW","@id":"https:\/\/hijasdejesus.org\/zh-hant\/congregada\/ma-del-mar-dominguez\/#primaryimage","url":"https:\/\/hijasdejesus.org\/wp-content\/uploads\/2025\/04\/Ma-del-Mar-Dominguez.png","contentUrl":"https:\/\/hijasdejesus.org\/wp-content\/uploads\/2025\/04\/Ma-del-Mar-Dominguez.png","width":2176,"height":1224},{"@type":"BreadcrumbList","@id":"https:\/\/hijasdejesus.org\/zh-hant\/congregada\/ma-del-mar-dominguez\/#breadcrumb","itemListElement":[{"@type":"ListItem","position":1,"name":"Portada","item":"https:\/\/hijasdejesus.org\/zh-hant\/%e8%80%b6%e7%a9%8c%e7%9a%84%e5%a5%b3%e5%85%92%e5%80%91\/"},{"@type":"ListItem","position":2,"name":"Congregadas","item":"https:\/\/hijasdejesus.org\/zh-hant\/congregadas\/"},{"@type":"ListItem","position":3,"name":"M\u00aa del Mar Dom\u00ednguez"}]},{"@type":"WebSite","@id":"https:\/\/hijasdejesus.org\/zh-hant\/#website","url":"https:\/\/hijasdejesus.org\/zh-hant\/","name":"Hijas de Jes\u00fas","description":"Despertamos a Jes\u00fas en el coraz\u00f3n, sacando lo mejor de las personas. Somos una congregaci\u00f3n religiosa ignaciana fundada por la Madre Candida","publisher":{"@id":"https:\/\/hijasdejesus.org\/zh-hant\/#organization"},"potentialAction":[{"@type":"SearchAction","target":{"@type":"EntryPoint","urlTemplate":"https:\/\/hijasdejesus.org\/zh-hant\/?s={search_term_string}"},"query-input":{"@type":"PropertyValueSpecification","valueRequired":true,"valueName":"search_term_string"}}],"inLanguage":"zh-TW"},{"@type":"Organization","@id":"https:\/\/hijasdejesus.org\/zh-hant\/#organization","name":"Hijas de Jes\u00fas","url":"https:\/\/hijasdejesus.org\/zh-hant\/","logo":{"@type":"ImageObject","inLanguage":"zh-TW","@id":"https:\/\/hijasdejesus.org\/zh-hant\/#\/schema\/logo\/image\/","url":"https:\/\/hijasdejesus.org\/wp-content\/uploads\/2023\/01\/Hijas-de-Jesus_hor-A7C957.png","contentUrl":"https:\/\/hijasdejesus.org\/wp-content\/uploads\/2023\/01\/Hijas-de-Jesus_hor-A7C957.png","width":700,"height":360,"caption":"Hijas de Jes\u00fas"},"image":{"@id":"https:\/\/hijasdejesus.org\/zh-hant\/#\/schema\/logo\/image\/"},"sameAs":["https:\/\/www.facebook.com\/hijasdejesusenelmundo\/","https:\/\/x.com\/hijasdjesus"]}]}},"_links":{"self":[{"href":"https:\/\/hijasdejesus.org\/zh-hant\/wp-json\/wp\/v2\/congregada\/47205","targetHints":{"allow":["GET"]}}],"collection":[{"href":"https:\/\/hijasdejesus.org\/zh-hant\/wp-json\/wp\/v2\/congregada"}],"about":[{"href":"https:\/\/hijasdejesus.org\/zh-hant\/wp-json\/wp\/v2\/types\/congregada"}],"wp:featuredmedia":[{"embeddable":true,"href":"https:\/\/hijasdejesus.org\/zh-hant\/wp-json\/wp\/v2\/media\/47202"}],"wp:attachment":[{"href":"https:\/\/hijasdejesus.org\/zh-hant\/wp-json\/wp\/v2\/media?parent=47205"}],"wp:term":[{"taxonomy":"region_congregadas","embeddable":true,"href":"https:\/\/hijasdejesus.org\/zh-hant\/wp-json\/wp\/v2\/region_congregadas?post=47205"}],"curies":[{"name":"wp","href":"https:\/\/api.w.org\/{rel}","templated":true}]}}

Mª del Mar Domínguez

<p>María del Mar Domínguez，50 歲，出生於西班牙。他於 1993 年 9 月 24 日加入聖部，1996 年 9 月 15 日首次發誓，2005 年 9 月 10 日永久宣誓。目前，她自 2023 年 9 月 1 日起擔任 Orcasur 社區的院長和第一任省議員。此外，她還是小學的宗教教師，也是Mater Purissima-Jesuitinas 學校福傳行動團隊的成員。他是省級職業青年事工團隊 （YVM） 和擴展的 CONFER YVM 反思團隊的一員。    </p>

<p>María del Mar Domínguez，50 歲，出生於西班牙。他於 1993 年 9 月 24 日加 [&hellip;]</p>

<!-- This site is optimized with the Yoast SEO plugin v27.5 - https://yoast.com/product/yoast-seo-wordpress/ -->
<title>Mª del Mar Domínguez - Hijas de Jesús</title>
<meta name="robots" content="index, follow, max-snippet:-1, max-image-preview:large, max-video-preview:-1" />
<link rel="canonical" href="https://hijasdejesus.org/zh-hant/congregada/ma-del-mar-dominguez/" />
<meta property="og:locale" content="zh_TW" />
<meta property="og:type" content="article" />
<meta property="og:title" content="Mª del Mar Domínguez - Hijas de Jesús" />
<meta property="og:description" content="María del Mar Domínguez，50 歲，出生於西班牙。他於 1993 年 9 月 24 日加 [&hellip;]" />
<meta property="og:url" content="https://hijasdejesus.org/zh-hant/congregada/ma-del-mar-dominguez/" />
<meta property="og:site_name" content="Hijas de Jesús" />
<meta property="article:publisher" content="https://www.facebook.com/hijasdejesusenelmundo/" />
<meta property="article:modified_time" content="2025-04-10T21:11:18+00:00" />
<meta property="og:image" content="https://hijasdejesus.org/wp-content/uploads/2025/04/Ma-del-Mar-Dominguez-1024x576.png" />
	<meta property="og:image:width" content="1024" />
	<meta property="og:image:height" content="576" />
	<meta property="og:image:type" content="image/png" />
<meta name="twitter:card" content="summary_large_image" />
<meta name="twitter:site" content="@hijasdjesus" />
<script type="application/ld+json" class="yoast-schema-graph">{"@context":"https:\/\/schema.org","@graph":[{"@type":"WebPage","@id":"https:\/\/hijasdejesus.org\/zh-hant\/congregada\/ma-del-mar-dominguez\/","url":"https:\/\/hijasdejesus.org\/zh-hant\/congregada\/ma-del-mar-dominguez\/","name":"Mª del Mar Domínguez - Hijas de Jesús","isPartOf":{"@id":"https:\/\/hijasdejesus.org\/zh-hant\/#website"},"primaryImageOfPage":{"@id":"https:\/\/hijasdejesus.org\/zh-hant\/congregada\/ma-del-mar-dominguez\/#primaryimage"},"image":{"@id":"https:\/\/hijasdejesus.org\/zh-hant\/congregada\/ma-del-mar-dominguez\/#primaryimage"},"thumbnailUrl":"https:\/\/hijasdejesus.org\/wp-content\/uploads\/2025\/04\/Ma-del-Mar-Dominguez.png","datePublished":"2025-04-10T21:11:07+00:00","dateModified":"2025-04-10T21:11:18+00:00","breadcrumb":{"@id":"https:\/\/hijasdejesus.org\/zh-hant\/congregada\/ma-del-mar-dominguez\/#breadcrumb"},"inLanguage":"zh-TW","potentialAction":[{"@type":"ReadAction","target":["https:\/\/hijasdejesus.org\/zh-hant\/congregada\/ma-del-mar-dominguez\/"]}]},{"@type":"ImageObject","inLanguage":"zh-TW","@id":"https:\/\/hijasdejesus.org\/zh-hant\/congregada\/ma-del-mar-dominguez\/#primaryimage","url":"https:\/\/hijasdejesus.org\/wp-content\/uploads\/2025\/04\/Ma-del-Mar-Dominguez.png","contentUrl":"https:\/\/hijasdejesus.org\/wp-content\/uploads\/2025\/04\/Ma-del-Mar-Dominguez.png","width":2176,"height":1224},{"@type":"BreadcrumbList","@id":"https:\/\/hijasdejesus.org\/zh-hant\/congregada\/ma-del-mar-dominguez\/#breadcrumb","itemListElement":[{"@type":"ListItem","position":1,"name":"Portada","item":"https:\/\/hijasdejesus.org\/zh-hant\/%e8%80%b6%e7%a9%8c%e7%9a%84%e5%a5%b3%e5%85%92%e5%80%91\/"},{"@type":"ListItem","position":2,"name":"Congregadas","item":"https:\/\/hijasdejesus.org\/zh-hant\/congregadas\/"},{"@type":"ListItem","position":3,"name":"Mª del Mar Domínguez"}]},{"@type":"WebSite","@id":"https:\/\/hijasdejesus.org\/zh-hant\/#website","url":"https:\/\/hijasdejesus.org\/zh-hant\/","name":"Hijas de Jesús","description":"Despertamos a Jesús en el corazón, sacando lo mejor de las personas. Somos una congregación religiosa ignaciana fundada por la Madre Candida","publisher":{"@id":"https:\/\/hijasdejesus.org\/zh-hant\/#organization"},"potentialAction":[{"@type":"SearchAction","target":{"@type":"EntryPoint","urlTemplate":"https:\/\/hijasdejesus.org\/zh-hant\/?s={search_term_string}"},"query-input":{"@type":"PropertyValueSpecification","valueRequired":true,"valueName":"search_term_string"}}],"inLanguage":"zh-TW"},{"@type":"Organization","@id":"https:\/\/hijasdejesus.org\/zh-hant\/#organization","name":"Hijas de Jesús","url":"https:\/\/hijasdejesus.org\/zh-hant\/","logo":{"@type":"ImageObject","inLanguage":"zh-TW","@id":"https:\/\/hijasdejesus.org\/zh-hant\/#\/schema\/logo\/image\/","url":"https:\/\/hijasdejesus.org\/wp-content\/uploads\/2023\/01\/Hijas-de-Jesus_hor-A7C957.png","contentUrl":"https:\/\/hijasdejesus.org\/wp-content\/uploads\/2023\/01\/Hijas-de-Jesus_hor-A7C957.png","width":700,"height":360,"caption":"Hijas de Jesús"},"image":{"@id":"https:\/\/hijasdejesus.org\/zh-hant\/#\/schema\/logo\/image\/"},"sameAs":["https:\/\/www.facebook.com\/hijasdejesusenelmundo\/","https:\/\/x.com\/hijasdjesus"]}]}</script>
<!-- / Yoast SEO plugin. -->

Mª del Mar Domínguez - Hijas de Jesús

María del Mar Domínguez，50 歲，出生於西班牙。他於 1993 年 9 月 24 日加 [&hellip;]

Hijas de Jesús

Despertamos a Jesús en el corazón, sacando lo mejor de las personas. Somos una congregación religiosa ignaciana fundada por la Madre Candida
